CRAN Package Check Results for Package mixvlmc

Last updated on 2024-02-27 04:07:11 CET.

Flavor Version Tinstall Tcheck Ttotal Status Flags
r-devel-linux-x86_64-debian-clang 0.2.1 119.70 1063.38 1183.08 OK
r-devel-linux-x86_64-debian-gcc 0.2.1 89.63 777.00 866.63 OK
r-devel-linux-x86_64-fedora-clang 0.2.1 1457.80 OK
r-devel-linux-x86_64-fedora-gcc 0.2.1 1430.73 OK
r-devel-windows-x86_64 0.2.1 91.00 546.00 637.00 OK
r-patched-linux-x86_64 0.2.1 112.81 1071.66 1184.47 OK
r-release-linux-x86_64 0.2.1 112.66 1059.92 1172.58 OK
r-release-macos-arm64 0.2.1 502.00 NOTE
r-release-macos-x86_64 0.2.1 633.00 NOTE
r-release-windows-x86_64 0.2.1 116.00 751.00 867.00 OK
r-oldrel-macos-arm64 0.2.1 379.00 NOTE
r-oldrel-windows-x86_64 0.2.1 111.00 723.00 834.00 OK

Check Details

Version: 0.2.1
Check: installed package size
Result: NOTE installed size is 8.0Mb sub-directories of 1Mb or more: data 2.0Mb libs 4.4Mb Flavors: r-release-macos-arm64, r-release-macos-x86_64, r-oldrel-macos-arm64