CRAN Package Check Results for Package mize

Last updated on 2022-09-29 17:49:06 CEST.

Flavor Version Tinstall Tcheck Ttotal Status Flags
r-devel-linux-x86_64-debian-clang 0.2.4 7.39 72.22 79.61 NOTE
r-devel-linux-x86_64-debian-gcc 0.2.4 5.82 55.64 61.46 NOTE
r-devel-linux-x86_64-fedora-clang 0.2.4 115.86 NOTE
r-devel-linux-x86_64-fedora-gcc 0.2.4 102.62 NOTE
r-devel-windows-x86_64 0.2.4 31.00 103.00 134.00 NOTE
r-patched-linux-x86_64 0.2.4 7.50 68.41 75.91 NOTE
r-release-linux-x86_64 0.2.4 6.72 72.06 78.78 NOTE
r-release-macos-arm64 0.2.4 28.00 NOTE
r-release-macos-x86_64 0.2.4 41.00 NOTE
r-release-windows-x86_64 0.2.4 37.00 104.00 141.00 NOTE
r-oldrel-macos-arm64 0.2.4 32.00 NOTE
r-oldrel-macos-x86_64 0.2.4 62.00 NOTE
r-oldrel-windows-ix86+x86_64 0.2.4 13.00 100.00 113.00 NOTE

Check Details

Version: 0.2.4
Check: LazyData
Result: NOTE
     'LazyData' is specified without a 'data' directory
Flavors: r-devel-linux-x86_64-debian-clang, r-devel-linux-x86_64-debian-gcc, r-devel-linux-x86_64-fedora-clang, r-devel-linux-x86_64-fedora-gcc, r-devel-windows-x86_64, r-patched-linux-x86_64, r-release-linux-x86_64, r-release-macos-arm64, r-release-macos-x86_64, r-release-windows-x86_64, r-oldrel-macos-arm64, r-oldrel-macos-x86_64, r-oldrel-windows-ix86+x86_64