CRAN Package Check Results for Package mizer

Last updated on 2014-07-28 03:49:06.

Flavor Version Tinstall Tcheck Ttotal Status Flags
r-devel-linux-x86_64-debian-clang 0.2 2.47 513.65 516.12 OK
r-devel-linux-x86_64-debian-gcc 0.2 2.42 485.09 487.51 OK
r-devel-linux-x86_64-fedora-clang 0.2 1218.65 OK
r-devel-linux-x86_64-fedora-gcc 0.2 1113.55 OK
r-devel-osx-x86_64-clang 0.2 853.51 OK
r-devel-windows-ix86+x86_64 0.2 9.00 823.00 832.00 OK
r-patched-linux-x86_64 0.2 2.46 503.10 505.56 OK
r-patched-solaris-sparc 0.2 6585.60 OK
r-patched-solaris-x86 0.2 1510.10 OK
r-release-linux-ix86 0.2 3.07 690.96 694.03 OK
r-release-linux-x86_64 0.2 2.52 501.09 503.61 OK
r-release-osx-x86_64-mavericks 0.2 NOTE
r-release-osx-x86_64-snowleopard 0.2 OK
r-release-windows-ix86+x86_64 0.2 8.00 884.00 892.00 OK
r-oldrel-windows-ix86+x86_64 0.2 8.00 811.00 819.00 OK

Check Details

Version: 0.2
Check: re-building of vignette outputs
Result: NOTE
    Error in re-building vignettes:
     ...
    Warning in xy.coords(x, y, xlabel, ylabel, log) :
     1 y value <= 0 omitted from logarithmic plot
    Error in texi2dvi(file = file, pdf = TRUE, clean = clean, quiet = quiet, :
     Running 'texi2dvi' on 'mizer_vignette.tex' failed.
    LaTeX errors:
    ! LaTeX Error: File `authblk.sty' not found.
    
    Type X to quit or <RETURN> to proceed,
    or enter new name. (Default extension: sty)
    
    est/mizer/vignettes/mizer_vignette.tex:45: ==> Fatal error occurred, no output
     PDF file produced!
    Calls: buildVignettes -> texi2pdf -> texi2dvi
    Execution halted
Flavor: r-release-osx-x86_64-mavericks