CRAN Package Check Results for Package mizer

Last updated on 2015-04-18 21:49:09.

Flavor Version Tinstall Tcheck Ttotal Status Flags
r-devel-linux-x86_64-debian-clang 0.2 1.80 497.70 499.51 OK
r-devel-linux-x86_64-debian-gcc 0.2 1.76 475.54 477.30 OK
r-devel-linux-x86_64-fedora-clang 0.2 1013.12 OK
r-devel-linux-x86_64-fedora-gcc 0.2 935.77 OK
r-devel-osx-x86_64-clang 0.2 797.63 OK
r-patched-linux-x86_64 0.2 1.78 478.78 480.56 OK
r-patched-solaris-sparc 0.2 6933.20 OK
r-patched-solaris-x86 0.2 1340.50 OK
r-release-linux-x86_64 0.2 1.86 514.90 516.76 OK
r-release-osx-x86_64-mavericks 0.2 OK
r-release-osx-x86_64-snowleopard 0.2 ERROR
r-release-windows-ix86+x86_64 0.2 5.00 43.00 48.00 OK --no-vignettes
r-oldrel-windows-ix86+x86_64 0.2 12.00 66.00 78.00 OK --no-vignettes

Check Details

Version: 0.2
Check: package dependencies
Result: ERROR
    Package required but not available: ‘ggplot2’
    
    See section ‘The DESCRIPTION file’ in the ‘Writing R Extensions’
    manual.
Flavor: r-release-osx-x86_64-snowleopard