CRAN Package Check Results for Package mizer

Last updated on 2018-05-22 12:49:23 CEST.

Flavor Version Tinstall Tcheck Ttotal Status Flags
r-devel-linux-x86_64-debian-clang 1.0 18.13 215.40 233.53 OK
r-devel-linux-x86_64-debian-gcc 1.0 14.10 165.51 179.61 OK
r-devel-linux-x86_64-fedora-clang 1.0 281.76 NOTE
r-devel-linux-x86_64-fedora-gcc 1.0 278.45 NOTE
r-devel-windows-ix86+x86_64 1.0 32.00 195.00 227.00 OK --no-vignettes
r-patched-linux-x86_64 1.0 19.12 219.76 238.88 OK
r-patched-solaris-x86 1.0 530.10 ERROR
r-release-linux-x86_64 1.0 16.82 233.15 249.97 OK
r-release-windows-ix86+x86_64 1.0 36.00 147.00 183.00 OK --no-vignettes
r-release-osx-x86_64 1.0 ERROR
r-oldrel-windows-ix86+x86_64 1.0 41.00 158.00 199.00 OK --no-vignettes
r-oldrel-osx-x86_64 0.4 OK

Additional issues

noLD

Check Details

Version: 1.0
Check: dependencies in R code
Result: NOTE
    Namespaces in Imports field not imported from:
     ‘deSolve’ ‘progress’
     All declared Imports should be used.
Flavors: r-devel-linux-x86_64-fedora-clang, r-devel-linux-x86_64-fedora-gcc, r-patched-solaris-x86, r-release-osx-x86_64

Version: 1.0
Check: tests
Result: ERROR
     Running ‘testthat.R’ [38s/45s]
    Running the tests in ‘tests/testthat.R’ failed.
    Complete output:
     > library(testthat)
     > library(mizer)
     >
     > test_check("mizer")
     ── 1. Failure: retune_abundance reproduces scaling model (@test-wrapper_function
     max(abs(initial_n - pr@initial_n)) is not strictly less than 2e-11. Difference: 2.21e-11
    
     ══ testthat results ═══════════════════════════════════════════════════════════
     OK: 508 SKIPPED: 1 FAILED: 1
     1. Failure: retune_abundance reproduces scaling model (@test-wrapper_functions.R#17)
    
     Error: testthat unit tests failed
     Execution halted
Flavor: r-patched-solaris-x86

Version: 1.0
Check: tests
Result: ERROR
     Running ‘testthat.R’ [16s/16s]
    Running the tests in ‘tests/testthat.R’ failed.
    Complete output:
     > library(testthat)
     > library(mizer)
     >
     > test_check("mizer")
     ── 1. Failure: retune_abundance reproduces scaling model (@test-wrapper_function
     max(abs(initial_n - pr@initial_n)) is not strictly less than 2e-11. Difference: 1.09e-11
    
     ══ testthat results ═══════════════════════════════════════════════════════════
     OK: 508 SKIPPED: 1 FAILED: 1
     1. Failure: retune_abundance reproduces scaling model (@test-wrapper_functions.R#17)
    
     Error: testthat unit tests failed
     Execution halted
Flavor: r-release-osx-x86_64