CRAN Package Check Results for Package mizer

Last updated on 2014-09-03 08:53:33.

Flavor Version Tinstall Tcheck Ttotal Status Flags
r-devel-linux-x86_64-debian-clang 0.2 2.44 497.12 499.56 OK
r-devel-linux-x86_64-debian-gcc 0.2 2.36 476.37 478.73 OK
r-devel-linux-x86_64-fedora-clang 0.2 1158.72 OK
r-devel-linux-x86_64-fedora-gcc 0.2 1077.01 OK
r-devel-osx-x86_64-clang 0.2 829.09 OK
r-devel-windows-ix86+x86_64 0.2 8.00 871.00 879.00 OK
r-patched-linux-x86_64 0.2 2.46 504.18 506.64 OK
r-patched-solaris-sparc 0.2 7084.50 OK
r-patched-solaris-x86 0.2 1514.70 OK
r-release-linux-ix86 0.2 3.06 715.70 718.76 OK
r-release-linux-x86_64 0.2 2.85 543.73 546.58 OK
r-release-osx-x86_64-mavericks 0.2 NOTE
r-release-osx-x86_64-snowleopard 0.2 OK
r-release-windows-ix86+x86_64 0.2 7.00 859.00 866.00 OK
r-oldrel-windows-ix86+x86_64 0.2 10.00 803.00 813.00 OK

Check Details

Version: 0.2
Check: re-building of vignette outputs
Result: NOTE
    Error in re-building vignettes:
     ...
    Warning in xy.coords(x, y, xlabel, ylabel, log) :
     1 y value <= 0 omitted from logarithmic plot
    Error in texi2dvi(file = file, pdf = TRUE, clean = clean, quiet = quiet, :
     Running 'texi2dvi' on 'mizer_vignette.tex' failed.
    LaTeX errors:
    ! LaTeX Error: File `authblk.sty' not found.
    
    Type X to quit or <RETURN> to proceed,
    or enter new name. (Default extension: sty)
    
    est/mizer/vignettes/mizer_vignette.tex:45: ==> Fatal error occurred, no output
     PDF file produced!
    Calls: buildVignettes -> texi2pdf -> texi2dvi
    Execution halted
Flavor: r-release-osx-x86_64-mavericks