CRAN Package Check Results for Package mizer

Last updated on 2014-08-29 09:48:01.

Flavor Version Tinstall Tcheck Ttotal Status Flags
r-devel-linux-x86_64-debian-clang 0.2 2.42 538.00 540.42 OK
r-devel-linux-x86_64-debian-gcc 0.2 2.32 469.39 471.71 OK
r-devel-linux-x86_64-fedora-clang 0.2 1148.60 OK
r-devel-linux-x86_64-fedora-gcc 0.2 1085.53 OK
r-devel-osx-x86_64-clang 0.2 826.28 OK
r-devel-windows-ix86+x86_64 0.2 9.00 865.00 874.00 OK
r-patched-linux-x86_64 0.2 2.44 521.24 523.68 OK
r-patched-solaris-sparc 0.2 7084.50 OK
r-patched-solaris-x86 0.2 1524.50 OK
r-release-linux-ix86 0.2 3.06 705.76 708.82 OK
r-release-linux-x86_64 0.2 2.46 519.13 521.59 OK
r-release-osx-x86_64-mavericks 0.2 NOTE
r-release-osx-x86_64-snowleopard 0.2 OK
r-release-windows-ix86+x86_64 0.2 7.00 898.00 905.00 OK
r-oldrel-windows-ix86+x86_64 0.2 9.00 797.00 806.00 OK

Check Details

Version: 0.2
Check: re-building of vignette outputs
Result: NOTE
    Error in re-building vignettes:
     ...
    Warning in xy.coords(x, y, xlabel, ylabel, log) :
     1 y value <= 0 omitted from logarithmic plot
    Error in texi2dvi(file = file, pdf = TRUE, clean = clean, quiet = quiet, :
     Running 'texi2dvi' on 'mizer_vignette.tex' failed.
    LaTeX errors:
    ! LaTeX Error: File `authblk.sty' not found.
    
    Type X to quit or <RETURN> to proceed,
    or enter new name. (Default extension: sty)
    
    est/mizer/vignettes/mizer_vignette.tex:45: ==> Fatal error occurred, no output
     PDF file produced!
    Calls: buildVignettes -> texi2pdf -> texi2dvi
    Execution halted
Flavor: r-release-osx-x86_64-mavericks