CRAN Package Check Results for Package mizer

Last updated on 2014-04-20 11:46:57.

Flavor Version Tinstall Tcheck Ttotal Status Flags
r-devel-linux-x86_64-debian-clang 0.2 2.76 534.93 537.69 OK
r-devel-linux-x86_64-debian-gcc 0.2 2.65 517.79 520.44 OK
r-devel-linux-x86_64-fedora-clang 0.2 1190.86 OK
r-devel-linux-x86_64-fedora-gcc 0.2 1111.27 OK
r-devel-macosx-x86_64-clang 0.2 796.51 OK
r-devel-macosx-x86_64-gcc 0.2 ERROR
r-devel-windows-ix86+x86_64 0.2 8.00 890.00 898.00 OK
r-patched-linux-x86_64 0.2 2.63 516.28 518.91 OK
r-patched-solaris-sparc 0.2 6585.60 OK
r-patched-solaris-x86 0.2 1530.60 OK
r-release-linux-ix86 OK
r-release-linux-x86_64 0.2 2.63 521.84 524.47 OK
r-release-macosx-x86_64 0.2 OK
r-release-windows-ix86+x86_64 0.2 12.00 898.00 910.00 OK
r-oldrel-windows-ix86+x86_64 0.2 10.00 791.00 801.00 OK

Check Details

Version: 0.2
Check: package dependencies
Result: ERROR
    Package required but not available: ‘ggplot2’
    
    See the information on DESCRIPTION files in the chapter ‘Creating R
    packages’ of the ‘Writing R Extensions’ manual.
Flavor: r-devel-macosx-x86_64-gcc