CRAN Package Check Results for Package mizer

Last updated on 2017-12-16 07:47:29 CET.

Flavor Version Tinstall Tcheck Ttotal Status Flags
r-devel-linux-x86_64-debian-clang 0.4 13.24 157.45 170.69 OK
r-devel-linux-x86_64-debian-gcc 0.4 9.92 123.26 133.18 OK
r-devel-linux-x86_64-fedora-clang 0.4 198.84 OK
r-devel-linux-x86_64-fedora-gcc 0.4 189.49 OK
r-devel-windows-ix86+x86_64 0.4 39.00 114.00 153.00 OK --no-vignettes
r-patched-linux-x86_64 0.4 12.26 167.57 179.83 OK
r-patched-solaris-x86 0.4 214.40 OK
r-release-linux-x86_64 0.2 2.70 471.21 473.91 NOTE
r-release-windows-ix86+x86_64 0.2 5.00 206.00 211.00 NOTE --no-vignettes
r-release-osx-x86_64 0.4 OK
r-oldrel-windows-ix86+x86_64 0.2 10.00 91.00 101.00 NOTE --no-vignettes
r-oldrel-osx-x86_64 0.4 OK

Check Details

Version: 0.2
Check: R code for possible problems
Result: NOTE
    getFMort,MizerSim-missing: warning in get_time_elements(object,
     time_range, slot = "effort"): partial argument match of ‘slot’ to
     ‘slot_name’
    getFMortGear,MizerSim-missing: warning in get_time_elements(object,
     time_range, slot = "effort"): partial argument match of ‘slot’ to
     ‘slot_name’
    plotFMort,MizerSim: warning in scale_y_continuous(name = "Total fishing
     mortality", lim = c(0, max(plot_dat$value))): partial argument match
     of ‘lim’ to ‘limits’
    plotFeedingLevel,MizerSim: warning in scale_y_continuous(name =
     "Feeding Level", lim = c(0, 1)): partial argument match of ‘lim’ to
     ‘limits’
    plotM2,MizerSim: warning in scale_y_continuous(name = "M2", lim = c(0,
     max(plot_dat$value))): partial argument match of ‘lim’ to ‘limits’
    MizerParams,data.frame-matrix: no visible global function definition
     for ‘combn’
    getCommunitySlope,MizerSim : <anonymous>: no visible global function
     definition for ‘lm’
    plotBiomass,MizerSim: no visible binding for global variable ‘time’
    plotBiomass,MizerSim: no visible binding for global variable ‘value’
    plotBiomass,MizerSim: no visible binding for global variable ‘Species’
    plotFMort,MizerSim: no visible binding for global variable ‘w’
    plotFMort,MizerSim: no visible binding for global variable ‘value’
    plotFMort,MizerSim: no visible binding for global variable ‘Species’
    plotFeedingLevel,MizerSim: no visible binding for global variable ‘w’
    plotFeedingLevel,MizerSim: no visible binding for global variable
     ‘value’
    plotFeedingLevel,MizerSim: no visible binding for global variable
     ‘Species’
    plotM2,MizerSim: no visible binding for global variable ‘w’
    plotM2,MizerSim: no visible binding for global variable ‘value’
    plotM2,MizerSim: no visible binding for global variable ‘Species’
    plotSpectra,MizerSim: no visible binding for global variable ‘w’
    plotSpectra,MizerSim: no visible binding for global variable ‘value’
    plotSpectra,MizerSim: no visible binding for global variable ‘Species’
    plotYield,MizerSim: no visible binding for global variable ‘time’
    plotYield,MizerSim: no visible binding for global variable ‘value’
    plotYield,MizerSim: no visible binding for global variable ‘Species’
    plotYieldGear,MizerSim: no visible binding for global variable ‘time’
    plotYieldGear,MizerSim: no visible binding for global variable ‘value’
    plotYieldGear,MizerSim: no visible binding for global variable
     ‘Species’
    plotYieldGear,MizerSim: no visible binding for global variable ‘gear’
    Undefined global functions or variables:
     Species combn gear lm time value w
    Consider adding
     importFrom("stats", "lm", "time")
     importFrom("utils", "combn")
    to your NAMESPACE file.
Flavor: r-release-linux-x86_64

Version: 0.2
Flags: --no-vignettes
Check: R code for possible problems
Result: NOTE
    getFMort,MizerSim-missing: warning in get_time_elements(object,
     time_range, slot = "effort"): partial argument match of 'slot' to
     'slot_name'
    getFMortGear,MizerSim-missing: warning in get_time_elements(object,
     time_range, slot = "effort"): partial argument match of 'slot' to
     'slot_name'
    plotFMort,MizerSim: warning in scale_y_continuous(name = "Total fishing
     mortality", lim = c(0, max(plot_dat$value))): partial argument match
     of 'lim' to 'limits'
    plotFeedingLevel,MizerSim: warning in scale_y_continuous(name =
     "Feeding Level", lim = c(0, 1)): partial argument match of 'lim' to
     'limits'
    plotM2,MizerSim: warning in scale_y_continuous(name = "M2", lim = c(0,
     max(plot_dat$value))): partial argument match of 'lim' to 'limits'
    MizerParams,data.frame-matrix: no visible global function definition
     for 'combn'
    getCommunitySlope,MizerSim : <anonymous>: no visible global function
     definition for 'lm'
    plotBiomass,MizerSim: no visible binding for global variable 'time'
    plotBiomass,MizerSim: no visible binding for global variable 'value'
    plotBiomass,MizerSim: no visible binding for global variable 'Species'
    plotFMort,MizerSim: no visible binding for global variable 'w'
    plotFMort,MizerSim: no visible binding for global variable 'value'
    plotFMort,MizerSim: no visible binding for global variable 'Species'
    plotFeedingLevel,MizerSim: no visible binding for global variable 'w'
    plotFeedingLevel,MizerSim: no visible binding for global variable
     'value'
    plotFeedingLevel,MizerSim: no visible binding for global variable
     'Species'
    plotM2,MizerSim: no visible binding for global variable 'w'
    plotM2,MizerSim: no visible binding for global variable 'value'
    plotM2,MizerSim: no visible binding for global variable 'Species'
    plotSpectra,MizerSim: no visible binding for global variable 'w'
    plotSpectra,MizerSim: no visible binding for global variable 'value'
    plotSpectra,MizerSim: no visible binding for global variable 'Species'
    plotYield,MizerSim: no visible binding for global variable 'time'
    plotYield,MizerSim: no visible binding for global variable 'value'
    plotYield,MizerSim: no visible binding for global variable 'Species'
    plotYieldGear,MizerSim: no visible binding for global variable 'time'
    plotYieldGear,MizerSim: no visible binding for global variable 'value'
    plotYieldGear,MizerSim: no visible binding for global variable
     'Species'
    plotYieldGear,MizerSim: no visible binding for global variable 'gear'
    Undefined global functions or variables:
     Species combn gear lm time value w
    Consider adding
     importFrom("stats", "lm", "time")
     importFrom("utils", "combn")
    to your NAMESPACE file.
Flavors: r-release-windows-ix86+x86_64, r-oldrel-windows-ix86+x86_64