CRAN Package Check Results for Package mizer

Last updated on 2015-08-04 23:48:19.

Flavor Version Tinstall Tcheck Ttotal Status Flags
r-devel-linux-x86_64-debian-clang 0.2 1.83 456.32 458.15 NOTE
r-devel-linux-x86_64-debian-gcc 0.2 1.90 451.64 453.54 NOTE
r-devel-linux-x86_64-fedora-clang 0.2 928.47 NOTE
r-devel-linux-x86_64-fedora-gcc 0.2 833.84 NOTE
r-devel-osx-x86_64-clang 0.2 741.10 NOTE
r-devel-windows-ix86+x86_64 0.2 13.00 62.00 75.00 NOTE --no-vignettes
r-patched-linux-x86_64 0.2 1.80 468.82 470.62 NOTE
r-patched-solaris-sparc 0.2 6666.80 NOTE
r-patched-solaris-x86 0.2 1338.30 NOTE
r-release-linux-x86_64 0.2 1.76 474.24 476.00 NOTE
r-release-osx-x86_64-mavericks 0.2 OK
r-release-windows-ix86+x86_64 0.2 11.00 49.00 60.00 NOTE --no-vignettes
r-oldrel-windows-ix86+x86_64 0.2 15.00 69.00 84.00 NOTE --no-vignettes

Check Details

Version: 0.2
Check: R code for possible problems
Result: NOTE
    getFMort,MizerSim-missing: warning in get_time_elements(object,
     time_range, slot = "effort"): partial argument match of ‘slot’ to
     ‘slot_name’
    getFMortGear,MizerSim-missing: warning in get_time_elements(object,
     time_range, slot = "effort"): partial argument match of ‘slot’ to
     ‘slot_name’
    MizerParams,data.frame-matrix: no visible global function definition
     for ‘combn’
    getCommunitySlope,MizerSim : <anonymous>: no visible global function
     definition for ‘lm’
    plotBiomass,MizerSim: no visible binding for global variable ‘time’
    plotBiomass,MizerSim: no visible binding for global variable ‘value’
    plotBiomass,MizerSim: no visible binding for global variable ‘Species’
    plotFMort,MizerSim: no visible binding for global variable ‘w’
    plotFMort,MizerSim: no visible binding for global variable ‘value’
    plotFMort,MizerSim: no visible binding for global variable ‘Species’
    plotFeedingLevel,MizerSim: no visible binding for global variable ‘w’
    plotFeedingLevel,MizerSim: no visible binding for global variable
     ‘value’
    plotFeedingLevel,MizerSim: no visible binding for global variable
     ‘Species’
    plotM2,MizerSim: no visible binding for global variable ‘w’
    plotM2,MizerSim: no visible binding for global variable ‘value’
    plotM2,MizerSim: no visible binding for global variable ‘Species’
    plotSpectra,MizerSim: no visible binding for global variable ‘w’
    plotSpectra,MizerSim: no visible binding for global variable ‘value’
    plotSpectra,MizerSim: no visible binding for global variable ‘Species’
    plotYield,MizerSim: no visible binding for global variable ‘time’
    plotYield,MizerSim: no visible binding for global variable ‘value’
    plotYield,MizerSim: no visible binding for global variable ‘Species’
    plotYieldGear,MizerSim: no visible binding for global variable ‘time’
    plotYieldGear,MizerSim: no visible binding for global variable ‘value’
    plotYieldGear,MizerSim: no visible binding for global variable
     ‘Species’
    plotYieldGear,MizerSim: no visible binding for global variable ‘gear’
    Undefined global functions or variables:
     Species combn gear lm time value w
    Consider adding
     importFrom("stats", "lm", "time")
     importFrom("utils", "combn")
    to your NAMESPACE.
Flavors: r-devel-linux-x86_64-debian-clang, r-devel-linux-x86_64-debian-gcc, r-devel-linux-x86_64-fedora-clang, r-devel-linux-x86_64-fedora-gcc

Version: 0.2
Check: R code for possible problems
Result: NOTE
    getFMort,MizerSim-missing: warning in get_time_elements(object,
     time_range, slot = "effort"): partial argument match of 'slot' to
     'slot_name'
    getFMortGear,MizerSim-missing: warning in get_time_elements(object,
     time_range, slot = "effort"): partial argument match of 'slot' to
     'slot_name'
    plotBiomass,MizerSim: no visible binding for global variable ‘value’
    plotBiomass,MizerSim: no visible binding for global variable ‘Species’
    plotFMort,MizerSim: no visible binding for global variable ‘w’
    plotFMort,MizerSim: no visible binding for global variable ‘value’
    plotFMort,MizerSim: no visible binding for global variable ‘Species’
    plotFeedingLevel,MizerSim: no visible binding for global variable ‘w’
    plotFeedingLevel,MizerSim: no visible binding for global variable
     ‘value’
    plotFeedingLevel,MizerSim: no visible binding for global variable
     ‘Species’
    plotM2,MizerSim: no visible binding for global variable ‘w’
    plotM2,MizerSim: no visible binding for global variable ‘value’
    plotM2,MizerSim: no visible binding for global variable ‘Species’
    plotSpectra,MizerSim: no visible binding for global variable ‘w’
    plotSpectra,MizerSim: no visible binding for global variable ‘value’
    plotSpectra,MizerSim: no visible binding for global variable ‘Species’
    plotYield,MizerSim: no visible binding for global variable ‘value’
    plotYield,MizerSim: no visible binding for global variable ‘Species’
    plotYieldGear,MizerSim: no visible binding for global variable ‘value’
    plotYieldGear,MizerSim: no visible binding for global variable
     ‘Species’
    plotYieldGear,MizerSim: no visible binding for global variable ‘gear’
    Undefined global functions or variables:
     Species gear value w
Flavor: r-devel-osx-x86_64-clang

Version: 0.2
Flags: --no-vignettes
Check: R code for possible problems
Result: NOTE
    getFMort,MizerSim-missing: warning in get_time_elements(object,
     time_range, slot = "effort"): partial argument match of 'slot' to
     'slot_name'
    getFMortGear,MizerSim-missing: warning in get_time_elements(object,
     time_range, slot = "effort"): partial argument match of 'slot' to
     'slot_name'
    MizerParams,data.frame-matrix: no visible global function definition
     for 'combn'
    getCommunitySlope,MizerSim : <anonymous>: no visible global function
     definition for 'lm'
    plotBiomass,MizerSim: no visible binding for global variable 'time'
    plotBiomass,MizerSim: no visible binding for global variable 'value'
    plotBiomass,MizerSim: no visible binding for global variable 'Species'
    plotFMort,MizerSim: no visible binding for global variable 'w'
    plotFMort,MizerSim: no visible binding for global variable 'value'
    plotFMort,MizerSim: no visible binding for global variable 'Species'
    plotFeedingLevel,MizerSim: no visible binding for global variable 'w'
    plotFeedingLevel,MizerSim: no visible binding for global variable
     'value'
    plotFeedingLevel,MizerSim: no visible binding for global variable
     'Species'
    plotM2,MizerSim: no visible binding for global variable 'w'
    plotM2,MizerSim: no visible binding for global variable 'value'
    plotM2,MizerSim: no visible binding for global variable 'Species'
    plotSpectra,MizerSim: no visible binding for global variable 'w'
    plotSpectra,MizerSim: no visible binding for global variable 'value'
    plotSpectra,MizerSim: no visible binding for global variable 'Species'
    plotYield,MizerSim: no visible binding for global variable 'time'
    plotYield,MizerSim: no visible binding for global variable 'value'
    plotYield,MizerSim: no visible binding for global variable 'Species'
    plotYieldGear,MizerSim: no visible binding for global variable 'time'
    plotYieldGear,MizerSim: no visible binding for global variable 'value'
    plotYieldGear,MizerSim: no visible binding for global variable
     'Species'
    plotYieldGear,MizerSim: no visible binding for global variable 'gear'
    Undefined global functions or variables:
     Species combn gear lm time value w
    Consider adding
     importFrom("stats", "lm", "time")
     importFrom("utils", "combn")
    to your NAMESPACE.
Flavor: r-devel-windows-ix86+x86_64

Version: 0.2
Check: R code for possible problems
Result: NOTE
    getFMort,MizerSim-missing : .local: warning in
     get_time_elements(object, time_range, slot = "effort"): partial
     argument match of ‘slot’ to ‘slot_name’
    getFMortGear,MizerSim-missing : .local: warning in
     get_time_elements(object, time_range, slot = "effort"): partial
     argument match of ‘slot’ to ‘slot_name’
    plotBiomass,MizerSim : .local: no visible binding for global variable
     ‘value’
    plotBiomass,MizerSim : .local: no visible binding for global variable
     ‘Species’
    plotFMort,MizerSim : .local: no visible binding for global variable ‘w’
    plotFMort,MizerSim : .local: no visible binding for global variable
     ‘value’
    plotFMort,MizerSim : .local: no visible binding for global variable
     ‘Species’
    plotFeedingLevel,MizerSim : .local: no visible binding for global
     variable ‘w’
    plotFeedingLevel,MizerSim : .local: no visible binding for global
     variable ‘value’
    plotFeedingLevel,MizerSim : .local: no visible binding for global
     variable ‘Species’
    plotM2,MizerSim : .local: no visible binding for global variable ‘w’
    plotM2,MizerSim : .local: no visible binding for global variable
     ‘value’
    plotM2,MizerSim : .local: no visible binding for global variable
     ‘Species’
    plotSpectra,MizerSim : .local: no visible binding for global variable
     ‘w’
    plotSpectra,MizerSim : .local: no visible binding for global variable
     ‘value’
    plotSpectra,MizerSim : .local: no visible binding for global variable
     ‘Species’
    plotYield,MizerSim : .local: no visible binding for global variable
     ‘value’
    plotYield,MizerSim : .local: no visible binding for global variable
     ‘Species’
    plotYieldGear,MizerSim : .local: no visible binding for global variable
     ‘value’
    plotYieldGear,MizerSim : .local: no visible binding for global variable
     ‘Species’
    plotYieldGear,MizerSim : .local: no visible binding for global variable
     ‘gear’
Flavors: r-patched-linux-x86_64, r-patched-solaris-sparc, r-patched-solaris-x86, r-release-linux-x86_64

Version: 0.2
Flags: --no-vignettes
Check: R code for possible problems
Result: NOTE
    getFMort,MizerSim-missing : .local: warning in
     get_time_elements(object, time_range, slot = "effort"): partial
     argument match of 'slot' to 'slot_name'
    getFMortGear,MizerSim-missing : .local: warning in
     get_time_elements(object, time_range, slot = "effort"): partial
     argument match of 'slot' to 'slot_name'
    plotBiomass,MizerSim : .local: no visible binding for global variable
     'value'
    plotBiomass,MizerSim : .local: no visible binding for global variable
     'Species'
    plotFMort,MizerSim : .local: no visible binding for global variable 'w'
    plotFMort,MizerSim : .local: no visible binding for global variable
     'value'
    plotFMort,MizerSim : .local: no visible binding for global variable
     'Species'
    plotFeedingLevel,MizerSim : .local: no visible binding for global
     variable 'w'
    plotFeedingLevel,MizerSim : .local: no visible binding for global
     variable 'value'
    plotFeedingLevel,MizerSim : .local: no visible binding for global
     variable 'Species'
    plotM2,MizerSim : .local: no visible binding for global variable 'w'
    plotM2,MizerSim : .local: no visible binding for global variable
     'value'
    plotM2,MizerSim : .local: no visible binding for global variable
     'Species'
    plotSpectra,MizerSim : .local: no visible binding for global variable
     'w'
    plotSpectra,MizerSim : .local: no visible binding for global variable
     'value'
    plotSpectra,MizerSim : .local: no visible binding for global variable
     'Species'
    plotYield,MizerSim : .local: no visible binding for global variable
     'value'
    plotYield,MizerSim : .local: no visible binding for global variable
     'Species'
    plotYieldGear,MizerSim : .local: no visible binding for global variable
     'value'
    plotYieldGear,MizerSim : .local: no visible binding for global variable
     'Species'
    plotYieldGear,MizerSim : .local: no visible binding for global variable
     'gear'
Flavors: r-release-windows-ix86+x86_64, r-oldrel-windows-ix86+x86_64