CRAN Package Check Results for Package mizer

Last updated on 2015-05-28 00:47:04.

Flavor Version Tinstall Tcheck Ttotal Status Flags
r-devel-linux-x86_64-debian-clang 0.2 1.83 504.06 505.89 OK
r-devel-linux-x86_64-debian-gcc 0.2 1.81 471.47 473.28 OK
r-devel-linux-x86_64-fedora-clang 0.2 1031.35 OK
r-devel-linux-x86_64-fedora-gcc 0.2 895.02 OK
r-devel-osx-x86_64-clang 0.2 823.72 OK
r-devel-windows-ix86+x86_64 0.2 6.00 38.00 44.00 OK --no-vignettes
r-patched-linux-x86_64 0.2 1.79 511.22 513.01 OK
r-patched-solaris-sparc 0.2 6656.50 OK
r-patched-solaris-x86 0.2 1390.40 OK
r-release-linux-x86_64 0.2 1.74 540.94 542.67 OK
r-release-osx-x86_64-mavericks 0.2 OK
r-release-osx-x86_64-snowleopard 0.2 ERROR
r-release-windows-ix86+x86_64 0.2 7.00 68.00 75.00 OK --no-vignettes
r-oldrel-windows-ix86+x86_64 0.2 11.00 87.00 98.00 OK --no-vignettes

Check Details

Version: 0.2
Check: package dependencies
Result: ERROR
    Package required but not available: ‘ggplot2’
    
    See section ‘The DESCRIPTION file’ in the ‘Writing R Extensions’
    manual.
Flavor: r-release-osx-x86_64-snowleopard