CRAN Package Check Results for Package mizer

Last updated on 2014-11-25 23:46:50.

Flavor Version Tinstall Tcheck Ttotal Status Flags
r-devel-linux-x86_64-debian-clang 0.2 2.48 514.69 517.18 OK
r-devel-linux-x86_64-debian-gcc 0.2 2.27 471.75 474.02 OK
r-devel-linux-x86_64-fedora-clang 0.2 1082.42 OK
r-devel-linux-x86_64-fedora-gcc 0.2 1008.93 OK
r-devel-osx-x86_64-clang 0.2 833.89 OK
r-devel-windows-ix86+x86_64 0.2 8.00 800.00 808.00 OK
r-patched-linux-x86_64 0.2 2.45 504.34 506.79 OK
r-patched-solaris-sparc 0.2 7084.50 OK
r-patched-solaris-x86 0.2 1521.80 OK
r-release-linux-ix86 0.2 2.99 693.05 696.04 OK
r-release-linux-x86_64 0.2 2.55 542.25 544.80 OK
r-release-osx-x86_64-mavericks 0.2 NOTE
r-release-osx-x86_64-snowleopard 0.2 OK
r-release-windows-ix86+x86_64 0.2 8.00 861.00 869.00 OK
r-oldrel-windows-ix86+x86_64 0.2 10.00 785.00 795.00 OK

Check Details

Version: 0.2
Check: re-building of vignette outputs
Result: NOTE
    Error in re-building vignettes:
     ...
    Warning in xy.coords(x, y, xlabel, ylabel, log) :
     1 y value <= 0 omitted from logarithmic plot
    Error in texi2dvi(file = file, pdf = TRUE, clean = clean, quiet = quiet, :
     Running 'texi2dvi' on 'mizer_vignette.tex' failed.
    LaTeX errors:
    ! LaTeX Error: File `authblk.sty' not found.
    
    Type X to quit or <RETURN> to proceed,
    or enter new name. (Default extension: sty)
    
    est/mizer/vignettes/mizer_vignette.tex:45: ==> Fatal error occurred, no output
     PDF file produced!
    Calls: buildVignettes -> texi2pdf -> texi2dvi
    Execution halted
Flavor: r-release-osx-x86_64-mavericks