CRAN Package Check Results for Package mkin

Last updated on 2015-01-26 10:47:11.

Flavor Version Tinstall Tcheck Ttotal Status Flags
r-devel-linux-x86_64-debian-clang 0.9-34 1.08 239.54 240.62 OK
r-devel-linux-x86_64-debian-gcc 0.9-34 1.08 211.89 212.97 OK
r-devel-linux-x86_64-fedora-clang 0.9-34 469.42 NOTE
r-devel-linux-x86_64-fedora-gcc 0.9-34 426.14 NOTE
r-devel-osx-x86_64-clang 0.9-34 404.07 NOTE
r-devel-windows-ix86+x86_64 0.9-34 6.00 381.00 387.00 OK
r-patched-linux-x86_64 0.9-34 1.41 251.91 253.32 OK
r-patched-solaris-sparc 0.9-34 2772.40 OK
r-patched-solaris-x86 0.9-34 539.90 OK
r-release-linux-ix86 0.9-34 1.94 275.69 277.63 OK
r-release-linux-x86_64 0.9-34 1.61 257.99 259.60 OK
r-release-osx-x86_64-mavericks 0.9-34 OK
r-release-osx-x86_64-snowleopard 0.9-34 OK
r-release-windows-ix86+x86_64 0.9-34 7.00 390.00 397.00 OK
r-oldrel-windows-ix86+x86_64 0.9-34 10.00 607.00 617.00 OK

Check Details

Version: 0.9-34
Check: S3 generic/method consistency
Result: NOTE
    Found the following apparent S3 methods exported but not registered:
     print.summary.mkinfit summary.mkinfit plot.mkinfit
    See section ‘Registering S3 methods’ in the ‘Writing R Extensions’
    manual.
Flavors: r-devel-linux-x86_64-fedora-clang, r-devel-linux-x86_64-fedora-gcc, r-devel-osx-x86_64-clang