CRAN Package Check Results for Package mkin

Last updated on 2017-01-17 19:49:53.

Flavor Version Tinstall Tcheck Ttotal Status Flags
r-devel-linux-x86_64-debian-clang 0.9.45 1.96 289.11 291.07 OK
r-devel-linux-x86_64-debian-gcc 0.9.45 1.99 281.63 283.62 OK
r-devel-linux-x86_64-fedora-clang 0.9.45 533.90 OK --no-stop-on-test-error
r-devel-linux-x86_64-fedora-gcc 0.9.45 545.01 OK --no-stop-on-test-error
r-devel-macos-x86_64-clang 0.9.45 425.94 OK --no-stop-on-test-error
r-devel-windows-ix86+x86_64 0.9.45 13.00 721.00 734.00 OK
r-patched-linux-x86_64 0.9.45 1.66 270.92 272.59 OK
r-patched-solaris-sparc 0.9.45 1275.90 WARN
r-patched-solaris-x86 0.9.45 231.10 WARN
r-release-linux-x86_64 0.9.45 1.80 279.18 280.98 OK
r-release-osx-x86_64-mavericks 0.9.45 OK
r-release-windows-ix86+x86_64 0.9.45 7.00 728.00 735.00 OK
r-oldrel-windows-ix86+x86_64 0.9.45 8.00 453.00 461.00 OK

Check Details

Version: 0.9.45
Check: package dependencies
Result: NOTE
    Package suggested but not available for checking: ‘microbenchmark’
Flavors: r-patched-solaris-sparc, r-patched-solaris-x86

Version: 0.9.45
Check: installed package size
Result: NOTE
     installed size is 5.0Mb
     sub-directories of 1Mb or more:
     doc 4.7Mb
Flavors: r-patched-solaris-sparc, r-patched-solaris-x86

Version: 0.9.45
Check: re-building of vignette outputs
Result: WARN
    Error in re-building vignettes:
     ...
    Warning in engine$weave(file, quiet = quiet, encoding = enc) :
     Pandoc (>= 1.12.3) and/or pandoc-citeproc not available. Falling back to R Markdown v1.
    Warning in engine$weave(file, quiet = quiet, encoding = enc) :
     Pandoc (>= 1.12.3) and/or pandoc-citeproc not available. Falling back to R Markdown v1.
    Warning in engine$weave(file, quiet = quiet, encoding = enc) :
     Pandoc (>= 1.12.3) and/or pandoc-citeproc not available. Falling back to R Markdown v1.
    Quitting from lines 48-63 (compiled_models.Rmd)
    Error: processing vignette 'compiled_models.Rmd' failed with diagnostics:
    there is no package called 'microbenchmark'
    Execution halted
Flavors: r-patched-solaris-sparc, r-patched-solaris-x86