CRAN Package Check Results for Package mkin

Last updated on 2017-02-26 23:48:26.

Flavor Version Tinstall Tcheck Ttotal Status Flags
r-devel-linux-x86_64-debian-clang 0.9.45 1.92 291.73 293.65 OK
r-devel-linux-x86_64-debian-gcc 0.9.45 1.82 277.32 279.14 OK
r-devel-linux-x86_64-fedora-clang 0.9.45 590.81 OK --no-stop-on-test-error
r-devel-linux-x86_64-fedora-gcc 0.9.45 534.36 OK --no-stop-on-test-error
r-devel-macos-x86_64-clang 0.9.45 419.56 OK --no-stop-on-test-error
r-devel-windows-ix86+x86_64 0.9.45 7.00 1067.00 1074.00 OK
r-patched-linux-x86_64 0.9.45 1.80 275.66 277.45 OK
r-patched-solaris-sparc 0.9.45 1275.90 WARN
r-patched-solaris-x86 0.9.45 233.40 WARN
r-release-linux-x86_64 0.9.45 1.80 273.54 275.34 OK
r-release-osx-x86_64-mavericks 0.9.45 OK
r-release-windows-ix86+x86_64 0.9.45 11.00 684.00 695.00 OK
r-oldrel-windows-ix86+x86_64 0.9.45 14.00 742.00 756.00 OK

Check Details

Version: 0.9.45
Check: package dependencies
Result: NOTE
    Package suggested but not available for checking: ‘microbenchmark’
Flavors: r-patched-solaris-sparc, r-patched-solaris-x86

Version: 0.9.45
Check: installed package size
Result: NOTE
     installed size is 5.0Mb
     sub-directories of 1Mb or more:
     doc 4.7Mb
Flavors: r-patched-solaris-sparc, r-patched-solaris-x86

Version: 0.9.45
Check: re-building of vignette outputs
Result: WARN
    Error in re-building vignettes:
     ...
    Warning in engine$weave(file, quiet = quiet, encoding = enc) :
     Pandoc (>= 1.12.3) and/or pandoc-citeproc not available. Falling back to R Markdown v1.
    Warning in engine$weave(file, quiet = quiet, encoding = enc) :
     Pandoc (>= 1.12.3) and/or pandoc-citeproc not available. Falling back to R Markdown v1.
    Warning in engine$weave(file, quiet = quiet, encoding = enc) :
     Pandoc (>= 1.12.3) and/or pandoc-citeproc not available. Falling back to R Markdown v1.
    Quitting from lines 48-63 (compiled_models.Rmd)
    Error: processing vignette 'compiled_models.Rmd' failed with diagnostics:
    there is no package called 'microbenchmark'
    Execution halted
Flavors: r-patched-solaris-sparc, r-patched-solaris-x86