CRAN Package Check Results for Package mkin

Last updated on 2017-10-16 23:47:34.

Flavor Version Tinstall Tcheck Ttotal Status Flags
r-devel-linux-x86_64-debian-clang 0.9.46.2 1.83 352.95 354.78 OK
r-devel-linux-x86_64-debian-gcc 0.9.46.2 2.16 342.77 344.93 OK
r-devel-linux-x86_64-fedora-clang 0.9.46.2 656.99 NOTE
r-devel-linux-x86_64-fedora-gcc 0.9.46.2 617.20 NOTE
r-devel-windows-ix86+x86_64 0.9.46.2 6.00 503.00 509.00 OK --no-vignettes
r-patched-linux-x86_64 0.9.46.2 1.98 316.63 318.61 OK
r-patched-solaris-x86 0.9.46.2 559.50 NOTE
r-release-linux-x86_64 0.9.46.2 1.83 314.03 315.87 OK
r-release-windows-ix86+x86_64 0.9.46.2 7.00 505.00 512.00 OK --no-vignettes
r-release-osx-x86_64 0.9.46.2 NOTE
r-oldrel-windows-ix86+x86_64 0.9.46.2 9.00 483.00 492.00 OK --no-vignettes
r-oldrel-osx-x86_64 0.9.46.2 OK

Check Details

Version: 0.9.46.2
Check: installed package size
Result: NOTE
     installed size is 5.0Mb
     sub-directories of 1Mb or more:
     doc 4.7Mb
Flavors: r-devel-linux-x86_64-fedora-clang, r-devel-linux-x86_64-fedora-gcc, r-patched-solaris-x86, r-release-osx-x86_64