CRAN Package Check Results for Package mkin

Last updated on 2016-06-24 23:47:36.

Flavor Version Tinstall Tcheck Ttotal Status Flags
r-devel-linux-x86_64-debian-gcc 0.9.42 1.62 280.80 282.41 OK
r-devel-linux-x86_64-fedora-clang 0.9.42 519.18 OK
r-devel-linux-x86_64-fedora-gcc 0.9.42 518.47 OK
r-devel-osx-x86_64-clang 0.9.42 440.53 OK
r-devel-windows-ix86+x86_64 0.9.42 12.00 941.00 953.00 OK
r-patched-linux-x86_64 0.9.42 1.64 275.45 277.08 OK
r-patched-solaris-x86 0.9.42 231.90 WARN
r-release-linux-x86_64 0.9.42 1.58 290.87 292.45 OK
r-release-osx-x86_64-mavericks 0.9.42 OK
r-release-windows-ix86+x86_64 0.9.42 9.00 895.00 904.00 OK
r-oldrel-windows-ix86+x86_64 0.9.42 12.00 601.00 613.00 OK

Check Details

Version: 0.9.42
Check: package dependencies
Result: NOTE
    Package suggested but not available for checking: ‘microbenchmark’
Flavors: r-patched-solaris-sparc, r-patched-solaris-x86

Version: 0.9.42
Check: re-building of vignette outputs
Result: WARN
    Error in re-building vignettes:
     ...
    Warning in (if (grepl("\\.[Rr]md$", file)) knit2html else if (grepl("\\.[Rr]rst$", :
     It seems you should call rmarkdown::render() instead of knitr::knit2html() because FOCUS_D.Rmd appears to be an R Markdown v2 document.
    Warning in (if (grepl("\\.[Rr]md$", file)) knit2html else if (grepl("\\.[Rr]rst$", :
     It seems you should call rmarkdown::render() instead of knitr::knit2html() because FOCUS_L.Rmd appears to be an R Markdown v2 document.
    Warning in (if (grepl("\\.[Rr]md$", file)) knit2html else if (grepl("\\.[Rr]rst$", :
     It seems you should call rmarkdown::render() instead of knitr::knit2html() because compiled_models.Rmd appears to be an R Markdown v2 document.
    Quitting from lines 48-63 (compiled_models.Rmd)
    Error: processing vignette 'compiled_models.Rmd' failed with diagnostics:
    there is no package called 'microbenchmark'
    Execution halted
Flavors: r-patched-solaris-sparc, r-patched-solaris-x86