CRAN Package Check Results for Package mkin

Last updated on 2017-08-18 00:50:04.

Flavor Version Tinstall Tcheck Ttotal Status Flags
r-devel-linux-x86_64-debian-clang 0.9.46 1.76 321.97 323.73 OK
r-devel-linux-x86_64-debian-gcc 0.9.46 1.89 309.94 311.84 OK
r-devel-linux-x86_64-fedora-clang 0.9.46 596.16 OK
r-devel-linux-x86_64-fedora-gcc 0.9.46 585.27 OK
r-devel-windows-ix86+x86_64 0.9.46 7.00 436.00 443.00 OK --no-vignettes
r-patched-linux-x86_64 0.9.46 1.98 310.91 312.89 OK
r-patched-solaris-x86 0.9.46 669.40 OK
r-release-linux-x86_64 0.9.46 2.07 323.97 326.04 OK
r-release-windows-ix86+x86_64 0.9.46 7.00 360.00 367.00 OK --no-vignettes
r-release-osx-x86_64 0.9.46 WARN
r-oldrel-windows-ix86+x86_64 0.9.46 6.00 501.00 507.00 OK --no-vignettes
r-oldrel-osx-x86_64 0.9.46 OK

Check Details

Version: 0.9.46
Check: re-building of vignette outputs
Result: WARN
    Error in re-building vignettes:
     ...
     Pandoc (>= 1.12.3) and/or pandoc-citeproc not available. Falling back to R Markdown v1.
    Error in file(con, "r") : cannot open the connection
    Warning in engine$weave(file, quiet = quiet, encoding = enc) :
     Pandoc (>= 1.12.3) and/or pandoc-citeproc not available. Falling back to R Markdown v1.
    Warning in engine$weave(file, quiet = quiet, encoding = enc) :
     Pandoc (>= 1.12.3) and/or pandoc-citeproc not available. Falling back to R Markdown v1.
    Warning: running command 'kpsewhich framed.sty' had status 1
    Warning in test_latex_pkg("framed", system.file("misc", "framed.sty", package = "knitr")) :
     unable to find LaTeX package 'framed'; will use a copy from knitr
    Error in texi2dvi(file = file, pdf = TRUE, clean = clean, quiet = quiet, :
     Running 'texi2dvi' on 'FOCUS_Z.tex' failed.
    LaTeX errors:
    ! LaTeX Error: File `a4wide.sty' not found.
    
    Type X to quit or <RETURN> to proceed,
    or enter new name. (Default extension: sty)
    
    ! Emergency stop.
    <read *>
    
    l.55 \input
     {header}^^M
    ! ==> Fatal error occurred, no output PDF file produced!
    Calls: buildVignettes -> texi2pdf -> texi2dvi
    Execution halted
Flavor: r-release-osx-x86_64