CRAN Package Check Results for Package mkin

Last updated on 2014-10-01 11:47:52.

Flavor Version Tinstall Tcheck Ttotal Status Flags
r-devel-linux-x86_64-debian-clang 0.9-32 1.22 74.67 75.88 OK
r-devel-linux-x86_64-debian-gcc 0.9-32 1.14 72.77 73.91 OK
r-devel-linux-x86_64-fedora-clang 0.9-32 154.37 OK
r-devel-linux-x86_64-fedora-gcc 0.9-32 144.52 OK
r-devel-osx-x86_64-clang 0.9-32 128.60 OK
r-devel-windows-ix86+x86_64 0.9-32 5.00 108.00 113.00 OK
r-patched-linux-x86_64 0.9-32 1.15 78.41 79.56 OK
r-patched-solaris-sparc 0.9-32 935.60 OK
r-patched-solaris-x86 0.9-32 175.60 OK
r-release-linux-ix86 0.9-32 1.60 103.66 105.26 OK
r-release-linux-x86_64 0.9-32 1.13 77.90 79.03 OK
r-release-osx-x86_64-mavericks 0.9-32 NOTE
r-release-osx-x86_64-snowleopard 0.9-32 OK
r-release-windows-ix86+x86_64 0.9-32 4.00 118.00 122.00 OK
r-oldrel-windows-ix86+x86_64 0.9-32 5.00 140.00 145.00 OK

Check Details

Version: 0.9-32
Check: re-building of vignette outputs
Result: NOTE
    Error in re-building vignettes:
     ...
    Warning: running command 'kpsewhich framed.sty' had status 1
    Warning in test_latex_pkg("framed", system.file("misc", "framed.sty", package = "knitr")) :
     unable to find LaTeX package 'framed'; will use a copy from knitr
    Error in texi2dvi(file = file, pdf = TRUE, clean = clean, quiet = quiet, :
     Running 'texi2dvi' on 'FOCUS_Z.tex' failed.
    LaTeX errors:
    ! LaTeX Error: File `a4wide.sty' not found.
    
    Type X to quit or <RETURN> to proceed,
    or enter new name. (Default extension: sty)
    
    st/mkin/vignettes/FOCUS_Z.tex:54: ==> Fatal error occurred, no output PDF file
     produced!
    Calls: buildVignettes -> texi2pdf -> texi2dvi
    Execution halted
Flavor: r-release-osx-x86_64-mavericks