CRAN Package Check Results for Package mkin

Last updated on 2015-03-28 18:50:31.

Flavor Version Tinstall Tcheck Ttotal Status Flags
r-devel-linux-x86_64-debian-clang 0.9-34 1.13 221.29 222.42 NOTE
r-devel-linux-x86_64-debian-gcc 0.9-34 1.05 221.23 222.28 NOTE
r-devel-linux-x86_64-fedora-clang 0.9-34 453.90 NOTE
r-devel-linux-x86_64-fedora-gcc 0.9-34 457.66 NOTE
r-devel-osx-x86_64-clang 0.9-34 416.83 NOTE
r-prerel-windows-ix86+x86_64 0.9-34 6.00 451.00 457.00 OK
r-prerel-linux-x86_64 0.9-34 1.06 211.49 212.56 NOTE
r-prerel-solaris-sparc 0.9-34 2687.00 OK
r-prerel-solaris-x86 0.9-34 481.40 OK
r-release-linux-x86_64 0.9-34 1.24 252.86 254.10 OK
r-release-osx-x86_64-mavericks 0.9-34 OK
r-release-osx-x86_64-snowleopard 0.9-34 OK
r-release-windows-ix86+x86_64 0.9-34 7.00 382.00 389.00 OK
r-oldrel-windows-ix86+x86_64 0.9-34 7.00 643.00 650.00 OK

Check Details

Version: 0.9-34
Check: S3 generic/method consistency
Result: NOTE
    Found the following apparent S3 methods exported but not registered:
     plot.mkinfit print.summary.mkinfit summary.mkinfit
    See section ‘Registering S3 methods’ in the ‘Writing R Extensions’
    manual.
Flavors: r-devel-linux-x86_64-debian-clang, r-devel-linux-x86_64-debian-gcc, r-devel-linux-x86_64-fedora-clang, r-devel-linux-x86_64-fedora-gcc, r-devel-osx-x86_64-clang, r-prerel-linux-x86_64