CRAN Package Check Results for Package mkin

Last updated on 2015-09-05 12:49:29.

Flavor Version Tinstall Tcheck Ttotal Status Flags
r-devel-linux-x86_64-debian-clang 0.9-40 1.56 167.18 168.74 OK
r-devel-linux-x86_64-debian-gcc 0.9-40 1.62 159.18 160.81 OK
r-devel-linux-x86_64-fedora-clang 0.9-40 322.82 OK
r-devel-linux-x86_64-fedora-gcc 0.9-40 306.35 OK
r-devel-osx-x86_64-clang 0.9-40 267.45 OK
r-devel-windows-ix86+x86_64 0.9-40 10.00 296.00 306.00 OK
r-patched-linux-x86_64 0.9-40 2.30 161.61 163.91 OK
r-patched-solaris-sparc 0.9-40 1779.70 NOTE
r-patched-solaris-x86 0.9-40 329.60 NOTE
r-release-linux-x86_64 0.9-40 1.88 158.50 160.38 OK
r-release-osx-x86_64-mavericks 0.9-40 OK
r-release-windows-ix86+x86_64 0.9-40 7.00 291.00 298.00 OK
r-oldrel-windows-ix86+x86_64 0.9-40 12.00 428.00 440.00 OK

Check Details

Version: 0.9-40
Check: package dependencies
Result: NOTE
    Package suggested but not available for checking: ‘microbenchmark’
Flavors: r-patched-solaris-sparc, r-patched-solaris-x86