CRAN Package Check Results for Package mkin

Last updated on 2014-07-28 23:46:59.

Flavor Version Tinstall Tcheck Ttotal Status Flags
r-devel-linux-x86_64-debian-clang 0.9-32 1.13 74.77 75.90 OK
r-devel-linux-x86_64-debian-gcc 0.9-32 1.09 76.19 77.28 OK
r-devel-linux-x86_64-fedora-clang 0.9-32 166.73 OK
r-devel-linux-x86_64-fedora-gcc 0.9-32 156.44 OK
r-devel-osx-x86_64-clang 0.9-32 100.57 OK
r-devel-windows-ix86+x86_64 0.9-32 5.00 123.00 128.00 OK
r-patched-linux-x86_64 0.9-32 1.10 74.43 75.53 OK
r-patched-solaris-sparc 0.9-32 838.60 OK
r-patched-solaris-x86 0.9-32 155.00 OK
r-release-linux-ix86 0.9-31 0.36 2.34 2.70 ERROR
r-release-linux-x86_64 0.9-32 1.12 75.84 76.96 OK
r-release-osx-x86_64-mavericks 0.9-31 NOTE
r-release-osx-x86_64-snowleopard 0.9-32 OK
r-release-windows-ix86+x86_64 0.9-32 4.00 122.00 126.00 OK
r-oldrel-windows-ix86+x86_64 0.9-32 5.00 137.00 142.00 OK

Check Details

Version: 0.9-31
Check: whether package can be installed
Result: ERROR
    Installation failed.
    See /home/hornik/tmp/R.check/r-release-gcc/Work/PKGS/mkin.Rcheck/00install.out for details.
Flavor: r-release-linux-ix86

Version: 0.9-31
Check: re-building of vignette outputs
Result: NOTE
    Error in re-building vignettes:
     ...
    Warning: running command 'kpsewhich framed.sty' had status 1
    Warning in test_latex_pkg("framed", system.file("misc", "framed.sty", package = "knitr")) :
     unable to find LaTeX package 'framed'; will use a copy from knitr
    Error in texi2dvi(file = file, pdf = TRUE, clean = clean, quiet = quiet, :
     Running 'texi2dvi' on 'FOCUS_Z.tex' failed.
    LaTeX errors:
    ! LaTeX Error: File `a4wide.sty' not found.
    
    Type X to quit or <RETURN> to proceed,
    or enter new name. (Default extension: sty)
    
    st/mkin/vignettes/FOCUS_Z.tex:54: ==> Fatal error occurred, no output PDF file
     produced!
    Calls: buildVignettes -> texi2pdf -> texi2dvi
    Execution halted
Flavor: r-release-osx-x86_64-mavericks