CRAN Package Check Results for Package mkin

Last updated on 2017-05-22 16:48:47.

Flavor Version Tinstall Tcheck Ttotal Status Flags
r-devel-linux-x86_64-debian-clang 0.9.45 1.82 290.17 291.99 OK
r-devel-linux-x86_64-debian-gcc 0.9.45 1.90 289.16 291.05 OK
r-devel-linux-x86_64-fedora-clang 0.9.45 552.70 OK --no-stop-on-test-error
r-devel-linux-x86_64-fedora-gcc 0.9.45 521.18 OK --no-stop-on-test-error
r-devel-windows-ix86+x86_64 0.9.45 10.00 358.00 368.00 OK --no-vignettes
r-patched-linux-x86_64 0.9.45 1.93 295.50 297.43 OK
r-patched-solaris-sparc 0.9.45 1348.30 WARN
r-patched-solaris-x86 0.9.45 251.40 WARN
r-release-linux-x86_64 0.9.45 1.92 288.64 290.55 OK
r-release-windows-ix86+x86_64 0.9.45 6.00 588.00 594.00 OK --no-vignettes
r-release-osx-x86_64 0.9.45 WARN
r-oldrel-windows-ix86+x86_64 0.9.45 6.00 474.00 480.00 OK --no-vignettes
r-oldrel-osx-x86_64 0.9.45 OK

Check Details

Version: 0.9.45
Check: package dependencies
Result: NOTE
    Package suggested but not available for checking: ‘microbenchmark’
Flavors: r-patched-solaris-sparc, r-patched-solaris-x86

Version: 0.9.45
Check: installed package size
Result: NOTE
     installed size is 5.0Mb
     sub-directories of 1Mb or more:
     doc 4.7Mb
Flavors: r-patched-solaris-sparc, r-patched-solaris-x86

Version: 0.9.45
Check: re-building of vignette outputs
Result: WARN
    Error in re-building vignettes:
     ...
    Warning in engine$weave(file, quiet = quiet, encoding = enc) :
     Pandoc (>= 1.12.3) and/or pandoc-citeproc not available. Falling back to R Markdown v1.
    Warning in engine$weave(file, quiet = quiet, encoding = enc) :
     Pandoc (>= 1.12.3) and/or pandoc-citeproc not available. Falling back to R Markdown v1.
    Warning in engine$weave(file, quiet = quiet, encoding = enc) :
     Pandoc (>= 1.12.3) and/or pandoc-citeproc not available. Falling back to R Markdown v1.
    Quitting from lines 48-63 (compiled_models.Rmd)
    Error: processing vignette 'compiled_models.Rmd' failed with diagnostics:
    there is no package called 'microbenchmark'
    Execution halted
Flavors: r-patched-solaris-sparc, r-patched-solaris-x86

Version: 0.9.45
Check: re-building of vignette outputs
Result: WARN
    Error in re-building vignettes:
     ...
     Pandoc (>= 1.12.3) and/or pandoc-citeproc not available. Falling back to R Markdown v1.
    Warning in engine$weave(file, quiet = quiet, encoding = enc) :
     Pandoc (>= 1.12.3) and/or pandoc-citeproc not available. Falling back to R Markdown v1.
    Error in file(con, "r") : cannot open the connection
    Warning in engine$weave(file, quiet = quiet, encoding = enc) :
     Pandoc (>= 1.12.3) and/or pandoc-citeproc not available. Falling back to R Markdown v1.
    Warning: running command 'kpsewhich framed.sty' had status 1
    Warning in test_latex_pkg("framed", system.file("misc", "framed.sty", package = "knitr")) :
     unable to find LaTeX package 'framed'; will use a copy from knitr
    Error in texi2dvi(file = file, pdf = TRUE, clean = clean, quiet = quiet, :
     Running 'texi2dvi' on 'FOCUS_Z.tex' failed.
    LaTeX errors:
    ! LaTeX Error: File `a4wide.sty' not found.
    
    Type X to quit or <RETURN> to proceed,
    or enter new name. (Default extension: sty)
    
    ! Emergency stop.
    <read *>
    
    l.55 \input
     {header}^^M
    ! ==> Fatal error occurred, no output PDF file produced!
    Calls: buildVignettes -> texi2pdf -> texi2dvi
    Execution halted
Flavor: r-release-osx-x86_64