CRAN Package Check Results for Package mkin

Last updated on 2016-05-24 13:47:17.

Flavor Version Tinstall Tcheck Ttotal Status Flags
r-devel-linux-x86_64-debian-gcc 0.9.42 1.65 278.40 280.05 OK
r-devel-linux-x86_64-fedora-clang 0.9.42 541.66 OK
r-devel-linux-x86_64-fedora-gcc 0.9.42 504.55 OK
r-devel-osx-x86_64-clang 0.9.42 589.49 OK
r-devel-windows-ix86+x86_64 0.9.42 5.00 711.00 716.00 OK
r-patched-linux-x86_64 0.9.42 1.39 273.00 274.39 OK
r-patched-solaris-sparc 0.9.42 1223.30 WARN
r-patched-solaris-x86 0.9.42 233.80 WARN
r-release-linux-x86_64 0.9.42 1.41 269.80 271.21 OK
r-release-osx-x86_64-mavericks 0.9.42 OK
r-release-windows-ix86+x86_64 0.9.42 5.00 711.00 716.00 OK
r-oldrel-windows-ix86+x86_64 0.9.42 9.00 440.00 449.00 OK

Check Details

Version: 0.9.42
Check: package dependencies
Result: NOTE
    Package suggested but not available for checking: ‘microbenchmark’
Flavors: r-patched-solaris-sparc, r-patched-solaris-x86

Version: 0.9.42
Check: re-building of vignette outputs
Result: WARN
    Error in re-building vignettes:
     ...
    Warning in (if (grepl("\\.[Rr]md$", file)) knit2html else if (grepl("\\.[Rr]rst$", :
     It seems you should call rmarkdown::render() instead of knitr::knit2html() because FOCUS_D.Rmd appears to be an R Markdown v2 document.
    Warning in (if (grepl("\\.[Rr]md$", file)) knit2html else if (grepl("\\.[Rr]rst$", :
     It seems you should call rmarkdown::render() instead of knitr::knit2html() because FOCUS_L.Rmd appears to be an R Markdown v2 document.
    Warning in (if (grepl("\\.[Rr]md$", file)) knit2html else if (grepl("\\.[Rr]rst$", :
     It seems you should call rmarkdown::render() instead of knitr::knit2html() because compiled_models.Rmd appears to be an R Markdown v2 document.
    Quitting from lines 48-63 (compiled_models.Rmd)
    Error: processing vignette 'compiled_models.Rmd' failed with diagnostics:
    there is no package called 'microbenchmark'
    Execution halted
Flavors: r-patched-solaris-sparc, r-patched-solaris-x86