CRAN Package Check Results for Package mkin

Last updated on 2014-09-01 14:46:33.

Flavor Version Tinstall Tcheck Ttotal Status Flags
r-devel-linux-x86_64-debian-clang 0.9-32 1.12 69.96 71.07 OK
r-devel-linux-x86_64-debian-gcc 0.9-32 1.05 70.50 71.55 OK
r-devel-linux-x86_64-fedora-clang 0.9-32 157.97 OK
r-devel-linux-x86_64-fedora-gcc 0.9-32 149.89 OK
r-devel-osx-x86_64-clang 0.9-32 129.60 OK
r-devel-windows-ix86+x86_64 0.9-32 5.00 129.00 134.00 OK
r-patched-linux-x86_64 0.9-32 1.10 75.93 77.03 OK
r-patched-solaris-sparc 0.9-32 935.60 OK
r-patched-solaris-x86 0.9-32 175.80 OK
r-release-linux-ix86 0.9-32 1.62 95.08 96.71 OK
r-release-linux-x86_64 0.9-32 1.13 77.90 79.02 OK
r-release-osx-x86_64-mavericks 0.9-32 NOTE
r-release-osx-x86_64-snowleopard 0.9-32 OK
r-release-windows-ix86+x86_64 0.9-32 4.00 116.00 120.00 OK
r-oldrel-windows-ix86+x86_64 0.9-32 8.00 125.00 133.00 OK

Check Details

Version: 0.9-32
Check: re-building of vignette outputs
Result: NOTE
    Error in re-building vignettes:
     ...
    Warning: running command 'kpsewhich framed.sty' had status 1
    Warning in test_latex_pkg("framed", system.file("misc", "framed.sty", package = "knitr")) :
     unable to find LaTeX package 'framed'; will use a copy from knitr
    Error in texi2dvi(file = file, pdf = TRUE, clean = clean, quiet = quiet, :
     Running 'texi2dvi' on 'FOCUS_Z.tex' failed.
    LaTeX errors:
    ! LaTeX Error: File `a4wide.sty' not found.
    
    Type X to quit or <RETURN> to proceed,
    or enter new name. (Default extension: sty)
    
    st/mkin/vignettes/FOCUS_Z.tex:54: ==> Fatal error occurred, no output PDF file
     produced!
    Calls: buildVignettes -> texi2pdf -> texi2dvi
    Execution halted
Flavor: r-release-osx-x86_64-mavericks