CRAN Package Check Results for Package mkin

Last updated on 2014-04-24 15:50:42.

Flavor Version Tinstall Tcheck Ttotal Status Flags
r-devel-linux-x86_64-debian-clang 0.9-24 1.28 80.84 82.12 NOTE
r-devel-linux-x86_64-debian-gcc 0.9-24 1.29 80.14 81.43 NOTE
r-devel-linux-x86_64-fedora-clang 0.9-24 171.42 NOTE
r-devel-linux-x86_64-fedora-gcc 0.9-24 166.12 NOTE
r-devel-osx-x86_64-clang 0.9-24 131.56 NOTE
r-devel-osx-x86_64-gcc 0.9-24 NOTE
r-devel-windows-ix86+x86_64 0.9-24 5.00 126.00 131.00 NOTE
r-patched-linux-x86_64 0.9-24 1.31 80.69 82.00 NOTE
r-patched-solaris-sparc 0.9-24 885.80 NOTE
r-patched-solaris-x86 0.9-24 175.90 NOTE
r-release-linux-ix86 0.9-24 2.00 68.00 70.00 ERROR
r-release-linux-x86_64 0.9-24 1.28 82.93 84.21 NOTE
r-release-osx-x86_64-mavericks 0.9-24 WARN
r-release-osx-x86_64-snowleopard 0.9-24 WARN
r-release-windows-ix86+x86_64 0.9-24 6.00 127.00 133.00 NOTE
r-oldrel-windows-ix86+x86_64 0.9-24 6.00 161.00 167.00 NOTE

Check Details

Version: 0.9-24
Check: package dependencies
Result: NOTE
    Package suggested but not available for checking: ‘gWidgetsWWW2’
Flavors: r-devel-linux-x86_64-debian-clang, r-devel-linux-x86_64-debian-gcc, r-devel-linux-x86_64-fedora-clang, r-devel-linux-x86_64-fedora-gcc, r-devel-osx-x86_64-clang, r-devel-osx-x86_64-gcc, r-patched-linux-x86_64, r-patched-solaris-sparc, r-patched-solaris-x86, r-release-linux-ix86, r-release-linux-x86_64, r-release-osx-x86_64-mavericks, r-release-osx-x86_64-snowleopard

Version: 0.9-24
Check: package dependencies
Result: NOTE
    Packages suggested but not available for checking:
     'gWidgetsWWW2' 'RSVGTipsDevice'
Flavors: r-devel-windows-ix86+x86_64, r-release-windows-ix86+x86_64, r-oldrel-windows-ix86+x86_64

Version: 0.9-24
Check: tests
Result: ERROR
    Running the tests in ‘tests/doRUnit.R’ failed.
    Last 13 lines of output:
     Number of errors: 0
     Number of failures: 1
    
    
     1 Test Suite :
     mkin Unit Tests - 8 test functions, 0 errors, 1 failure
     FAILURE in test.mkinfit.schaefer07_complex_example: Error in checkIdentical(r$mkin.deviation < 10, rep(TRUE, length(r$mkin.deviation))) :
     FALSE
     Error:
    
     unit testing failed (#test failures: 1, #R errors: 0)
    
     Execution halted
Flavor: r-release-linux-ix86

Version: 0.9-24
Check: re-building of vignette outputs
Result: NOTE
    Error in re-building vignettes:
     ...
    Loading required package: FME
    Loading required package: deSolve
    Loading required package: rootSolve
    Loading required package: minpack.lm
    Loading required package: MASS
    Loading required package: coda
    Loading required package: lattice
    Error in texi2dvi(file = file, pdf = TRUE, clean = clean, quiet = quiet, :
     Running 'texi2dvi' on 'examples.tex' failed.
    LaTeX errors:
    ! LaTeX Error: File `a4wide.sty' not found.
    
    Type X to quit or <RETURN> to proceed,
    or enter new name. (Default extension: sty)
    
    st/mkin/vignettes/examples.tex:8: ==> Fatal error occurred, no output PDF file
     produced!
    Calls: buildVignettes -> texi2pdf -> texi2dvi
    Execution halted
Flavor: r-release-osx-x86_64-mavericks

Version: 0.9-24
Check: PDF version of manual
Result: WARNING
    LaTeX errors when creating PDF version.
    This typically indicates Rd problems.
    LaTeX errors found:
    ! LaTeX Error: File `upquote.sty' not found.
    
    Type X to quit or <RETURN> to proceed,
    or enter new name. (Default extension: sty)
    
    fd36c96/Rd2.tex:8: ==> Fatal error occurred, no output PDF file produced!
Flavor: r-release-osx-x86_64-mavericks

Version: 0.9-24
Check: examples
Result: WARNING
    checking a package with encoding 'UTF-8' in an ASCII locale
    
     OK
Flavor: r-release-osx-x86_64-snowleopard

Version: 0.9-24
Check: re-building of vignette outputs
Result: NOTE
    Error in re-building vignettes:
     ...
    Loading required package: FME
    Loading required package: deSolve
    Loading required package: rootSolve
    Loading required package: minpack.lm
    Loading required package: MASS
    Loading required package: coda
    Loading required package: lattice
    Error in texi2dvi(file = file, pdf = TRUE, clean = clean, quiet = quiet, :
     Running 'texi2dvi' on 'examples.tex' failed.
    LaTeX errors:
    ! LaTeX Error: File `relsize.sty' not found.
    
    Type X to quit or <RETURN> to proceed,
    or enter new name. (Default extension: sty)
    
    ./header.tex:24: ==> Fatal error occurred, no output PDF file produced!
    Calls: buildVignettes -> texi2pdf -> texi2dvi
    Execution halted
Flavor: r-release-osx-x86_64-snowleopard