CRAN Package Check Results for Package mkin

Last updated on 2016-07-29 22:49:17.

Flavor Version Tinstall Tcheck Ttotal Status Flags
r-devel-linux-x86_64-debian-clang 0.9.44 1.53 287.41 288.93 OK
r-devel-linux-x86_64-debian-gcc 0.9.44 1.59 274.66 276.25 OK
r-devel-linux-x86_64-fedora-clang 0.9.44 526.56 OK
r-devel-linux-x86_64-fedora-gcc 0.9.44 480.00 OK
r-devel-osx-x86_64-clang 0.9.44 421.61 OK
r-devel-windows-ix86+x86_64 0.9.44 7.00 820.00 827.00 OK
r-patched-linux-x86_64 0.9.44 1.85 305.12 306.97 OK
r-patched-solaris-sparc 0.9.44 1173.30 WARN
r-patched-solaris-x86 0.9.44 229.10 WARN
r-release-linux-x86_64 0.9.44 1.86 306.75 308.61 OK
r-release-osx-x86_64-mavericks 0.9.44 OK
r-release-windows-ix86+x86_64 0.9.44 9.00 887.00 896.00 OK
r-oldrel-windows-ix86+x86_64 0.9.44 9.00 579.00 588.00 OK

Check Details

Version: 0.9.44
Check: package dependencies
Result: NOTE
    Package suggested but not available for checking: ‘microbenchmark’
Flavors: r-patched-solaris-sparc, r-patched-solaris-x86

Version: 0.9.44
Check: re-building of vignette outputs
Result: WARN
    Error in re-building vignettes:
     ...
    Warning in (if (grepl("\\.[Rr]md$", file)) knit2html else if (grepl("\\.[Rr]rst$", :
     It seems you should call rmarkdown::render() instead of knitr::knit2html() because FOCUS_D.Rmd appears to be an R Markdown v2 document.
    Warning in (if (grepl("\\.[Rr]md$", file)) knit2html else if (grepl("\\.[Rr]rst$", :
     It seems you should call rmarkdown::render() instead of knitr::knit2html() because FOCUS_L.Rmd appears to be an R Markdown v2 document.
    Warning in (if (grepl("\\.[Rr]md$", file)) knit2html else if (grepl("\\.[Rr]rst$", :
     It seems you should call rmarkdown::render() instead of knitr::knit2html() because compiled_models.Rmd appears to be an R Markdown v2 document.
    Quitting from lines 48-63 (compiled_models.Rmd)
    Error: processing vignette 'compiled_models.Rmd' failed with diagnostics:
    there is no package called 'microbenchmark'
    Execution halted
Flavors: r-patched-solaris-sparc, r-patched-solaris-x86