CRAN Package Check Results for Package mkin

Last updated on 2016-08-31 02:47:59.

Flavor Version Tinstall Tcheck Ttotal Status Flags
r-devel-linux-x86_64-debian-clang 0.9.44 1.55 281.86 283.41 OK
r-devel-linux-x86_64-debian-gcc 0.9.44 1.72 275.06 276.78 OK
r-devel-linux-x86_64-fedora-clang 0.9.44 506.08 OK
r-devel-linux-x86_64-fedora-gcc 0.9.44 506.81 OK
r-devel-osx-x86_64-clang 0.9.44 428.09 OK
r-devel-windows-ix86+x86_64 0.9.44 8.00 960.00 968.00 OK
r-patched-linux-x86_64 0.9.44 1.64 265.87 267.51 OK
r-patched-solaris-sparc 0.9.44 1218.00 WARN
r-patched-solaris-x86 0.9.44 228.30 WARN
r-release-linux-x86_64 0.9.44 1.50 272.35 273.85 OK
r-release-osx-x86_64-mavericks 0.9.44 OK
r-release-windows-ix86+x86_64 0.9.44 8.00 953.00 961.00 OK
r-oldrel-windows-ix86+x86_64 0.9.44 11.00 626.00 637.00 OK

Check Details

Version: 0.9.44
Check: package dependencies
Result: NOTE
    Package suggested but not available for checking: ‘microbenchmark’
Flavors: r-patched-solaris-sparc, r-patched-solaris-x86

Version: 0.9.44
Check: re-building of vignette outputs
Result: WARN
    Error in re-building vignettes:
     ...
    Warning: It seems you should call rmarkdown::render() instead of knitr::knit2html() because FOCUS_D.Rmd appears to be an R Markdown v2 document.
    Warning: It seems you should call rmarkdown::render() instead of knitr::knit2html() because FOCUS_L.Rmd appears to be an R Markdown v2 document.
    Warning: It seems you should call rmarkdown::render() instead of knitr::knit2html() because compiled_models.Rmd appears to be an R Markdown v2 document.
    Quitting from lines 48-63 (compiled_models.Rmd)
    Error: processing vignette 'compiled_models.Rmd' failed with diagnostics:
    there is no package called 'microbenchmark'
    Execution halted
Flavors: r-patched-solaris-sparc, r-patched-solaris-x86