CRAN Package Check Results for Package mkin

Last updated on 2014-12-20 16:49:03.

Flavor Version Tinstall Tcheck Ttotal Status Flags
r-devel-linux-x86_64-debian-clang 0.9-34 1.38 235.11 236.50 OK
r-devel-linux-x86_64-debian-gcc 0.9-34 1.43 216.24 217.67 OK
r-devel-linux-x86_64-fedora-clang 0.9-34 483.31 OK
r-devel-linux-x86_64-fedora-gcc 0.9-34 419.35 OK
r-devel-osx-x86_64-clang 0.9-34 410.62 OK
r-devel-windows-ix86+x86_64 0.9-34 7.00 345.00 352.00 OK
r-patched-linux-x86_64 0.9-34 1.47 270.99 272.46 OK
r-patched-solaris-sparc 0.9-34 2692.80 OK
r-patched-solaris-x86 0.9-34 521.80 OK
r-release-linux-ix86 0.9-34 1.86 275.79 277.65 OK
r-release-linux-x86_64 0.9-34 1.40 256.19 257.59 OK
r-release-osx-x86_64-mavericks 0.9-34 NOTE
r-release-osx-x86_64-snowleopard 0.9-34 OK
r-release-windows-ix86+x86_64 0.9-34 7.00 378.00 385.00 OK
r-oldrel-windows-ix86+x86_64 0.9-34 7.00 446.00 453.00 OK

Check Details

Version: 0.9-34
Check: re-building of vignette outputs
Result: NOTE
    Error in re-building vignettes:
     ...
    Warning: running command 'kpsewhich framed.sty' had status 1
    Warning in test_latex_pkg("framed", system.file("misc", "framed.sty", package = "knitr")) :
     unable to find LaTeX package 'framed'; will use a copy from knitr
    Error in texi2dvi(file = file, pdf = TRUE, clean = clean, quiet = quiet, :
     Running 'texi2dvi' on 'FOCUS_Z.tex' failed.
    LaTeX errors:
    ! LaTeX Error: File `a4wide.sty' not found.
    
    Type X to quit or <RETURN> to proceed,
    or enter new name. (Default extension: sty)
    
    st/mkin/vignettes/FOCUS_Z.tex:54: ==> Fatal error occurred, no output PDF file
     produced!
    Calls: buildVignettes -> texi2pdf -> texi2dvi
    Execution halted
Flavor: r-release-osx-x86_64-mavericks