CRAN Package Check Results for Package mkin

Last updated on 2024-07-23 17:49:05 CEST.

Flavor Version Tinstall Tcheck Ttotal Status Flags
r-devel-linux-x86_64-debian-clang 1.2.6 18.95 295.51 314.46 OK
r-devel-linux-x86_64-debian-gcc 1.2.6 14.64 222.46 237.10 NOTE
r-devel-linux-x86_64-fedora-clang 1.2.6 409.01 OK
r-devel-linux-x86_64-fedora-gcc 1.2.6 379.66 OK
r-devel-windows-x86_64 1.2.6 21.00 351.00 372.00 NOTE --no-vignettes
r-patched-linux-x86_64 1.2.6 19.78 280.59 300.37 OK
r-release-linux-x86_64 1.2.6 12.02 282.95 294.97 OK
r-release-macos-arm64 1.2.6 174.00 OK
r-release-macos-x86_64 1.2.6 256.00 OK
r-release-windows-x86_64 1.2.6 19.00 406.00 425.00 OK --no-vignettes
r-oldrel-macos-arm64 1.2.6 161.00 OK
r-oldrel-macos-x86_64 1.2.6 323.00 OK
r-oldrel-windows-x86_64 1.2.6 23.00 365.00 388.00 OK --no-vignettes

Check Details

Version: 1.2.6
Check: Rd cross-references
Result: NOTE Found the following Rd file(s) with Rd \link{} targets missing package anchors: mkinpredict.Rd: ode nlme.Rd: groupedData Please provide package anchors for all Rd \link{} targets not in the package itself and the base packages. Flavor: r-devel-linux-x86_64-debian-gcc

Version: 1.2.6
Flags: --no-vignettes
Check: Rd cross-references
Result: NOTE Found the following Rd file(s) with Rd \link{} targets missing package anchors: mkinpredict.Rd: ode nlme.Rd: groupedData Please provide package anchors for all Rd \link{} targets not in the package itself and the base packages. Flavor: r-devel-windows-x86_64