CRAN Package Check Results for Package mkin

Last updated on 2017-03-23 23:50:54.

Flavor Version Tinstall Tcheck Ttotal Status Flags
r-devel-linux-x86_64-debian-clang 0.9.45 1.84 296.37 298.21 OK
r-devel-linux-x86_64-debian-gcc 0.9.45 1.82 284.85 286.67 OK
r-devel-linux-x86_64-fedora-clang 0.9.45 532.37 OK --no-stop-on-test-error
r-devel-linux-x86_64-fedora-gcc 0.9.45 522.95 OK --no-stop-on-test-error
r-devel-macos-x86_64-clang 0.9.45 422.49 OK --no-stop-on-test-error
r-devel-windows-ix86+x86_64 0.9.45 8.00 706.00 714.00 OK
r-patched-linux-x86_64 0.9.45 1.74 273.45 275.19 OK
r-patched-solaris-sparc 0.9.45 1348.30 WARN
r-patched-solaris-x86 0.9.45 264.60 WARN
r-release-linux-x86_64 0.9.45 1.66 282.10 283.76 OK
r-release-osx-x86_64-mavericks 0.9.45 OK
r-release-windows-ix86+x86_64 0.9.45 14.00 717.00 731.00 OK
r-oldrel-windows-ix86+x86_64 0.9.45 11.00 784.00 795.00 OK

Check Details

Version: 0.9.45
Check: package dependencies
Result: NOTE
    Package suggested but not available for checking: ‘microbenchmark’
Flavors: r-patched-solaris-sparc, r-patched-solaris-x86

Version: 0.9.45
Check: installed package size
Result: NOTE
     installed size is 5.0Mb
     sub-directories of 1Mb or more:
     doc 4.7Mb
Flavors: r-patched-solaris-sparc, r-patched-solaris-x86

Version: 0.9.45
Check: re-building of vignette outputs
Result: WARN
    Error in re-building vignettes:
     ...
    Warning in engine$weave(file, quiet = quiet, encoding = enc) :
     Pandoc (>= 1.12.3) and/or pandoc-citeproc not available. Falling back to R Markdown v1.
    Warning in engine$weave(file, quiet = quiet, encoding = enc) :
     Pandoc (>= 1.12.3) and/or pandoc-citeproc not available. Falling back to R Markdown v1.
    Warning in engine$weave(file, quiet = quiet, encoding = enc) :
     Pandoc (>= 1.12.3) and/or pandoc-citeproc not available. Falling back to R Markdown v1.
    Quitting from lines 48-63 (compiled_models.Rmd)
    Error: processing vignette 'compiled_models.Rmd' failed with diagnostics:
    there is no package called 'microbenchmark'
    Execution halted
Flavors: r-patched-solaris-sparc, r-patched-solaris-x86