CRAN Package Check Results for Package mkin

Last updated on 2016-02-11 23:47:32.

Flavor Version Tinstall Tcheck Ttotal Status Flags
r-devel-linux-x86_64-debian-gcc 0.9-41 1.85 256.46 258.31 OK
r-devel-linux-x86_64-fedora-clang 0.9-41 504.12 OK
r-devel-linux-x86_64-fedora-gcc 0.9-41 497.64 OK
r-devel-osx-x86_64-clang 0.9-41 551.79 OK
r-devel-windows-ix86+x86_64 0.9-41 8.00 418.00 426.00 OK
r-patched-linux-x86_64 0.9-41 1.83 255.78 257.61 OK
r-patched-solaris-sparc 0.9-41 1258.00 NOTE
r-patched-solaris-x86 0.9-41 235.30 NOTE
r-release-linux-x86_64 0.9-41 1.92 250.42 252.34 OK
r-release-osx-x86_64-mavericks 0.9-41 OK
r-release-windows-ix86+x86_64 0.9-41 10.00 421.00 431.00 OK
r-oldrel-windows-ix86+x86_64 0.9-41 14.00 467.00 481.00 OK

Check Details

Version: 0.9-41
Check: package dependencies
Result: NOTE
    Package suggested but not available for checking: ‘microbenchmark’
Flavors: r-patched-solaris-sparc, r-patched-solaris-x86

Version: 0.9-41
Check: re-building of vignette outputs
Result: NOTE
    Error in re-building vignettes:
     ...
    Quitting from lines 48-58 (compiled_models.Rmd)
    Error: processing vignette 'compiled_models.Rmd' failed with diagnostics:
    there is no package called 'microbenchmark'
    Execution halted
Flavor: r-patched-solaris-sparc

Version: 0.9-41
Check: re-building of vignette outputs
Result: NOTE
    Error in re-building vignettes:
     ...
    Warning in (if (grepl("\\.[Rr]md$", file)) knit2html else if (grepl("\\.[Rr]rst$", :
     It seems you should call rmarkdown::render() instead of knitr::knit2html() because FOCUS_D.Rmd appears to be an R Markdown v2 document.
    Warning in (if (grepl("\\.[Rr]md$", file)) knit2html else if (grepl("\\.[Rr]rst$", :
     It seems you should call rmarkdown::render() instead of knitr::knit2html() because FOCUS_L.Rmd appears to be an R Markdown v2 document.
    Warning in (if (grepl("\\.[Rr]md$", file)) knit2html else if (grepl("\\.[Rr]rst$", :
     It seems you should call rmarkdown::render() instead of knitr::knit2html() because compiled_models.Rmd appears to be an R Markdown v2 document.
    Quitting from lines 48-58 (compiled_models.Rmd)
    Error: processing vignette 'compiled_models.Rmd' failed with diagnostics:
    there is no package called 'microbenchmark'
    Execution halted
Flavor: r-patched-solaris-x86