CRAN Package Check Results for Package mkin

Last updated on 2016-09-29 09:48:28.

Flavor Version Tinstall Tcheck Ttotal Status Flags
r-devel-linux-x86_64-debian-clang 0.9.44 1.67 282.75 284.42 OK
r-devel-linux-x86_64-debian-gcc 0.9.44 1.72 278.22 279.94 OK
r-devel-linux-x86_64-fedora-clang 0.9.44 528.01 OK
r-devel-linux-x86_64-fedora-gcc 0.9.44 505.28 OK
r-devel-macos-x86_64-clang 0.9.44 413.01 OK
r-devel-windows-ix86+x86_64 0.9.44 11.00 930.00 941.00 OK
r-patched-linux-x86_64 0.9.44 1.67 268.02 269.69 OK
r-patched-solaris-sparc 0.9.44 1218.00 WARN
r-patched-solaris-x86 0.9.44 235.70 WARN
r-release-linux-x86_64 0.9.44 1.78 273.95 275.72 OK
r-release-osx-x86_64-mavericks 0.9.44 OK
r-release-windows-ix86+x86_64 0.9.44 8.00 692.00 700.00 OK
r-oldrel-windows-ix86+x86_64 0.9.44 15.00 599.00 614.00 OK

Check Details

Version: 0.9.44
Check: package dependencies
Result: NOTE
    Package suggested but not available for checking: ‘microbenchmark’
Flavors: r-patched-solaris-sparc, r-patched-solaris-x86

Version: 0.9.44
Check: re-building of vignette outputs
Result: WARN
    Error in re-building vignettes:
     ...
    Warning: It seems you should call rmarkdown::render() instead of knitr::knit2html() because FOCUS_D.Rmd appears to be an R Markdown v2 document.
    Warning: It seems you should call rmarkdown::render() instead of knitr::knit2html() because FOCUS_L.Rmd appears to be an R Markdown v2 document.
    Warning: It seems you should call rmarkdown::render() instead of knitr::knit2html() because compiled_models.Rmd appears to be an R Markdown v2 document.
    Quitting from lines 48-63 (compiled_models.Rmd)
    Error: processing vignette 'compiled_models.Rmd' failed with diagnostics:
    there is no package called 'microbenchmark'
    Execution halted
Flavors: r-patched-solaris-sparc, r-patched-solaris-x86