CRAN Package Check Results for Package mkin

Last updated on 2015-07-03 23:47:41.

Flavor Version Tinstall Tcheck Ttotal Status Flags
r-devel-linux-x86_64-debian-clang 0.9-39 1.56 256.97 258.53 NOTE
r-devel-linux-x86_64-debian-gcc 0.9-39 1.51 248.96 250.47 NOTE
r-devel-linux-x86_64-fedora-clang 0.9-39 497.42 NOTE
r-devel-linux-x86_64-fedora-gcc 0.9-39 483.66 NOTE
r-devel-osx-x86_64-clang 0.9-39 471.71 OK
r-devel-windows-ix86+x86_64 0.9-39 13.00 416.00 429.00 NOTE
r-patched-linux-x86_64 0.9-39 1.45 253.89 255.34 OK
r-patched-solaris-sparc 0.9-39 1108.30 NOTE
r-patched-solaris-x86 0.9-39 246.90 NOTE
r-release-linux-x86_64 0.9-39 1.51 244.46 245.97 OK
r-release-osx-x86_64-mavericks 0.9-39 OK
r-release-windows-ix86+x86_64 0.9-39 11.00 409.00 420.00 OK
r-oldrel-windows-ix86+x86_64 0.9-39 9.00 463.00 472.00 OK

Check Details

Version: 0.9-39
Check: R code for possible problems
Result: NOTE
    endpoints: no visible global function definition for ‘optimize’
    mkinerrmin : kinerrmin: no visible global function definition for
     ‘qchisq’
    mkinerrmin: no visible global function definition for ‘aggregate’
    mkinerrmin: no visible binding for global variable ‘time’
    mkinfit: no visible binding for global variable ‘time’
    mkinfit : cost: no visible global function definition for ‘points’
    mkinfit : cost: no visible binding for global variable ‘time’
    mkinfit : cost: no visible global function definition for ‘matlines’
    mkinfit : cost: no visible global function definition for ‘legend’
    mkinmod: no visible global function definition for ‘signature’
    mkinparplot: no visible global function definition for ‘par’
    mkinparplot: no visible global function definition for ‘layout’
    mkinparplot: no visible global function definition for ‘stripchart’
    mkinparplot: no visible global function definition for ‘abline’
    mkinparplot: no visible global function definition for ‘text’
    mkinparplot: no visible global function definition for ‘arrows’
    mkinplot: no visible global function definition for ‘plot’
    mkinresplot: no visible global function definition for ‘plot’
    mkinresplot: no visible global function definition for ‘points’
    mkinresplot: no visible global function definition for ‘abline’
    plot.mkinfit: no visible global function definition for ‘par’
    plot.mkinfit: no visible global function definition for ‘layout’
    plot.mkinfit: no visible global function definition for ‘plot’
    plot.mkinfit: no visible global function definition for ‘points’
    plot.mkinfit: no visible binding for global variable ‘time’
    plot.mkinfit: no visible global function definition for ‘matlines’
    plot.mkinfit: no visible global function definition for ‘abline’
    plot.mmkin: no visible global function definition for ‘par’
    plot.mmkin: no visible global function definition for ‘layout’
    plot.mmkin: no visible global function definition for ‘plot’
    plot.mmkin: no visible global function definition for ‘title’
    plot.mmkin: no visible global function definition for ‘mtext’
    print.summary.mkinfit: no visible global function definition for
     ‘cov2cor’
    summary.mkinfit: no visible global function definition for ‘qt’
    summary.mkinfit: no visible global function definition for ‘pt’
    summary.mkinfit: no visible global function definition for
     ‘packageVersion’
    Undefined global functions or variables:
     abline aggregate arrows cov2cor layout legend matlines mtext optimize
     packageVersion par plot points pt qchisq qt signature stripchart text
     time title
Flavors: r-devel-linux-x86_64-debian-clang, r-devel-linux-x86_64-debian-gcc, r-devel-linux-x86_64-fedora-clang, r-devel-linux-x86_64-fedora-gcc, r-devel-windows-ix86+x86_64

Version: 0.9-39
Check: package dependencies
Result: NOTE
    Package suggested but not available for checking: ‘microbenchmark’
Flavor: r-patched-solaris-sparc

Version: 0.9-39
Check: re-building of vignette outputs
Result: NOTE
    Error in re-building vignettes:
     ...
    Quitting from lines 48-58 (compiled_models.Rmd)
    Error: processing vignette 'compiled_models.Rmd' failed with diagnostics:
    there is no package called 'microbenchmark'
    Execution halted
Flavor: r-patched-solaris-sparc

Version: 0.9-39
Check: re-building of vignette outputs
Result: NOTE
    Error in re-building vignettes:
     ...
    Quitting from lines 48-58 (compiled_models.Rmd)
    Error: processing vignette 'compiled_models.Rmd' failed with diagnostics:
    Measured negative execution time! Please investigate and/or contact the package author.
    Execution halted
Flavor: r-patched-solaris-x86