CRAN Package Check Results for Package mkin

Last updated on 2015-04-19 11:51:13.

Flavor Version Tinstall Tcheck Ttotal Status Flags
r-devel-linux-x86_64-debian-clang 0.9-34 1.19 230.30 231.49 NOTE
r-devel-linux-x86_64-debian-gcc 0.9-34 1.42 235.80 237.22 NOTE
r-devel-linux-x86_64-fedora-clang 0.9-34 448.13 NOTE
r-devel-linux-x86_64-fedora-gcc 0.9-34 427.50 NOTE
r-devel-osx-x86_64-clang 0.9-34 375.06 NOTE
r-devel-windows-ix86+x86_64 0.9-34 7.00 453.00 460.00 OK
r-patched-linux-x86_64 0.9-34 1.50 214.33 215.83 NOTE
r-patched-solaris-sparc 0.9-34 2687.00 OK
r-patched-solaris-x86 0.9-34 484.70 OK
r-release-linux-x86_64 0.9-34 1.06 225.46 226.52 NOTE
r-release-osx-x86_64-mavericks 0.9-34 OK
r-release-osx-x86_64-snowleopard 0.9-34 ERROR
r-release-windows-ix86+x86_64 0.9-34 3.00 328.00 331.00 OK
r-oldrel-windows-ix86+x86_64 0.9-34 7.00 503.00 510.00 OK

Check Details

Version: 0.9-34
Check: S3 generic/method consistency
Result: NOTE
    Found the following apparent S3 methods exported but not registered:
     plot.mkinfit print.summary.mkinfit summary.mkinfit
    See section ‘Registering S3 methods’ in the ‘Writing R Extensions’
    manual.
Flavors: r-devel-linux-x86_64-debian-clang, r-devel-linux-x86_64-debian-gcc, r-devel-linux-x86_64-fedora-clang, r-devel-linux-x86_64-fedora-gcc, r-devel-osx-x86_64-clang, r-patched-linux-x86_64, r-release-linux-x86_64

Version: 0.9-34
Check: package dependencies
Result: ERROR
    Package suggested but not available for checking: ‘knitr’
    
    VignetteBuilder package required for checking but installed: ‘knitr’
    
    Files named as vignettes but with no recognized vignette engine:
     ‘inst/doc/FOCUS_Z.Rnw’
     ‘inst/doc/mkin.Rnw’
    (Is a VignetteBuilder field missing?)
    
    See section ‘The DESCRIPTION file’ in the ‘Writing R Extensions’
    manual.
Flavor: r-release-osx-x86_64-snowleopard