CRAN Package Check Results for Package mknapsack

Last updated on 2019-05-20 14:47:13 CEST.

Flavor Version Tinstall Tcheck Ttotal Status Flags
r-devel-linux-x86_64-debian-clang 0.1.0 1.88 77.92 79.80 OK
r-devel-linux-x86_64-debian-gcc 0.1.0 1.47 55.81 57.28 OK
r-devel-linux-x86_64-fedora-clang 0.1.0 79.29 OK
r-devel-linux-x86_64-fedora-gcc 0.1.0 73.53 OK
r-devel-windows-ix86+x86_64 0.1.0 7.00 59.00 66.00 OK
r-patched-linux-x86_64 0.1.0 1.88 72.57 74.45 OK
r-patched-solaris-x86 0.1.0 51.60 OK
r-release-linux-x86_64 0.1.0 1.81 71.75 73.56 OK
r-release-windows-ix86+x86_64 0.1.0 9.00 49.00 58.00 OK
r-release-osx-x86_64 0.1.0 OK
r-oldrel-windows-ix86+x86_64 0.1.0 3.00 34.00 37.00 OK
r-oldrel-osx-x86_64 0.1.0 NOTE

Check Details

Version: 0.1.0
Check: package dependencies
Result: NOTE
    Packages suggested but not available for checking:
     ‘Rglpk’ ‘ROI.plugin.glpk’
Flavor: r-oldrel-osx-x86_64