CRAN Package Check Results for Package mknapsack

Last updated on 2019-03-19 22:47:27 CET.

Flavor Version Tinstall Tcheck Ttotal Status Flags
r-devel-linux-x86_64-debian-clang 0.1.0 1.96 80.37 82.33 OK
r-devel-linux-x86_64-debian-gcc 0.1.0 1.68 55.58 57.26 OK
r-devel-linux-x86_64-fedora-clang 0.1.0 81.38 OK
r-devel-linux-x86_64-fedora-gcc 0.1.0 74.51 OK
r-devel-windows-ix86+x86_64 0.1.0 13.00 52.00 65.00 OK
r-patched-linux-x86_64 0.1.0 1.21 72.15 73.36 OK
r-patched-solaris-x86 0.1.0 47.40 OK
r-release-linux-x86_64 0.1.0 0.99 72.09 73.08 OK
r-release-windows-ix86+x86_64 0.1.0 5.00 48.00 53.00 OK
r-release-osx-x86_64 0.1.0 NOTE
r-oldrel-windows-ix86+x86_64 0.1.0 3.00 52.00 55.00 OK
r-oldrel-osx-x86_64 0.1.0 NOTE

Check Details

Version: 0.1.0
Check: package dependencies
Result: NOTE
    Packages suggested but not available for checking:
     ‘Rglpk’ ‘ROI.plugin.glpk’
Flavors: r-release-osx-x86_64, r-oldrel-osx-x86_64