CRAN Package Check Results for Package mkssd

Last updated on 2017-02-22 13:50:54.

Flavor Version Tinstall Tcheck Ttotal Status Flags
r-devel-linux-x86_64-debian-clang 1.1 0.56 10.78 11.34 NOTE
r-devel-linux-x86_64-debian-gcc 1.1 0.61 10.75 11.36 NOTE
r-devel-linux-x86_64-fedora-clang 1.1 16.82 NOTE --no-stop-on-test-error
r-devel-linux-x86_64-fedora-gcc 1.1 16.08 NOTE --no-stop-on-test-error
r-devel-macos-x86_64-clang 1.1 16.32 NOTE --no-stop-on-test-error
r-devel-windows-ix86+x86_64 1.1 2.00 33.00 35.00 NOTE
r-patched-linux-x86_64 1.1 0.50 8.95 9.45 NOTE
r-patched-solaris-sparc 1.1 88.90 NOTE
r-patched-solaris-x86 1.1 21.50 NOTE
r-release-linux-x86_64 1.1 0.44 8.88 9.32 NOTE
r-release-osx-x86_64-mavericks 1.1 NOTE
r-release-windows-ix86+x86_64 1.1 2.00 22.00 24.00 NOTE
r-oldrel-windows-ix86+x86_64 1.1 2.00 21.00 23.00 OK

Check Details

Version: 1.1
Check: R code for possible problems
Result: NOTE
    mkssd: no visible global function definition for ‘txtProgressBar’
    mkssd: no visible global function definition for ‘setTxtProgressBar’
    Undefined global functions or variables:
     setTxtProgressBar txtProgressBar
    Consider adding
     importFrom("utils", "setTxtProgressBar", "txtProgressBar")
    to your NAMESPACE file.
Flavors: r-devel-linux-x86_64-debian-clang, r-devel-linux-x86_64-debian-gcc, r-devel-windows-ix86+x86_64, r-patched-linux-x86_64, r-patched-solaris-sparc, r-patched-solaris-x86, r-release-linux-x86_64, r-release-osx-x86_64-mavericks, r-release-windows-ix86+x86_64

Version: 1.1
Flags: --no-stop-on-test-error
Check: R code for possible problems
Result: NOTE
    mkssd: no visible global function definition for ‘txtProgressBar’
    mkssd: no visible global function definition for ‘setTxtProgressBar’
    Undefined global functions or variables:
     setTxtProgressBar txtProgressBar
    Consider adding
     importFrom("utils", "setTxtProgressBar", "txtProgressBar")
    to your NAMESPACE file.
Flavors: r-devel-linux-x86_64-fedora-clang, r-devel-linux-x86_64-fedora-gcc, r-devel-macos-x86_64-clang