CRAN Package Check Results for Package mkssd

Last updated on 2017-08-20 15:48:48.

Flavor Version Tinstall Tcheck Ttotal Status Flags
r-devel-linux-x86_64-debian-clang 1.1 0.52 11.39 11.90 NOTE
r-devel-linux-x86_64-debian-gcc 1.1 0.52 11.01 11.53 NOTE
r-devel-linux-x86_64-fedora-clang 1.1 18.09 NOTE
r-devel-linux-x86_64-fedora-gcc 1.1 17.10 NOTE
r-devel-windows-ix86+x86_64 1.1 2.00 34.00 36.00 NOTE
r-patched-linux-x86_64 1.1 0.55 10.95 11.50 NOTE
r-patched-solaris-x86 1.1 25.70 NOTE
r-release-linux-x86_64 1.1 0.52 11.24 11.76 NOTE
r-release-windows-ix86+x86_64 1.1 2.00 21.00 23.00 NOTE
r-release-osx-x86_64 1.1 NOTE
r-oldrel-windows-ix86+x86_64 1.1 2.00 22.00 24.00 NOTE
r-oldrel-osx-x86_64 1.1 NOTE

Check Details

Version: 1.1
Check: R code for possible problems
Result: NOTE
    mkssd: no visible global function definition for ‘txtProgressBar’
    mkssd: no visible global function definition for ‘setTxtProgressBar’
    Undefined global functions or variables:
     setTxtProgressBar txtProgressBar
    Consider adding
     importFrom("utils", "setTxtProgressBar", "txtProgressBar")
    to your NAMESPACE file.
Flavors: r-devel-linux-x86_64-debian-clang, r-devel-linux-x86_64-debian-gcc, r-devel-linux-x86_64-fedora-clang, r-devel-linux-x86_64-fedora-gcc, r-devel-windows-ix86+x86_64, r-patched-linux-x86_64, r-patched-solaris-x86, r-release-linux-x86_64, r-release-windows-ix86+x86_64, r-release-osx-x86_64, r-oldrel-windows-ix86+x86_64, r-oldrel-osx-x86_64