CRAN Package Check Results for Package mkssd

Last updated on 2016-04-30 15:47:04.

Flavor Version Tinstall Tcheck Ttotal Status Flags
r-devel-linux-x86_64-debian-gcc 1.1 0.49 8.90 9.39 NOTE
r-devel-linux-x86_64-fedora-clang 1.1 14.29 NOTE
r-devel-linux-x86_64-fedora-gcc 1.1 13.13 NOTE
r-devel-osx-x86_64-clang 1.1 18.28 NOTE
r-devel-windows-ix86+x86_64 1.1 2.00 22.00 24.00 NOTE
r-patched-linux-x86_64 1.1 0.54 8.58 9.11 NOTE
r-patched-solaris-sparc 1.1 87.30 NOTE
r-patched-solaris-x86 1.1 20.20 NOTE
r-release-linux-x86_64 1.1 0.55 9.14 9.69 OK
r-release-osx-x86_64-mavericks 1.1 OK
r-release-windows-ix86+x86_64 1.1 2.00 13.00 15.00 OK
r-oldrel-windows-ix86+x86_64 1.1 3.00 14.00 17.00 OK

Check Details

Version: 1.1
Check: R code for possible problems
Result: NOTE
    mkssd: no visible global function definition for ‘txtProgressBar’
    mkssd: no visible global function definition for ‘setTxtProgressBar’
    Undefined global functions or variables:
     setTxtProgressBar txtProgressBar
    Consider adding
     importFrom("utils", "setTxtProgressBar", "txtProgressBar")
    to your NAMESPACE file.
Flavors: r-devel-linux-x86_64-debian-gcc, r-devel-linux-x86_64-fedora-clang, r-devel-linux-x86_64-fedora-gcc, r-devel-osx-x86_64-clang, r-devel-windows-ix86+x86_64, r-patched-linux-x86_64, r-patched-solaris-sparc, r-patched-solaris-x86