CRAN Package Check Results for Package mkssd

Last updated on 2016-07-25 03:47:11.

Flavor Version Tinstall Tcheck Ttotal Status Flags
r-devel-linux-x86_64-debian-clang 1.1 0.56 11.21 11.77 NOTE
r-devel-linux-x86_64-debian-gcc 1.1 0.62 10.19 10.81 NOTE
r-devel-linux-x86_64-fedora-clang 1.1 14.35 NOTE
r-devel-linux-x86_64-fedora-gcc 1.1 13.13 NOTE
r-devel-osx-x86_64-clang 1.1 13.76 NOTE
r-devel-windows-ix86+x86_64 1.1 2.00 24.00 26.00 NOTE
r-patched-linux-x86_64 1.1 0.66 10.87 11.53 NOTE
r-patched-solaris-sparc 1.1 89.00 NOTE
r-patched-solaris-x86 1.1 19.70 NOTE
r-release-linux-x86_64 1.1 0.64 10.93 11.56 NOTE
r-release-osx-x86_64-mavericks 1.1 NOTE
r-release-windows-ix86+x86_64 1.1 2.00 29.00 31.00 NOTE
r-oldrel-windows-ix86+x86_64 1.1 2.00 13.00 15.00 OK

Check Details

Version: 1.1
Check: R code for possible problems
Result: NOTE
    mkssd: no visible global function definition for ‘txtProgressBar’
    mkssd: no visible global function definition for ‘setTxtProgressBar’
    Undefined global functions or variables:
     setTxtProgressBar txtProgressBar
    Consider adding
     importFrom("utils", "setTxtProgressBar", "txtProgressBar")
    to your NAMESPACE file.
Flavors: r-devel-linux-x86_64-debian-clang, r-devel-linux-x86_64-debian-gcc, r-devel-linux-x86_64-fedora-clang, r-devel-linux-x86_64-fedora-gcc, r-devel-osx-x86_64-clang, r-devel-windows-ix86+x86_64, r-patched-linux-x86_64, r-patched-solaris-sparc, r-patched-solaris-x86, r-release-linux-x86_64, r-release-osx-x86_64-mavericks, r-release-windows-ix86+x86_64