CRAN Package Check Results for Package mkssd

Last updated on 2017-04-29 08:48:59.

Flavor Version Tinstall Tcheck Ttotal Status Flags
r-devel-linux-x86_64-debian-clang 1.1 0.62 10.79 11.41 NOTE
r-devel-linux-x86_64-debian-gcc 1.1 0.57 10.73 11.31 NOTE
r-devel-linux-x86_64-fedora-clang 1.1 17.77 NOTE --no-stop-on-test-error
r-devel-linux-x86_64-fedora-gcc 1.1 16.66 NOTE --no-stop-on-test-error
r-devel-windows-ix86+x86_64 1.1 3.00 27.00 30.00 NOTE
r-patched-linux-x86_64 1.1 0.54 11.77 12.31 NOTE
r-patched-solaris-sparc 1.1 110.60 NOTE
r-patched-solaris-x86 1.1 24.70 NOTE
r-release-linux-x86_64 1.1 0.55 10.79 11.34 NOTE
r-release-windows-ix86+x86_64 1.1 2.00 22.00 24.00 NOTE
r-release-osx-x86_64 1.1 NOTE
r-oldrel-windows-ix86+x86_64 1.1 2.00 22.00 24.00 NOTE
r-oldrel-osx-x86_64 1.1 NOTE

Check Details

Version: 1.1
Check: R code for possible problems
Result: NOTE
    mkssd: no visible global function definition for ‘txtProgressBar’
    mkssd: no visible global function definition for ‘setTxtProgressBar’
    Undefined global functions or variables:
     setTxtProgressBar txtProgressBar
    Consider adding
     importFrom("utils", "setTxtProgressBar", "txtProgressBar")
    to your NAMESPACE file.
Flavors: r-devel-linux-x86_64-debian-clang, r-devel-linux-x86_64-debian-gcc, r-devel-windows-ix86+x86_64, r-patched-linux-x86_64, r-patched-solaris-sparc, r-patched-solaris-x86, r-release-linux-x86_64, r-release-windows-ix86+x86_64, r-release-osx-x86_64, r-oldrel-windows-ix86+x86_64, r-oldrel-osx-x86_64

Version: 1.1
Flags: --no-stop-on-test-error
Check: R code for possible problems
Result: NOTE
    mkssd: no visible global function definition for ‘txtProgressBar’
    mkssd: no visible global function definition for ‘setTxtProgressBar’
    Undefined global functions or variables:
     setTxtProgressBar txtProgressBar
    Consider adding
     importFrom("utils", "setTxtProgressBar", "txtProgressBar")
    to your NAMESPACE file.
Flavors: r-devel-linux-x86_64-fedora-clang, r-devel-linux-x86_64-fedora-gcc