CRAN Package Check Results for Package mkssd

Last updated on 2018-04-22 23:50:28 CEST.

Flavor Version Tinstall Tcheck Ttotal Status Flags
r-devel-linux-x86_64-debian-clang 1.1 0.78 14.52 15.30 NOTE
r-devel-linux-x86_64-debian-gcc 1.1 0.57 12.75 13.32 NOTE
r-devel-linux-x86_64-fedora-clang 1.1 20.36 NOTE
r-devel-linux-x86_64-fedora-gcc 1.1 19.19 NOTE
r-devel-windows-ix86+x86_64 1.1 3.00 24.00 27.00 NOTE
r-devel-osx-x86_64 1.1 NOTE
r-patched-linux-x86_64 1.1 0.85 15.64 16.49 NOTE
r-patched-solaris-x86 1.1 31.50 NOTE
r-release-linux-x86_64 1.1 0.63 14.83 15.46 NOTE
r-release-windows-ix86+x86_64 1.1 2.00 21.00 23.00 NOTE
r-release-osx-x86_64 1.1 NOTE
r-oldrel-windows-ix86+x86_64 1.1 2.00 22.00 24.00 NOTE

Check Details

Version: 1.1
Check: R code for possible problems
Result: NOTE
    mkssd: no visible global function definition for ‘txtProgressBar’
    mkssd: no visible global function definition for ‘setTxtProgressBar’
    Undefined global functions or variables:
     setTxtProgressBar txtProgressBar
    Consider adding
     importFrom("utils", "setTxtProgressBar", "txtProgressBar")
    to your NAMESPACE file.
Flavors: r-devel-linux-x86_64-debian-clang, r-devel-linux-x86_64-debian-gcc, r-devel-linux-x86_64-fedora-clang, r-devel-linux-x86_64-fedora-gcc, r-devel-windows-ix86+x86_64, r-devel-osx-x86_64, r-patched-linux-x86_64, r-patched-solaris-x86, r-release-linux-x86_64, r-release-windows-ix86+x86_64, r-release-osx-x86_64, r-oldrel-windows-ix86+x86_64