CRAN Package Check Results for Package mkssd

Last updated on 2016-12-04 05:48:01.

Flavor Version Tinstall Tcheck Ttotal Status Flags
r-devel-linux-x86_64-debian-clang 1.1 0.54 10.23 10.77 NOTE
r-devel-linux-x86_64-debian-gcc 1.1 0.57 10.32 10.89 NOTE
r-devel-linux-x86_64-fedora-clang 1.1 17.90 NOTE --no-stop-on-test-error
r-devel-linux-x86_64-fedora-gcc 1.1 17.03 NOTE
r-devel-macos-x86_64-clang 1.1 16.23 NOTE
r-devel-windows-ix86+x86_64 1.1 3.00 24.00 27.00 NOTE
r-patched-linux-x86_64 1.1 0.47 9.13 9.60 NOTE
r-patched-solaris-sparc 1.1 89.00 NOTE
r-patched-solaris-x86 1.1 19.90 NOTE
r-release-linux-x86_64 1.1 0.45 8.93 9.39 NOTE
r-release-osx-x86_64-mavericks 1.1 NOTE
r-release-windows-ix86+x86_64 1.1 2.00 22.00 24.00 NOTE
r-oldrel-windows-ix86+x86_64 1.1 2.00 21.00 23.00 OK

Check Details

Version: 1.1
Check: R code for possible problems
Result: NOTE
    mkssd: no visible global function definition for ‘txtProgressBar’
    mkssd: no visible global function definition for ‘setTxtProgressBar’
    Undefined global functions or variables:
     setTxtProgressBar txtProgressBar
    Consider adding
     importFrom("utils", "setTxtProgressBar", "txtProgressBar")
    to your NAMESPACE file.
Flavors: r-devel-linux-x86_64-debian-clang, r-devel-linux-x86_64-debian-gcc, r-devel-linux-x86_64-fedora-gcc, r-devel-macos-x86_64-clang, r-devel-windows-ix86+x86_64, r-patched-linux-x86_64, r-patched-solaris-sparc, r-patched-solaris-x86, r-release-linux-x86_64, r-release-osx-x86_64-mavericks, r-release-windows-ix86+x86_64

Version: 1.1
Flags: --no-stop-on-test-error
Check: R code for possible problems
Result: NOTE
    mkssd: no visible global function definition for ‘txtProgressBar’
    mkssd: no visible global function definition for ‘setTxtProgressBar’
    Undefined global functions or variables:
     setTxtProgressBar txtProgressBar
    Consider adding
     importFrom("utils", "setTxtProgressBar", "txtProgressBar")
    to your NAMESPACE file.
Flavor: r-devel-linux-x86_64-fedora-clang