CRAN Package Check Results for Package mkssd

Last updated on 2016-06-29 03:47:27.

Flavor Version Tinstall Tcheck Ttotal Status Flags
r-devel-linux-x86_64-debian-gcc 1.1 0.51 9.82 10.33 NOTE
r-devel-linux-x86_64-fedora-clang 1.1 14.57 NOTE
r-devel-linux-x86_64-fedora-gcc 1.1 13.25 NOTE
r-devel-osx-x86_64-clang 1.1 13.69 NOTE
r-devel-windows-ix86+x86_64 1.1 2.00 23.00 25.00 NOTE
r-patched-linux-x86_64 1.1 0.57 9.33 9.90 NOTE
r-patched-solaris-sparc 1.1 89.00 NOTE
r-patched-solaris-x86 1.1 20.10 NOTE
r-release-linux-x86_64 1.1 0.51 8.54 9.05 NOTE
r-release-osx-x86_64-mavericks 1.1 NOTE
r-release-windows-ix86+x86_64 1.1 2.00 29.00 31.00 NOTE
r-oldrel-windows-ix86+x86_64 1.1 2.00 13.00 15.00 OK

Check Details

Version: 1.1
Check: R code for possible problems
Result: NOTE
    mkssd: no visible global function definition for ‘txtProgressBar’
    mkssd: no visible global function definition for ‘setTxtProgressBar’
    Undefined global functions or variables:
     setTxtProgressBar txtProgressBar
    Consider adding
     importFrom("utils", "setTxtProgressBar", "txtProgressBar")
    to your NAMESPACE file.
Flavors: r-devel-linux-x86_64-debian-gcc, r-devel-linux-x86_64-fedora-clang, r-devel-linux-x86_64-fedora-gcc, r-devel-osx-x86_64-clang, r-devel-windows-ix86+x86_64, r-patched-linux-x86_64, r-patched-solaris-sparc, r-patched-solaris-x86, r-release-linux-x86_64, r-release-osx-x86_64-mavericks, r-release-windows-ix86+x86_64