CRAN Package Check Results for Package mkssd

Last updated on 2015-07-30 17:47:18.

Flavor Version Tinstall Tcheck Ttotal Status Flags
r-devel-linux-x86_64-debian-clang 1.1 0.44 8.53 8.97 NOTE
r-devel-linux-x86_64-debian-gcc 1.1 0.44 8.53 8.96 NOTE
r-devel-linux-x86_64-fedora-clang 1.1 16.14 NOTE
r-devel-linux-x86_64-fedora-gcc 1.1 14.76 NOTE
r-devel-osx-x86_64-clang 1.1 16.20 OK
r-devel-windows-ix86+x86_64 1.1 2.00 23.00 25.00 NOTE
r-patched-linux-x86_64 1.1 0.52 8.86 9.38 OK
r-patched-solaris-sparc 1.1 108.80 OK
r-patched-solaris-x86 1.1 24.00 OK
r-release-linux-x86_64 1.1 0.46 8.79 9.24 OK
r-release-osx-x86_64-mavericks 1.1 OK
r-release-windows-ix86+x86_64 1.1 2.00 16.00 18.00 OK
r-oldrel-windows-ix86+x86_64 1.1 3.00 14.00 17.00 OK

Check Details

Version: 1.1
Check: R code for possible problems
Result: NOTE
    mkssd: no visible global function definition for ‘txtProgressBar’
    mkssd: no visible global function definition for ‘setTxtProgressBar’
    Undefined global functions or variables:
     setTxtProgressBar txtProgressBar
    Consider adding
     importFrom("utils", "setTxtProgressBar", "txtProgressBar")
    to your NAMESPACE.
Flavors: r-devel-linux-x86_64-debian-clang, r-devel-linux-x86_64-debian-gcc, r-devel-linux-x86_64-fedora-clang, r-devel-linux-x86_64-fedora-gcc, r-devel-windows-ix86+x86_64