CRAN Package Check Results for Package mkssd

Last updated on 2017-10-21 00:51:50.

Flavor Version Tinstall Tcheck Ttotal Status Flags
r-devel-linux-x86_64-debian-clang 1.1 0.51 10.69 11.19 NOTE
r-devel-linux-x86_64-debian-gcc 1.1 0.55 12.47 13.02 NOTE
r-devel-linux-x86_64-fedora-clang 1.1 18.77 NOTE
r-devel-linux-x86_64-fedora-gcc 1.1 18.01 NOTE
r-devel-windows-ix86+x86_64 1.1 2.00 23.00 25.00 NOTE
r-patched-linux-x86_64 1.1 0.64 11.14 11.77 NOTE
r-patched-solaris-x86 1.1 26.40 NOTE
r-release-linux-x86_64 1.1 0.55 11.07 11.62 NOTE
r-release-windows-ix86+x86_64 1.1 2.00 21.00 23.00 NOTE
r-release-osx-x86_64 1.1 NOTE
r-oldrel-windows-ix86+x86_64 1.1 2.00 22.00 24.00 NOTE
r-oldrel-osx-x86_64 1.1 NOTE

Check Details

Version: 1.1
Check: R code for possible problems
Result: NOTE
    mkssd: no visible global function definition for ‘txtProgressBar’
    mkssd: no visible global function definition for ‘setTxtProgressBar’
    Undefined global functions or variables:
     setTxtProgressBar txtProgressBar
    Consider adding
     importFrom("utils", "setTxtProgressBar", "txtProgressBar")
    to your NAMESPACE file.
Flavors: r-devel-linux-x86_64-debian-clang, r-devel-linux-x86_64-debian-gcc, r-devel-linux-x86_64-fedora-clang, r-devel-linux-x86_64-fedora-gcc, r-devel-windows-ix86+x86_64, r-patched-linux-x86_64, r-patched-solaris-x86, r-release-linux-x86_64, r-release-windows-ix86+x86_64, r-release-osx-x86_64, r-oldrel-windows-ix86+x86_64, r-oldrel-osx-x86_64