CRAN Package Check Results for Package mkssd

Last updated on 2016-05-31 17:51:41.

Flavor Version Tinstall Tcheck Ttotal Status Flags
r-devel-linux-x86_64-debian-gcc 1.1 0.48 8.69 9.16 NOTE
r-devel-linux-x86_64-fedora-clang 1.1 15.04 NOTE
r-devel-linux-x86_64-fedora-gcc 1.1 13.37 NOTE
r-devel-osx-x86_64-clang 1.1 18.25 NOTE
r-devel-windows-ix86+x86_64 1.1 2.00 21.00 23.00 NOTE
r-patched-linux-x86_64 1.1 0.48 9.62 10.10 NOTE
r-patched-solaris-sparc 1.1 87.30 NOTE
r-patched-solaris-x86 1.1 20.50 NOTE
r-release-linux-x86_64 1.1 0.45 8.99 9.45 NOTE
r-release-osx-x86_64-mavericks 1.1 NOTE
r-release-windows-ix86+x86_64 1.1 2.00 29.00 31.00 NOTE
r-oldrel-windows-ix86+x86_64 1.1 2.00 13.00 15.00 OK

Check Details

Version: 1.1
Check: R code for possible problems
Result: NOTE
    mkssd: no visible global function definition for ‘txtProgressBar’
    mkssd: no visible global function definition for ‘setTxtProgressBar’
    Undefined global functions or variables:
     setTxtProgressBar txtProgressBar
    Consider adding
     importFrom("utils", "setTxtProgressBar", "txtProgressBar")
    to your NAMESPACE file.
Flavors: r-devel-linux-x86_64-debian-gcc, r-devel-linux-x86_64-fedora-clang, r-devel-linux-x86_64-fedora-gcc, r-devel-osx-x86_64-clang, r-devel-windows-ix86+x86_64, r-patched-linux-x86_64, r-patched-solaris-sparc, r-patched-solaris-x86, r-release-linux-x86_64, r-release-osx-x86_64-mavericks, r-release-windows-ix86+x86_64