CRAN Package Check Results for Package mkssd

Last updated on 2015-09-01 19:47:21.

Flavor Version Tinstall Tcheck Ttotal Status Flags
r-devel-linux-x86_64-debian-clang 1.1 0.42 8.32 8.74 NOTE
r-devel-linux-x86_64-debian-gcc 1.1 0.41 8.09 8.50 NOTE
r-devel-linux-x86_64-fedora-clang 1.1 15.76 NOTE
r-devel-linux-x86_64-fedora-gcc 1.1 14.43 NOTE
r-devel-osx-x86_64-clang 1.1 16.97 OK
r-devel-windows-ix86+x86_64 1.1 2.00 24.00 26.00 NOTE
r-patched-linux-x86_64 1.1 0.52 8.49 9.01 OK
r-patched-solaris-sparc 1.1 108.80 OK
r-patched-solaris-x86 1.1 25.40 OK
r-release-linux-x86_64 1.1 0.47 8.61 9.08 OK
r-release-osx-x86_64-mavericks 1.1 OK
r-release-windows-ix86+x86_64 1.1 2.00 14.00 16.00 OK
r-oldrel-windows-ix86+x86_64 1.1 3.00 14.00 17.00 OK

Check Details

Version: 1.1
Check: R code for possible problems
Result: NOTE
    mkssd: no visible global function definition for ‘txtProgressBar’
    mkssd: no visible global function definition for ‘setTxtProgressBar’
    Undefined global functions or variables:
     setTxtProgressBar txtProgressBar
    Consider adding
     importFrom("utils", "setTxtProgressBar", "txtProgressBar")
    to your NAMESPACE.
Flavors: r-devel-linux-x86_64-debian-clang, r-devel-linux-x86_64-debian-gcc, r-devel-linux-x86_64-fedora-clang, r-devel-linux-x86_64-fedora-gcc, r-devel-windows-ix86+x86_64