CRAN Package Check Results for Package mkssd

Last updated on 2017-12-13 00:46:53 CET.

Flavor Version Tinstall Tcheck Ttotal Status Flags
r-devel-linux-x86_64-debian-clang 1.1 0.56 14.07 14.63 NOTE
r-devel-linux-x86_64-debian-gcc 1.1 0.54 11.78 12.32 NOTE
r-devel-linux-x86_64-fedora-clang 1.1 17.13 NOTE
r-devel-windows-ix86+x86_64 1.1 3.00 23.00 26.00 NOTE
r-patched-linux-x86_64 1.1 0.57 14.24 14.81 NOTE
r-patched-solaris-x86 1.1 26.00 NOTE
r-release-linux-x86_64 1.1 0.73 14.31 15.04 NOTE
r-release-windows-ix86+x86_64 1.1 2.00 21.00 23.00 NOTE
r-release-osx-x86_64 1.1 NOTE
r-oldrel-windows-ix86+x86_64 1.1 2.00 22.00 24.00 NOTE
r-oldrel-osx-x86_64 1.1 NOTE

Check Details

Version: 1.1
Check: R code for possible problems
Result: NOTE
    mkssd: no visible global function definition for ‘txtProgressBar’
    mkssd: no visible global function definition for ‘setTxtProgressBar’
    Undefined global functions or variables:
     setTxtProgressBar txtProgressBar
    Consider adding
     importFrom("utils", "setTxtProgressBar", "txtProgressBar")
    to your NAMESPACE file.
Flavors: r-devel-linux-x86_64-debian-clang, r-devel-linux-x86_64-debian-gcc, r-devel-linux-x86_64-fedora-clang, r-devel-windows-ix86+x86_64, r-patched-linux-x86_64, r-patched-solaris-x86, r-release-linux-x86_64, r-release-windows-ix86+x86_64, r-release-osx-x86_64, r-oldrel-windows-ix86+x86_64, r-oldrel-osx-x86_64