CRAN Package Check Results for Package mkssd

Last updated on 2016-02-08 14:47:07.

Flavor Version Tinstall Tcheck Ttotal Status Flags
r-devel-linux-x86_64-debian-gcc 1.1 0.49 7.93 8.41 NOTE
r-devel-linux-x86_64-fedora-clang 1.1 14.46 NOTE
r-devel-linux-x86_64-fedora-gcc 1.1 13.17 NOTE
r-devel-osx-x86_64-clang 1.1 18.19 NOTE
r-devel-windows-ix86+x86_64 1.1 4.00 17.00 21.00 NOTE
r-patched-linux-x86_64 1.1 0.56 8.22 8.79 OK
r-patched-solaris-sparc 1.1 110.10 OK
r-patched-solaris-x86 1.1 21.10 OK
r-release-linux-x86_64 1.1 0.48 8.46 8.94 OK
r-release-osx-x86_64-mavericks 1.1 OK
r-release-windows-ix86+x86_64 1.1 2.00 13.00 15.00 OK
r-oldrel-windows-ix86+x86_64 1.1 3.00 14.00 17.00 OK

Check Details

Version: 1.1
Check: R code for possible problems
Result: NOTE
    mkssd: no visible global function definition for ‘txtProgressBar’
    mkssd: no visible global function definition for ‘setTxtProgressBar’
    Undefined global functions or variables:
     setTxtProgressBar txtProgressBar
    Consider adding
     importFrom("utils", "setTxtProgressBar", "txtProgressBar")
    to your NAMESPACE file.
Flavors: r-devel-linux-x86_64-debian-gcc, r-devel-linux-x86_64-fedora-clang, r-devel-linux-x86_64-fedora-gcc, r-devel-osx-x86_64-clang, r-devel-windows-ix86+x86_64