CRAN Package Check Results for Package mlDNA

Last updated on 2014-08-29 14:47:03.

Flavor Version Tinstall Tcheck Ttotal Status Flags
r-devel-linux-x86_64-debian-clang 1.1 7.08 78.36 85.44 NOTE
r-devel-linux-x86_64-debian-gcc 1.1 7.18 77.61 84.79 NOTE
r-devel-linux-x86_64-fedora-clang 1.1 199.86 NOTE
r-devel-linux-x86_64-fedora-gcc 1.1 186.40 NOTE
r-devel-osx-x86_64-clang 1.1 156.62 NOTE
r-devel-windows-ix86+x86_64 1.1 25.00 126.00 151.00 NOTE
r-patched-linux-x86_64 1.1 7.38 86.96 94.35 OK
r-patched-solaris-sparc 1.1 1144.40 OK
r-patched-solaris-x86 1.1 286.70 OK
r-release-linux-ix86 1.1 10.22 111.84 122.05 OK
r-release-linux-x86_64 1.1 7.73 91.20 98.92 OK
r-release-osx-x86_64-mavericks 1.1 ERROR
r-release-osx-x86_64-snowleopard 1.1 OK
r-release-windows-ix86+x86_64 1.1 31.00 147.00 178.00 NOTE
r-oldrel-windows-ix86+x86_64 1.1 30.00 150.00 180.00 NOTE

Check Details

Version: 1.1
Check: R code for possible problems
Result: NOTE
    .DNA.connectivitylist : .fun_conn_idx: no visible global function
     definition for ‘attach.big.matrix’
    .DNA.distance: no visible global function definition for
     ‘as.big.matrix’
    .checkadjmatrix: no visible global function definition for
     ‘is.big.matrix’
    .filterLowCorrelation: no visible global function definition for
     ‘is.big.matrix’
    .network.differences : .fun_distance: no visible global function
     definition for ‘attach.big.matrix’
    .uniqueTissues: no visible global function definition for ‘str_sub’
    geneRanker: no visible global function definition for ‘RankingTstat’
    geneRanker: no visible global function definition for ‘RankingFC’
    geneRanker: no visible global function definition for ‘RankingWilcoxon’
    geneRanker: no visible global function definition for
     ‘RankingBaldiLong’
    geneRanker: no visible global function definition for
     ‘RankingShrinkageT’
    geneRanker: no visible global function definition for ‘RankingSam’
    geneRanker: no visible global function definition for
     ‘RankingSoftthresholdT’
    geneRanker: no visible global function definition for ‘RankingLimma’
    geneRanker: no visible global function definition for ‘toplist’
Flavors: r-devel-linux-x86_64-debian-clang, r-devel-linux-x86_64-debian-gcc, r-devel-linux-x86_64-fedora-clang, r-devel-linux-x86_64-fedora-gcc, r-devel-osx-x86_64-clang, r-devel-windows-ix86+x86_64

Version: 1.1
Check: package dependencies
Result: NOTE
    Package suggested but not available for checking: 'bigmemory'
Flavors: r-devel-windows-ix86+x86_64, r-release-windows-ix86+x86_64, r-oldrel-windows-ix86+x86_64

Version: 1.1
Check: package dependencies
Result: ERROR
    Package required but not available: ‘rsgcc’
    
    Packages suggested but not available for checking:
     ‘GeneSelector’ ‘cairoDevice’
    
    See the information on DESCRIPTION files in the chapter ‘Creating R
    packages’ of the ‘Writing R Extensions’ manual.
Flavor: r-release-osx-x86_64-mavericks

Version: 1.1
Check: R code for possible problems
Result: NOTE
    .DNA.connectivitylist : .fun_conn_idx: no visible global function
     definition for 'attach.big.matrix'
    .DNA.distance: no visible global function definition for
     'as.big.matrix'
    .checkadjmatrix: no visible global function definition for
     'is.big.matrix'
    .filterLowCorrelation: no visible global function definition for
     'is.big.matrix'
    .network.differences : .fun_distance: no visible global function
     definition for 'attach.big.matrix'
Flavors: r-release-windows-ix86+x86_64, r-oldrel-windows-ix86+x86_64