CRAN Package Check Results for Package mlDNA

Last updated on 2014-07-25 12:47:35.

Flavor Version Tinstall Tcheck Ttotal Status Flags
r-devel-linux-x86_64-debian-clang 1.1 7.62 84.86 92.48 OK
r-devel-linux-x86_64-debian-gcc 1.1 7.69 83.81 91.50 OK
r-devel-linux-x86_64-fedora-clang 1.1 215.38 OK
r-devel-linux-x86_64-fedora-gcc 1.1 215.05 OK
r-devel-osx-x86_64-clang 1.1 169.16 OK
r-devel-windows-ix86+x86_64 1.1 27.00 136.00 163.00 NOTE
r-patched-linux-x86_64 1.1 7.69 83.98 91.67 OK
r-patched-solaris-sparc 1.1 1215.40 OK
r-patched-solaris-x86 1.1 277.00 OK
r-release-linux-ix86 1.1 9.99 111.04 121.02 OK
r-release-linux-x86_64 1.1 8.08 89.41 97.49 OK
r-release-osx-x86_64-mavericks 1.1 ERROR
r-release-osx-x86_64-snowleopard 1.1 OK
r-release-windows-ix86+x86_64 1.1 28.00 140.00 168.00 NOTE
r-oldrel-windows-ix86+x86_64 1.1 28.00 145.00 173.00 NOTE

Check Details

Version: 1.1
Check: package dependencies
Result: NOTE
    Package suggested but not available for checking: 'bigmemory'
Flavors: r-devel-windows-ix86+x86_64, r-release-windows-ix86+x86_64, r-oldrel-windows-ix86+x86_64

Version: 1.1
Check: R code for possible problems
Result: NOTE
    .DNA.connectivitylist : .fun_conn_idx: no visible global function
     definition for 'attach.big.matrix'
    .DNA.distance: no visible global function definition for
     'as.big.matrix'
    .checkadjmatrix: no visible global function definition for
     'is.big.matrix'
    .filterLowCorrelation: no visible global function definition for
     'is.big.matrix'
    .network.differences : .fun_distance: no visible global function
     definition for 'attach.big.matrix'
Flavors: r-devel-windows-ix86+x86_64, r-release-windows-ix86+x86_64, r-oldrel-windows-ix86+x86_64

Version: 1.1
Check: package dependencies
Result: ERROR
    Package required but not available: ‘rsgcc’
    
    Packages suggested but not available for checking:
     ‘GeneSelector’ ‘cairoDevice’
    
    See the information on DESCRIPTION files in the chapter ‘Creating R
    packages’ of the ‘Writing R Extensions’ manual.
Flavor: r-release-osx-x86_64-mavericks