CRAN Package Check Results for Package mlDNA

Last updated on 2014-10-23 09:52:50.

Flavor Version Tinstall Tcheck Ttotal Status Flags
r-devel-linux-x86_64-debian-clang 1.1 6.89 78.32 85.22 NOTE
r-devel-linux-x86_64-debian-gcc 1.1 6.88 78.24 85.11 NOTE
r-devel-linux-x86_64-fedora-clang 1.1 201.15 NOTE
r-devel-linux-x86_64-fedora-gcc 1.1 185.38 NOTE
r-devel-osx-x86_64-clang 1.1 167.00 NOTE
r-devel-windows-ix86+x86_64 1.1 27.00 122.00 149.00 NOTE
r-patched-linux-x86_64 1.1 7.36 82.45 89.81 NOTE
r-patched-solaris-sparc 1.1 1053.00 NOTE
r-patched-solaris-x86 1.1 258.50 NOTE
r-release-linux-ix86 1.1 9.87 112.85 122.72 OK
r-release-linux-x86_64 1.1 7.79 89.61 97.40 OK
r-release-osx-x86_64-mavericks 1.1 ERROR
r-release-osx-x86_64-snowleopard 1.1 OK
r-release-windows-ix86+x86_64 1.1 26.00 145.00 171.00 NOTE
r-oldrel-windows-ix86+x86_64 1.1 28.00 146.00 174.00 NOTE

Check Details

Version: 1.1
Check: R code for possible problems
Result: NOTE
    .DNA.connectivitylist : .fun_conn_idx: no visible global function
     definition for ‘attach.big.matrix’
    .DNA.distance: no visible global function definition for
     ‘as.big.matrix’
    .checkadjmatrix: no visible global function definition for
     ‘is.big.matrix’
    .filterLowCorrelation: no visible global function definition for
     ‘is.big.matrix’
    .network.differences : .fun_distance: no visible global function
     definition for ‘attach.big.matrix’
    .uniqueTissues: no visible global function definition for ‘str_sub’
    geneRanker: no visible global function definition for ‘RankingTstat’
    geneRanker: no visible global function definition for ‘RankingFC’
    geneRanker: no visible global function definition for ‘RankingWilcoxon’
    geneRanker: no visible global function definition for
     ‘RankingBaldiLong’
    geneRanker: no visible global function definition for
     ‘RankingShrinkageT’
    geneRanker: no visible global function definition for ‘RankingSam’
    geneRanker: no visible global function definition for
     ‘RankingSoftthresholdT’
    geneRanker: no visible global function definition for ‘RankingLimma’
    geneRanker: no visible global function definition for ‘toplist’
Flavors: r-devel-linux-x86_64-debian-clang, r-devel-linux-x86_64-debian-gcc, r-devel-linux-x86_64-fedora-clang, r-devel-linux-x86_64-fedora-gcc, r-devel-osx-x86_64-clang, r-devel-windows-ix86+x86_64, r-patched-linux-x86_64, r-patched-solaris-sparc, r-patched-solaris-x86

Version: 1.1
Check: package dependencies
Result: ERROR
    Package required but not available: ‘rsgcc’
    
    Packages suggested but not available for checking:
     ‘GeneSelector’ ‘cairoDevice’
    
    See the information on DESCRIPTION files in the chapter ‘Creating R
    packages’ of the ‘Writing R Extensions’ manual.
Flavor: r-release-osx-x86_64-mavericks

Version: 1.1
Check: package dependencies
Result: NOTE
    Package suggested but not available for checking: 'bigmemory'
Flavors: r-release-windows-ix86+x86_64, r-oldrel-windows-ix86+x86_64

Version: 1.1
Check: R code for possible problems
Result: NOTE
    .DNA.connectivitylist : .fun_conn_idx: no visible global function
     definition for 'attach.big.matrix'
    .DNA.distance: no visible global function definition for
     'as.big.matrix'
    .checkadjmatrix: no visible global function definition for
     'is.big.matrix'
    .filterLowCorrelation: no visible global function definition for
     'is.big.matrix'
    .network.differences : .fun_distance: no visible global function
     definition for 'attach.big.matrix'
Flavors: r-release-windows-ix86+x86_64, r-oldrel-windows-ix86+x86_64