CRAN Package Check Results for Package mlDNA

Last updated on 2014-04-24 17:49:47.

Flavor Version Tinstall Tcheck Ttotal Status Flags
r-devel-linux-x86_64-debian-clang 1.1 8.49 92.94 101.43 OK
r-devel-linux-x86_64-debian-gcc 1.1 8.05 95.26 103.31 OK
r-devel-linux-x86_64-fedora-clang 1.1 227.77 OK
r-devel-linux-x86_64-fedora-gcc 1.1 213.71 OK
r-devel-osx-x86_64-clang 1.1 182.99 OK
r-devel-osx-x86_64-gcc 1.1 ERROR
r-devel-windows-ix86+x86_64 1.1 24.00 124.00 148.00 NOTE
r-patched-linux-x86_64 1.1 8.42 92.43 100.86 OK
r-patched-solaris-sparc 1.1 1215.40 OK
r-patched-solaris-x86 1.1 298.80 OK
r-release-linux-ix86 1.1 13.00 155.00 168.00 OK
r-release-linux-x86_64 1.1 8.31 95.54 103.85 OK
r-release-osx-x86_64-mavericks 1.1 ERROR
r-release-osx-x86_64-snowleopard 1.1 OK
r-release-windows-ix86+x86_64 1.1 26.00 132.00 158.00 NOTE
r-oldrel-windows-ix86+x86_64 1.1 31.00 145.00 176.00 NOTE

Check Details

Version: 1.1
Check: package dependencies
Result: ERROR
    Packages required but not available: ‘igraph’ ‘rsgcc’
    
    Package suggested but not available for checking: ‘GeneSelector’
    
    See the information on DESCRIPTION files in the chapter ‘Creating R
    packages’ of the ‘Writing R Extensions’ manual.
Flavor: r-devel-osx-x86_64-gcc

Version: 1.1
Check: package dependencies
Result: NOTE
    Package suggested but not available for checking: 'bigmemory'
Flavors: r-devel-windows-ix86+x86_64, r-release-windows-ix86+x86_64, r-oldrel-windows-ix86+x86_64

Version: 1.1
Check: R code for possible problems
Result: NOTE
    .DNA.connectivitylist : .fun_conn_idx: no visible global function
     definition for 'attach.big.matrix'
    .DNA.distance: no visible global function definition for
     'as.big.matrix'
    .checkadjmatrix: no visible global function definition for
     'is.big.matrix'
    .filterLowCorrelation: no visible global function definition for
     'is.big.matrix'
    .network.differences : .fun_distance: no visible global function
     definition for 'attach.big.matrix'
Flavors: r-devel-windows-ix86+x86_64, r-release-windows-ix86+x86_64, r-oldrel-windows-ix86+x86_64

Version: 1.1
Check: package dependencies
Result: ERROR
    Package required but not available: ‘rsgcc’
    
    Packages suggested but not available for checking:
     ‘GeneSelector’ ‘cairoDevice’
    
    See the information on DESCRIPTION files in the chapter ‘Creating R
    packages’ of the ‘Writing R Extensions’ manual.
Flavor: r-release-osx-x86_64-mavericks