CRAN Package Check Results for Package mlDNA

Last updated on 2015-05-28 07:48:59.

Flavor Version Tinstall Tcheck Ttotal Status Flags
r-devel-linux-x86_64-debian-clang 1.1 5.70 54.28 59.98 NOTE
r-devel-linux-x86_64-debian-gcc 1.1 5.61 52.08 57.69 NOTE
r-devel-linux-x86_64-fedora-clang 1.1 123.89 NOTE
r-devel-linux-x86_64-fedora-gcc 1.1 116.67 NOTE
r-devel-osx-x86_64-clang 1.1 111.66 NOTE
r-devel-windows-ix86+x86_64 1.1 19.00 88.00 107.00 NOTE
r-patched-linux-x86_64 1.1 5.23 52.82 58.05 NOTE
r-patched-solaris-sparc 1.1 749.60 NOTE
r-patched-solaris-x86 1.1 184.50 NOTE
r-release-linux-x86_64 1.1 5.30 52.62 57.92 NOTE
r-release-osx-x86_64-mavericks 1.1 NOTE
r-release-osx-x86_64-snowleopard 1.1 ERROR
r-release-windows-ix86+x86_64 1.1 17.00 86.00 103.00 NOTE
r-oldrel-windows-ix86+x86_64 1.1 28.00 147.00 175.00 NOTE

Check Details

Version: 1.1
Check: dependencies in R code
Result: NOTE
    'library' or 'require' calls in package code:
     ‘cairoDevice’ ‘gplots’
     Please use :: or requireNamespace() instead.
     See section 'Suggested packages' in the 'Writing R Extensions' manual.
Flavors: r-devel-linux-x86_64-debian-clang, r-devel-linux-x86_64-debian-gcc, r-devel-linux-x86_64-fedora-clang, r-devel-linux-x86_64-fedora-gcc, r-devel-osx-x86_64-clang, r-devel-windows-ix86+x86_64, r-patched-linux-x86_64, r-patched-solaris-sparc, r-patched-solaris-x86, r-release-linux-x86_64, r-release-osx-x86_64-mavericks, r-release-windows-ix86+x86_64, r-oldrel-windows-ix86+x86_64

Version: 1.1
Check: R code for possible problems
Result: NOTE
    .DNA.connectivitylist : .fun_conn_idx: no visible global function
     definition for ‘attach.big.matrix’
    .DNA.distance: no visible global function definition for
     ‘as.big.matrix’
    .checkadjmatrix: no visible global function definition for
     ‘is.big.matrix’
    .filterLowCorrelation: no visible global function definition for
     ‘is.big.matrix’
    .network.differences : .fun_distance: no visible global function
     definition for ‘attach.big.matrix’
    .uniqueTissues: no visible global function definition for ‘str_sub’
    geneRanker: no visible global function definition for ‘RankingTstat’
    geneRanker: no visible global function definition for ‘RankingFC’
    geneRanker: no visible global function definition for ‘RankingWilcoxon’
    geneRanker: no visible global function definition for
     ‘RankingBaldiLong’
    geneRanker: no visible global function definition for
     ‘RankingShrinkageT’
    geneRanker: no visible global function definition for ‘RankingSam’
    geneRanker: no visible global function definition for
     ‘RankingSoftthresholdT’
    geneRanker: no visible global function definition for ‘RankingLimma’
    geneRanker: no visible global function definition for ‘toplist’
Flavors: r-devel-linux-x86_64-debian-clang, r-devel-linux-x86_64-debian-gcc, r-devel-linux-x86_64-fedora-clang, r-devel-linux-x86_64-fedora-gcc, r-devel-osx-x86_64-clang, r-devel-windows-ix86+x86_64, r-patched-linux-x86_64, r-patched-solaris-sparc, r-patched-solaris-x86, r-release-linux-x86_64, r-release-osx-x86_64-mavericks, r-release-windows-ix86+x86_64, r-oldrel-windows-ix86+x86_64

Version: 1.1
Check: package dependencies
Result: NOTE
    Package suggested but not available for checking: ‘GeneSelector’
Flavor: r-release-osx-x86_64-mavericks

Version: 1.1
Check: package dependencies
Result: ERROR
    Package required but not available: ‘igraph’
    
    Package suggested but not available for checking: ‘GeneSelector’
    
    See section ‘The DESCRIPTION file’ in the ‘Writing R Extensions’
    manual.
Flavor: r-release-osx-x86_64-snowleopard

Version: 1.1
Check: package dependencies
Result: NOTE
    Package suggested but not available for checking: 'bigmemory'
Flavor: r-oldrel-windows-ix86+x86_64