CRAN Package Check Results for Package mlDNA

Last updated on 2015-04-26 12:46:34.

Flavor Version Tinstall Tcheck Ttotal Status Flags
r-devel-linux-x86_64-debian-clang 1.1 5.47 53.65 59.12 NOTE
r-devel-linux-x86_64-debian-gcc 1.1 5.15 53.91 59.06 NOTE
r-devel-linux-x86_64-fedora-clang 1.1 125.11 NOTE
r-devel-linux-x86_64-fedora-gcc 1.1 114.82 NOTE
r-devel-osx-x86_64-clang 1.1 104.61 NOTE
r-devel-windows-ix86+x86_64 1.1 18.00 87.00 105.00 NOTE
r-patched-linux-x86_64 1.1 5.30 51.88 57.18 NOTE
r-patched-solaris-sparc 1.1 747.40 NOTE
r-patched-solaris-x86 1.1 178.30 NOTE
r-release-linux-x86_64 1.1 5.24 51.96 57.20 NOTE
r-release-osx-x86_64-mavericks 1.1 ERROR
r-release-osx-x86_64-snowleopard 1.1 ERROR
r-release-windows-ix86+x86_64 1.1 17.00 84.00 101.00 NOTE
r-oldrel-windows-ix86+x86_64 1.1 29.00 141.00 170.00 NOTE

Check Details

Version: 1.1
Check: dependencies in R code
Result: NOTE
    'library' or 'require' calls in package code:
     ‘cairoDevice’ ‘gplots’
     Please use :: or requireNamespace() instead.
     See section 'Suggested packages' in the 'Writing R Extensions' manual.
Flavors: r-devel-linux-x86_64-fedora-clang, r-devel-linux-x86_64-fedora-gcc, r-devel-osx-x86_64-clang, r-devel-windows-ix86+x86_64, r-patched-solaris-sparc, r-patched-solaris-x86, r-release-windows-ix86+x86_64, r-oldrel-windows-ix86+x86_64

Version: 1.1
Check: R code for possible problems
Result: NOTE
    .DNA.connectivitylist : .fun_conn_idx: no visible global function
     definition for ‘attach.big.matrix’
    .DNA.distance: no visible global function definition for
     ‘as.big.matrix’
    .checkadjmatrix: no visible global function definition for
     ‘is.big.matrix’
    .filterLowCorrelation: no visible global function definition for
     ‘is.big.matrix’
    .network.differences : .fun_distance: no visible global function
     definition for ‘attach.big.matrix’
    .uniqueTissues: no visible global function definition for ‘str_sub’
    geneRanker: no visible global function definition for ‘RankingTstat’
    geneRanker: no visible global function definition for ‘RankingFC’
    geneRanker: no visible global function definition for ‘RankingWilcoxon’
    geneRanker: no visible global function definition for
     ‘RankingBaldiLong’
    geneRanker: no visible global function definition for
     ‘RankingShrinkageT’
    geneRanker: no visible global function definition for ‘RankingSam’
    geneRanker: no visible global function definition for
     ‘RankingSoftthresholdT’
    geneRanker: no visible global function definition for ‘RankingLimma’
    geneRanker: no visible global function definition for ‘toplist’
Flavors: r-devel-linux-x86_64-fedora-clang, r-devel-linux-x86_64-fedora-gcc, r-devel-osx-x86_64-clang, r-devel-windows-ix86+x86_64, r-patched-solaris-sparc, r-patched-solaris-x86, r-release-windows-ix86+x86_64, r-oldrel-windows-ix86+x86_64

Version: 1.1
Check: package dependencies
Result: NOTE
    Package suggested but not available for checking: ‘bigmemory’
Flavors: r-patched-solaris-sparc, r-oldrel-windows-ix86+x86_64

Version: 1.1
Check: package dependencies
Result: ERROR
    Package required but not available: ‘rsgcc’
    
    Packages suggested but not available for checking:
     ‘GeneSelector’ ‘cairoDevice’
    
    See section ‘The DESCRIPTION file’ in the ‘Writing R Extensions’
    manual.
Flavor: r-release-osx-x86_64-mavericks