CRAN Package Check Results for Package mlbench

Last updated on 2015-02-26 23:47:48.

Flavor Version Tinstall Tcheck Ttotal Status Flags
r-devel-linux-x86_64-debian-clang 2.1-1 1.42 14.23 15.65 NOTE
r-devel-linux-x86_64-debian-gcc 2.1-1 1.28 14.09 15.36 NOTE
r-devel-linux-x86_64-fedora-clang 2.1-1 29.33 NOTE
r-devel-linux-x86_64-fedora-gcc 2.1-1 27.80 NOTE
r-devel-osx-x86_64-clang 2.1-1 32.84 OK
r-devel-windows-ix86+x86_64 2.1-1 12.00 31.00 43.00 OK
r-patched-linux-x86_64 2.1-1 1.46 15.92 17.39 NOTE
r-patched-solaris-sparc 2.1-1 205.30 OK
r-patched-solaris-x86 2.1-1 46.50 OK
r-release-linux-ix86 2.1-1 2.04 24.55 26.59 NOTE
r-release-linux-x86_64 2.1-1 1.45 0.25 1.70 OK
r-release-osx-x86_64-mavericks 2.1-1 OK
r-release-windows-ix86+x86_64 2.1-1 8.00 36.00 44.00 OK
r-oldrel-windows-ix86+x86_64 2.1-1 8.00 50.00 58.00 OK

Check Details

Version: 2.1-1
Check: top-level files
Result: NOTE
    Non-standard file/directory found at top level:
     ‘Data-Administration.R’
Flavors: r-devel-linux-x86_64-debian-clang, r-devel-linux-x86_64-debian-gcc, r-devel-linux-x86_64-fedora-clang, r-devel-linux-x86_64-fedora-gcc, r-patched-linux-x86_64, r-release-linux-ix86