CRAN Package Check Results for Package mlbench

Last updated on 2015-05-23 06:46:49.

Flavor Version Tinstall Tcheck Ttotal Status Flags
r-devel-linux-x86_64-debian-clang 2.1-1 1.39 14.12 15.51 NOTE
r-devel-linux-x86_64-debian-gcc 2.1-1 1.36 14.52 15.88 NOTE
r-devel-linux-x86_64-fedora-clang 2.1-1 29.31 NOTE
r-devel-linux-x86_64-fedora-gcc 2.1-1 28.19 NOTE
r-devel-osx-x86_64-clang 2.1-1 34.24 OK
r-devel-windows-ix86+x86_64 2.1-1 7.00 31.00 38.00 OK
r-patched-linux-x86_64 2.1-1 1.30 14.56 15.86 NOTE
r-patched-solaris-sparc 2.1-1 197.10 OK
r-patched-solaris-x86 2.1-1 40.60 OK
r-release-linux-x86_64 2.1-1 1.32 14.40 15.73 NOTE
r-release-osx-x86_64-mavericks 2.1-1 OK
r-release-osx-x86_64-snowleopard 2.1-1 OK
r-release-windows-ix86+x86_64 2.1-1 7.00 30.00 37.00 OK
r-oldrel-windows-ix86+x86_64 2.1-1 8.00 48.00 56.00 OK

Check Details

Version: 2.1-1
Check: top-level files
Result: NOTE
    Non-standard file/directory found at top level:
     ‘Data-Administration.R’
Flavors: r-devel-linux-x86_64-debian-clang, r-devel-linux-x86_64-debian-gcc, r-devel-linux-x86_64-fedora-clang, r-devel-linux-x86_64-fedora-gcc, r-patched-linux-x86_64, r-release-linux-x86_64