CRAN Package Check Results for Package mlbench

Last updated on 2014-12-22 23:48:50.

Flavor Version Tinstall Tcheck Ttotal Status Flags
r-devel-linux-x86_64-debian-clang 2.1-1 1.50 15.04 16.54 NOTE
r-devel-linux-x86_64-debian-gcc 2.1-1 1.41 15.30 16.72 NOTE
r-devel-linux-x86_64-fedora-clang 2.1-1 32.98 NOTE
r-devel-linux-x86_64-fedora-gcc 2.1-1 31.66 NOTE
r-devel-osx-x86_64-clang 2.1-1 34.51 OK
r-devel-windows-ix86+x86_64 2.1-1 8.00 32.00 40.00 OK
r-patched-linux-x86_64 2.1-1 1.39 15.50 16.89 NOTE
r-patched-solaris-sparc 2.1-1 205.10 OK
r-patched-solaris-x86 2.1-1 45.20 OK
r-release-linux-ix86 2.1-1 1.98 22.12 24.10 OK
r-release-linux-x86_64 2.1-1 1.40 15.30 16.70 NOTE
r-release-osx-x86_64-mavericks 2.1-1 OK
r-release-windows-ix86+x86_64 2.1-1 7.00 34.00 41.00 OK
r-oldrel-windows-ix86+x86_64 2.1-1 7.00 36.00 43.00 OK

Check Details

Version: 2.1-1
Check: top-level files
Result: NOTE
    Non-standard file/directory found at top level:
     ‘Data-Administration.R’
Flavors: r-devel-linux-x86_64-debian-clang, r-devel-linux-x86_64-debian-gcc, r-devel-linux-x86_64-fedora-clang, r-devel-linux-x86_64-fedora-gcc, r-patched-linux-x86_64, r-release-linux-x86_64