CRAN Package Check Results for Package mlbench

Last updated on 2015-01-30 08:51:29.

Flavor Version Tinstall Tcheck Ttotal Status Flags
r-devel-linux-x86_64-debian-clang 2.1-1 1.43 14.25 15.68 NOTE
r-devel-linux-x86_64-debian-gcc 2.1-1 1.41 14.18 15.59 NOTE
r-devel-linux-x86_64-fedora-clang 2.1-1 32.68 NOTE
r-devel-linux-x86_64-fedora-gcc 2.1-1 31.81 NOTE
r-devel-osx-x86_64-clang 2.1-1 35.06 OK
r-devel-windows-ix86+x86_64 2.1-1 10.00 31.00 41.00 OK
r-patched-linux-x86_64 2.1-1 1.41 15.94 17.36 NOTE
r-patched-solaris-sparc 2.1-1 205.30 OK
r-patched-solaris-x86 2.1-1 47.60 OK
r-release-linux-ix86 2.1-1 2.01 22.15 24.16 OK
r-release-linux-x86_64 2.1-1 1.45 15.40 16.85 NOTE
r-release-osx-x86_64-mavericks 2.1-1 OK
r-release-windows-ix86+x86_64 2.1-1 7.00 36.00 43.00 OK
r-oldrel-windows-ix86+x86_64 2.1-1 6.00 35.00 41.00 OK

Check Details

Version: 2.1-1
Check: top-level files
Result: NOTE
    Non-standard file/directory found at top level:
     ‘Data-Administration.R’
Flavors: r-devel-linux-x86_64-debian-clang, r-devel-linux-x86_64-debian-gcc, r-devel-linux-x86_64-fedora-clang, r-devel-linux-x86_64-fedora-gcc, r-patched-linux-x86_64, r-release-linux-x86_64