CRAN Package Check Results for Package mlbench

Last updated on 2015-04-26 12:46:34.

Flavor Version Tinstall Tcheck Ttotal Status Flags
r-devel-linux-x86_64-debian-clang 2.1-1 1.36 14.00 15.37 NOTE
r-devel-linux-x86_64-debian-gcc 2.1-1 1.28 15.09 16.38 NOTE
r-devel-linux-x86_64-fedora-clang 2.1-1 29.90 NOTE
r-devel-linux-x86_64-fedora-gcc 2.1-1 27.23 NOTE
r-devel-osx-x86_64-clang 2.1-1 32.79 OK
r-devel-windows-ix86+x86_64 2.1-1 8.00 31.00 39.00 OK
r-patched-linux-x86_64 2.1-1 1.38 13.88 15.26 NOTE
r-patched-solaris-sparc 2.1-1 207.60 OK
r-patched-solaris-x86 2.1-1 40.60 OK
r-release-linux-x86_64 2.1-1 1.38 14.07 15.45 NOTE
r-release-osx-x86_64-mavericks 2.1-1 OK
r-release-osx-x86_64-snowleopard 2.1-1 OK
r-release-windows-ix86+x86_64 2.1-1 9.00 32.00 41.00 OK
r-oldrel-windows-ix86+x86_64 2.1-1 5.00 42.00 47.00 OK

Check Details

Version: 2.1-1
Check: top-level files
Result: NOTE
    Non-standard file/directory found at top level:
     ‘Data-Administration.R’
Flavors: r-devel-linux-x86_64-fedora-clang, r-devel-linux-x86_64-fedora-gcc