CRAN Package Check Results for Package mlbench

Last updated on 2014-07-31 01:47:49.

Flavor Version Tinstall Tcheck Ttotal Status Flags
r-devel-linux-x86_64-debian-clang 2.1-1 1.60 14.69 16.29 OK
r-devel-linux-x86_64-debian-gcc 2.1-1 1.38 14.89 16.26 OK
r-devel-linux-x86_64-fedora-clang 2.1-1 31.61 NOTE
r-devel-linux-x86_64-fedora-gcc 2.1-1 29.66 NOTE
r-devel-osx-x86_64-clang 2.1-1 33.67 OK
r-devel-windows-ix86+x86_64 2.1-1 6.00 35.00 41.00 OK
r-patched-linux-x86_64 2.1-1 1.44 15.21 16.65 OK
r-patched-solaris-sparc 2.1-1 204.10 OK
r-patched-solaris-x86 2.1-1 43.90 OK
r-release-linux-ix86 2.1-1 1.99 22.60 24.59 OK
r-release-linux-x86_64 2.1-1 1.50 15.14 16.65 OK
r-release-osx-x86_64-mavericks 2.1-1 OK
r-release-windows-ix86+x86_64 2.1-1 12.00 43.00 55.00 OK
r-oldrel-windows-ix86+x86_64 2.1-1 13.00 46.00 59.00 OK

Check Details

Version: 2.1-1
Check: top-level files
Result: NOTE
    Non-standard file/directory found at top level:
     Data-Administration.R
Flavors: r-devel-linux-x86_64-fedora-clang, r-devel-linux-x86_64-fedora-gcc