CRAN Package Check Results for Package mlbench

Last updated on 2016-07-27 03:49:52.

Flavor Version Tinstall Tcheck Ttotal Status Flags
r-devel-linux-x86_64-debian-clang 2.1-1 1.69 17.09 18.78 NOTE
r-devel-linux-x86_64-debian-gcc 2.1-1 1.62 16.95 18.57 NOTE
r-devel-linux-x86_64-fedora-clang 2.1-1 26.87 NOTE
r-devel-linux-x86_64-fedora-gcc 2.1-1 25.02 NOTE
r-devel-osx-x86_64-clang 2.1-1 24.38 NOTE
r-devel-windows-ix86+x86_64 2.1-1 11.00 53.00 64.00 NOTE
r-patched-linux-x86_64 2.1-1 1.68 17.25 18.93 NOTE
r-patched-solaris-sparc 2.1-1 176.60 NOTE
r-patched-solaris-x86 2.1-1 36.90 NOTE
r-release-linux-x86_64 2.1-1 1.86 17.11 18.98 NOTE
r-release-osx-x86_64-mavericks 2.1-1 NOTE
r-release-windows-ix86+x86_64 2.1-1 10.00 51.00 61.00 NOTE
r-oldrel-windows-ix86+x86_64 2.1-1 16.00 50.00 66.00 OK

Check Details

Version: 2.1-1
Check: top-level files
Result: NOTE
    Non-standard file/directory found at top level:
     ‘Data-Administration.R’
Flavors: r-devel-linux-x86_64-debian-clang, r-devel-linux-x86_64-debian-gcc, r-devel-linux-x86_64-fedora-clang, r-devel-linux-x86_64-fedora-gcc, r-patched-linux-x86_64, r-release-linux-x86_64

Version: 2.1-1
Check: R code for possible problems
Result: NOTE
    bayesclass.mlbench.ringnorm: no visible global function definition for
     ‘mahalanobis’
    bayesclass.mlbench.threenorm: no visible global function definition for
     ‘mahalanobis’
    mlbench.1spiral: no visible global function definition for ‘rnorm’
    mlbench.2dnormals: no visible global function definition for ‘rnorm’
    mlbench.cassini: no visible global function definition for ‘runif’
    mlbench.circle: no visible global function definition for ‘runif’
    mlbench.cuboids: no visible global function definition for ‘runif’
    mlbench.friedman1: no visible global function definition for ‘runif’
    mlbench.friedman1: no visible global function definition for ‘rnorm’
    mlbench.friedman2: no visible global function definition for ‘runif’
    mlbench.friedman2: no visible global function definition for ‘rnorm’
    mlbench.friedman3: no visible global function definition for ‘runif’
    mlbench.friedman3: no visible global function definition for ‘rnorm’
    mlbench.hypercube: no visible global function definition for ‘rnorm’
    mlbench.peak: no visible global function definition for ‘runif’
    mlbench.peak: no visible global function definition for ‘rnorm’
    mlbench.ringnorm: no visible global function definition for ‘rnorm’
    mlbench.shapes: no visible global function definition for ‘rnorm’
    mlbench.shapes: no visible global function definition for ‘runif’
    mlbench.simplex: no visible global function definition for ‘rnorm’
    mlbench.smiley: no visible global function definition for ‘rnorm’
    mlbench.smiley: no visible global function definition for ‘runif’
    mlbench.threenorm: no visible global function definition for ‘runif’
    mlbench.threenorm: no visible global function definition for ‘rnorm’
    mlbench.twonorm: no visible global function definition for ‘rnorm’
    mlbench.xor: no visible global function definition for ‘runif’
    plot.mlbench: no visible global function definition for ‘pairs’
    plot.mlbench: no visible global function definition for ‘plot’
    Undefined global functions or variables:
     mahalanobis pairs plot rnorm runif
    Consider adding
     importFrom("graphics", "pairs", "plot")
     importFrom("stats", "mahalanobis", "rnorm", "runif")
    to your NAMESPACE file.
Flavors: r-devel-linux-x86_64-debian-clang, r-devel-linux-x86_64-debian-gcc, r-devel-linux-x86_64-fedora-clang, r-devel-linux-x86_64-fedora-gcc, r-devel-osx-x86_64-clang, r-devel-windows-ix86+x86_64, r-patched-linux-x86_64, r-patched-solaris-sparc, r-patched-solaris-x86, r-release-linux-x86_64, r-release-osx-x86_64-mavericks, r-release-windows-ix86+x86_64