CRAN Package Check Results for Package mlbench

Last updated on 2014-04-21 17:47:55.

Flavor Version Tinstall Tcheck Ttotal Status Flags
r-devel-linux-x86_64-debian-clang 2.1-1 1.57 15.28 16.85 OK
r-devel-linux-x86_64-debian-gcc 2.1-1 1.46 16.24 17.70 OK
r-devel-linux-x86_64-fedora-clang 2.1-1 32.61 NOTE
r-devel-linux-x86_64-fedora-gcc 2.1-1 30.76 NOTE
r-devel-osx-x86_64-clang 2.1-1 31.22 OK
r-devel-osx-x86_64-gcc 2.1-1 OK
r-devel-windows-ix86+x86_64 2.1-1 6.00 30.00 36.00 OK
r-patched-linux-x86_64 2.1-1 1.48 15.47 16.95 OK
r-patched-solaris-sparc 2.1-1 192.10 OK
r-patched-solaris-x86 2.1-1 44.60 OK
r-release-linux-x86_64 2.1-1 1.74 15.55 17.29 OK
r-release-osx-x86_64-mavericks 2.1-1 WARN
r-release-windows-ix86+x86_64 2.1-1 8.00 34.00 42.00 OK
r-oldrel-windows-ix86+x86_64 2.1-1 7.00 36.00 43.00 OK

Check Details

Version: 2.1-1
Check: top-level files
Result: NOTE
    Non-standard file/directory found at top level:
     ‘Data-Administration.R’
Flavors: r-devel-linux-x86_64-fedora-clang, r-devel-linux-x86_64-fedora-gcc

Version: 2.1-1
Check: PDF version of manual
Result: WARNING
    LaTeX errors when creating PDF version.
    This typically indicates Rd problems.
    LaTeX errors found:
    ! LaTeX Error: File `upquote.sty' not found.
    
    Type X to quit or <RETURN> to proceed,
    or enter new name. (Default extension: sty)
    
    3a4d02f/Rd2.tex:8: ==> Fatal error occurred, no output PDF file produced!
Flavor: r-release-osx-x86_64-mavericks