CRAN Package Check Results for Package mlbench

Last updated on 2014-11-26 19:49:38.

Flavor Version Tinstall Tcheck Ttotal Status Flags
r-devel-linux-x86_64-debian-clang 2.1-1 1.48 16.13 17.60 NOTE
r-devel-linux-x86_64-debian-gcc 2.1-1 1.46 14.92 16.39 NOTE
r-devel-linux-x86_64-fedora-clang 2.1-1 35.19 NOTE
r-devel-linux-x86_64-fedora-gcc 2.1-1 33.81 NOTE
r-devel-osx-x86_64-clang 2.1-1 35.28 OK
r-devel-windows-ix86+x86_64 2.1-1 7.00 30.00 37.00 OK
r-patched-linux-x86_64 2.1-1 1.45 15.16 16.62 NOTE
r-patched-solaris-sparc 2.1-1 204.10 OK
r-patched-solaris-x86 2.1-1 45.20 OK
r-release-linux-ix86 2.1-1 1.97 26.93 28.90 OK
r-release-linux-x86_64 2.1-1 1.38 15.20 16.58 NOTE
r-release-osx-x86_64-mavericks 2.1-1 OK
r-release-windows-ix86+x86_64 2.1-1 8.00 31.00 39.00 OK
r-oldrel-windows-ix86+x86_64 2.1-1 8.00 35.00 43.00 OK

Check Details

Version: 2.1-1
Check: top-level files
Result: NOTE
    Non-standard file/directory found at top level:
     ‘Data-Administration.R’
Flavors: r-devel-linux-x86_64-debian-clang, r-devel-linux-x86_64-debian-gcc, r-devel-linux-x86_64-fedora-clang, r-devel-linux-x86_64-fedora-gcc, r-patched-linux-x86_64, r-release-linux-x86_64