CRAN Package Check Results for Package mlbench

Last updated on 2014-09-22 03:48:21.

Flavor Version Tinstall Tcheck Ttotal Status Flags
r-devel-linux-x86_64-debian-clang 2.1-1 1.30 14.71 16.01 NOTE
r-devel-linux-x86_64-debian-gcc 2.1-1 1.29 14.44 15.73 NOTE
r-devel-linux-x86_64-fedora-clang 2.1-1 30.77 NOTE
r-devel-linux-x86_64-fedora-gcc 2.1-1 29.74 NOTE
r-devel-osx-x86_64-clang 2.1-1 34.69 OK
r-devel-windows-ix86+x86_64 2.1-1 6.00 30.00 36.00 OK
r-patched-linux-x86_64 2.1-1 1.40 14.81 16.21 NOTE
r-patched-solaris-sparc 2.1-1 204.10 OK
r-patched-solaris-x86 2.1-1 44.40 OK
r-release-linux-ix86 2.1-1 2.08 25.32 27.40 OK
r-release-linux-x86_64 2.1-1 1.37 15.23 16.60 NOTE
r-release-osx-x86_64-mavericks 2.1-1 OK
r-release-windows-ix86+x86_64 2.1-1 6.00 30.00 36.00 OK
r-oldrel-windows-ix86+x86_64 2.1-1 7.00 33.00 40.00 OK

Check Details

Version: 2.1-1
Check: top-level files
Result: NOTE
    Non-standard file/directory found at top level:
     ‘Data-Administration.R’
Flavors: r-devel-linux-x86_64-debian-clang, r-devel-linux-x86_64-debian-gcc, r-devel-linux-x86_64-fedora-clang, r-devel-linux-x86_64-fedora-gcc, r-patched-linux-x86_64, r-release-linux-x86_64