CRAN Package Check Results for Package mlearning

Last updated on 2015-02-01 11:47:16.

Flavor Version Tinstall Tcheck Ttotal Status Flags
r-devel-linux-x86_64-debian-clang 1.0-0 0.79 16.97 17.76 NOTE
r-devel-linux-x86_64-debian-gcc 1.0-0 0.76 16.06 16.82 NOTE
r-devel-linux-x86_64-fedora-clang 1.0-0 36.84 NOTE
r-devel-linux-x86_64-fedora-gcc 1.0-0 31.23 NOTE
r-devel-osx-x86_64-clang 1.0-0 42.81 NOTE
r-devel-windows-ix86+x86_64 1.0-0 5.00 29.00 34.00 NOTE
r-patched-linux-x86_64 1.0-0 1.15 21.92 23.06 NOTE
r-patched-solaris-sparc 1.0-0 275.70 NOTE
r-patched-solaris-x86 1.0-0 57.60 NOTE
r-release-linux-ix86 1.0-0 1.53 29.26 30.79 NOTE
r-release-linux-x86_64 1.0-0 1.18 22.00 23.18 NOTE
r-release-osx-x86_64-mavericks 1.0-0 NOTE
r-release-osx-x86_64-snowleopard 1.0-0 NOTE
r-release-windows-ix86+x86_64 1.0-0 6.00 39.00 45.00 NOTE
r-oldrel-windows-ix86+x86_64 1.0-0 5.00 40.00 45.00 NOTE

Check Details

Version: 1.0-0
Check: dependencies in R code
Result: NOTE
    Unexported objects imported by ':::' calls:
     ‘MASS:::lda.default’ ‘MASS:::qda.default’
     ‘e1071:::naiveBayes.default’ ‘e1071:::svm.default’
     ‘randomForest:::randomForest.default’
     See the note in ?`:::` about the use of this operator.
Flavors: r-devel-linux-x86_64-debian-clang, r-devel-linux-x86_64-debian-gcc, r-devel-linux-x86_64-fedora-clang, r-devel-linux-x86_64-fedora-gcc, r-devel-osx-x86_64-clang, r-devel-windows-ix86+x86_64

Version: 1.0-0
Check: dependencies in R code
Result: NOTE
    Unexported objects imported by ':::' calls:
     ‘MASS:::lda.default’ ‘MASS:::qda.default’
     ‘e1071:::naiveBayes.default’ ‘e1071:::svm.default’
     ‘randomForest:::randomForest.default’
     See the note in ?`:::` about the use of this operator.
    See the information on DESCRIPTION files in the chapter ‘Creating R
    packages’ of the ‘Writing R Extensions’ manual.
Flavors: r-patched-linux-x86_64, r-patched-solaris-sparc, r-patched-solaris-x86, r-release-linux-ix86, r-release-linux-x86_64, r-release-osx-x86_64-mavericks, r-release-osx-x86_64-snowleopard, r-release-windows-ix86+x86_64, r-oldrel-windows-ix86+x86_64