CRAN Package Check Results for Package mlearning

Last updated on 2015-04-27 10:48:51.

Flavor Version Tinstall Tcheck Ttotal Status Flags
r-devel-linux-x86_64-debian-clang 1.0-0 0.74 17.05 17.78 NOTE
r-devel-linux-x86_64-debian-gcc 1.0-0 0.74 16.20 16.94 NOTE
r-devel-linux-x86_64-fedora-clang 1.0-0 34.00 NOTE
r-devel-linux-x86_64-fedora-gcc 1.0-0 31.10 NOTE
r-devel-osx-x86_64-clang 1.0-0 35.86 NOTE
r-devel-windows-ix86+x86_64 1.0-0 3.00 56.00 59.00 NOTE
r-patched-linux-x86_64 1.0-0 2.74 16.50 19.23 NOTE
r-patched-solaris-sparc 1.0-0 226.90 NOTE
r-patched-solaris-x86 1.0-0 44.20 NOTE
r-release-linux-x86_64 1.0-0 0.73 16.55 17.28 NOTE
r-release-osx-x86_64-mavericks 1.0-0 NOTE
r-release-osx-x86_64-snowleopard 1.0-0 NOTE
r-release-windows-ix86+x86_64 1.0-0 6.00 38.00 44.00 NOTE
r-oldrel-windows-ix86+x86_64 1.0-0 6.00 39.00 45.00 NOTE

Check Details

Version: 1.0-0
Check: dependencies in R code
Result: NOTE
    Unexported objects imported by ':::' calls:
     ‘MASS:::lda.default’ ‘MASS:::qda.default’
     ‘e1071:::naiveBayes.default’ ‘e1071:::svm.default’
     ‘randomForest:::randomForest.default’
     See the note in ?`:::` about the use of this operator.
Flavors: r-devel-linux-x86_64-debian-clang, r-devel-linux-x86_64-debian-gcc, r-devel-linux-x86_64-fedora-clang, r-devel-linux-x86_64-fedora-gcc, r-devel-osx-x86_64-clang, r-devel-windows-ix86+x86_64, r-patched-solaris-sparc, r-patched-solaris-x86, r-release-osx-x86_64-mavericks, r-release-osx-x86_64-snowleopard, r-release-windows-ix86+x86_64, r-oldrel-windows-ix86+x86_64