CRAN Package Check Results for Package mlearning

Last updated on 2014-12-23 01:49:06.

Flavor Version Tinstall Tcheck Ttotal Status Flags
r-devel-linux-x86_64-debian-clang 1.0-0 1.14 20.96 22.10 NOTE
r-devel-linux-x86_64-debian-gcc 1.0-0 1.11 20.54 21.65 NOTE
r-devel-linux-x86_64-fedora-clang 1.0-0 44.28 NOTE
r-devel-linux-x86_64-fedora-gcc 1.0-0 40.58 NOTE
r-devel-osx-x86_64-clang 1.0-0 43.21 NOTE
r-devel-windows-ix86+x86_64 1.0-0 5.00 37.00 42.00 NOTE
r-patched-linux-x86_64 1.0-0 1.26 21.97 23.23 NOTE
r-patched-solaris-sparc 1.0-0 275.70 NOTE
r-patched-solaris-x86 1.0-0 56.20 NOTE
r-release-linux-ix86 1.0-0 1.48 28.22 29.70 NOTE
r-release-linux-x86_64 1.0-0 1.12 21.25 22.37 NOTE
r-release-osx-x86_64-mavericks 1.0-0 NOTE
r-release-osx-x86_64-snowleopard 1.0-0 NOTE
r-release-windows-ix86+x86_64 1.0-0 7.00 39.00 46.00 NOTE
r-oldrel-windows-ix86+x86_64 1.0-0 6.00 43.00 49.00 NOTE

Check Details

Version: 1.0-0
Check: dependencies in R code
Result: NOTE
    Unexported objects imported by ':::' calls:
     ‘MASS:::lda.default’ ‘MASS:::qda.default’
     ‘e1071:::naiveBayes.default’ ‘e1071:::svm.default’
     ‘randomForest:::randomForest.default’
     See the note in ?`:::` about the use of this operator.
    See the information on DESCRIPTION files in the chapter ‘Creating R
    packages’ of the ‘Writing R Extensions’ manual.
Flavors: r-devel-linux-x86_64-debian-clang, r-devel-linux-x86_64-debian-gcc, r-devel-linux-x86_64-fedora-clang, r-devel-linux-x86_64-fedora-gcc, r-devel-osx-x86_64-clang, r-devel-windows-ix86+x86_64, r-patched-linux-x86_64, r-patched-solaris-sparc, r-patched-solaris-x86, r-release-linux-ix86, r-release-linux-x86_64, r-release-osx-x86_64-mavericks, r-release-osx-x86_64-snowleopard, r-release-windows-ix86+x86_64, r-oldrel-windows-ix86+x86_64