CRAN Package Check Results for Package mlearning

Last updated on 2015-03-30 12:47:48.

Flavor Version Tinstall Tcheck Ttotal Status Flags
r-devel-linux-x86_64-debian-clang 1.0-0 0.81 16.87 17.68 NOTE
r-devel-linux-x86_64-debian-gcc 1.0-0 0.74 16.83 17.57 NOTE
r-devel-linux-x86_64-fedora-clang 1.0-0 33.70 NOTE
r-devel-linux-x86_64-fedora-gcc 1.0-0 33.15 NOTE
r-devel-osx-x86_64-clang 1.0-0 40.36 NOTE
r-prerel-windows-ix86+x86_64 1.0-0 3.00 27.00 30.00 NOTE
r-prerel-linux-x86_64 1.0-0 0.74 16.61 17.36 NOTE
r-prerel-solaris-sparc 1.0-0 226.90 NOTE
r-prerel-solaris-x86 1.0-0 44.10 NOTE
r-release-linux-x86_64 1.0-0 1.14 21.40 22.54 NOTE
r-release-osx-x86_64-mavericks 1.0-0 NOTE
r-release-osx-x86_64-snowleopard 1.0-0 NOTE
r-release-windows-ix86+x86_64 1.0-0 5.00 41.00 46.00 NOTE
r-oldrel-windows-ix86+x86_64 1.0-0 6.00 57.00 63.00 NOTE

Check Details

Version: 1.0-0
Check: dependencies in R code
Result: NOTE
    Unexported objects imported by ':::' calls:
     ‘MASS:::lda.default’ ‘MASS:::qda.default’
     ‘e1071:::naiveBayes.default’ ‘e1071:::svm.default’
     ‘randomForest:::randomForest.default’
     See the note in ?`:::` about the use of this operator.
Flavors: r-devel-linux-x86_64-debian-clang, r-devel-linux-x86_64-debian-gcc, r-devel-linux-x86_64-fedora-clang, r-devel-linux-x86_64-fedora-gcc, r-devel-osx-x86_64-clang, r-prerel-windows-ix86+x86_64, r-prerel-linux-x86_64, r-prerel-solaris-sparc, r-prerel-solaris-x86, r-release-linux-x86_64, r-release-windows-ix86+x86_64

Version: 1.0-0
Check: dependencies in R code
Result: NOTE
    Unexported objects imported by ':::' calls:
     ‘MASS:::lda.default’ ‘MASS:::qda.default’
     ‘e1071:::naiveBayes.default’ ‘e1071:::svm.default’
     ‘randomForest:::randomForest.default’
     See the note in ?`:::` about the use of this operator.
    See the information on DESCRIPTION files in the chapter ‘Creating R
    packages’ of the ‘Writing R Extensions’ manual.
Flavors: r-release-osx-x86_64-mavericks, r-release-osx-x86_64-snowleopard, r-oldrel-windows-ix86+x86_64