CRAN Package Check Results for Package mlearning

Last updated on 2015-05-29 13:49:13.

Flavor Version Tinstall Tcheck Ttotal Status Flags
r-devel-linux-x86_64-debian-clang 1.0-0 0.74 16.74 17.48 NOTE
r-devel-linux-x86_64-debian-gcc 1.0-0 0.74 16.45 17.19 NOTE
r-devel-linux-x86_64-fedora-clang 1.0-0 32.73 NOTE
r-devel-linux-x86_64-fedora-gcc 1.0-0 30.56 NOTE
r-devel-osx-x86_64-clang 1.0-0 35.95 NOTE
r-devel-windows-ix86+x86_64 1.0-0 4.00 24.00 28.00 NOTE
r-patched-linux-x86_64 1.0-0 0.73 16.44 17.17 NOTE
r-patched-solaris-sparc 1.0-0 224.50 NOTE
r-patched-solaris-x86 1.0-0 44.70 NOTE
r-release-linux-x86_64 1.0-0 0.80 16.52 17.32 NOTE
r-release-osx-x86_64-mavericks 1.0-0 NOTE
r-release-osx-x86_64-snowleopard 1.0-0 NOTE
r-release-windows-ix86+x86_64 1.0-0 5.00 25.00 30.00 NOTE
r-oldrel-windows-ix86+x86_64 1.0-0 7.00 67.00 74.00 NOTE

Check Details

Version: 1.0-0
Check: dependencies in R code
Result: NOTE
    Unexported objects imported by ':::' calls:
     ‘MASS:::lda.default’ ‘MASS:::qda.default’
     ‘e1071:::naiveBayes.default’ ‘e1071:::svm.default’
     ‘randomForest:::randomForest.default’
     See the note in ?`:::` about the use of this operator.
Flavors: r-devel-linux-x86_64-debian-clang, r-devel-linux-x86_64-debian-gcc, r-devel-linux-x86_64-fedora-clang, r-devel-linux-x86_64-fedora-gcc, r-devel-osx-x86_64-clang, r-devel-windows-ix86+x86_64, r-patched-linux-x86_64, r-patched-solaris-sparc, r-patched-solaris-x86, r-release-linux-x86_64, r-release-osx-x86_64-mavericks, r-release-osx-x86_64-snowleopard, r-release-windows-ix86+x86_64, r-oldrel-windows-ix86+x86_64