CRAN Package Check Results for Package mlearning

Last updated on 2014-04-24 09:49:04.

Flavor Version Tinstall Tcheck Ttotal Status Flags
r-devel-linux-x86_64-debian-clang 1.0-0 1.22 22.60 23.82 NOTE
r-devel-linux-x86_64-debian-gcc 1.0-0 1.19 23.16 24.35 NOTE
r-devel-linux-x86_64-fedora-clang 1.0-0 43.40 NOTE
r-devel-linux-x86_64-fedora-gcc 1.0-0 40.88 NOTE
r-devel-osx-x86_64-clang 1.0-0 43.18 NOTE
r-devel-osx-x86_64-gcc 1.0-0 NOTE
r-devel-windows-ix86+x86_64 1.0-0 4.00 34.00 38.00 NOTE
r-patched-linux-x86_64 1.0-0 1.20 22.86 24.06 NOTE
r-patched-solaris-sparc 1.0-0 250.80 NOTE
r-patched-solaris-x86 1.0-0 57.50 NOTE
r-release-linux-ix86 1.0-0 2.00 43.00 45.00 NOTE
r-release-linux-x86_64 1.0-0 1.18 22.67 23.86 NOTE
r-release-osx-x86_64-mavericks 1.0-0 WARN
r-release-osx-x86_64-snowleopard 1.0-0 NOTE
r-release-windows-ix86+x86_64 1.0-0 5.00 39.00 44.00 NOTE
r-oldrel-windows-ix86+x86_64 1.0-0 5.00 41.00 46.00 NOTE

Check Details

Version: 1.0-0
Check: dependencies in R code
Result: NOTE
    Unexported objects imported by ':::' calls:
     ‘MASS:::lda.default’ ‘MASS:::qda.default’
     ‘e1071:::naiveBayes.default’ ‘e1071:::svm.default’
     ‘randomForest:::randomForest.default’
     See the note in ?`:::` about the use of this operator.
    See the information on DESCRIPTION files in the chapter ‘Creating R
    packages’ of the ‘Writing R Extensions’ manual.
Flavors: r-devel-linux-x86_64-debian-clang, r-devel-linux-x86_64-debian-gcc, r-devel-linux-x86_64-fedora-clang, r-devel-linux-x86_64-fedora-gcc, r-devel-osx-x86_64-clang, r-devel-osx-x86_64-gcc, r-devel-windows-ix86+x86_64, r-patched-linux-x86_64, r-patched-solaris-sparc, r-patched-solaris-x86, r-release-linux-ix86, r-release-linux-x86_64, r-release-osx-x86_64-mavericks, r-release-osx-x86_64-snowleopard, r-release-windows-ix86+x86_64, r-oldrel-windows-ix86+x86_64

Version: 1.0-0
Check: PDF version of manual
Result: WARNING
    LaTeX errors when creating PDF version.
    This typically indicates Rd problems.
    LaTeX errors found:
    ! LaTeX Error: File `upquote.sty' not found.
    
    Type X to quit or <RETURN> to proceed,
    or enter new name. (Default extension: sty)
    
    7c6857f4/Rd2.tex:8: ==> Fatal error occurred, no output PDF file produced!
Flavor: r-release-osx-x86_64-mavericks