CRAN Package Check Results for Package mlearning

Last updated on 2015-07-05 14:46:39.

Flavor Version Tinstall Tcheck Ttotal Status Flags
r-devel-linux-x86_64-debian-clang 1.0-0 0.72 17.37 18.08 NOTE
r-devel-linux-x86_64-debian-gcc 1.0-0 0.71 17.67 18.38 NOTE
r-devel-linux-x86_64-fedora-clang 1.0-0 34.21 NOTE
r-devel-linux-x86_64-fedora-gcc 1.0-0 31.75 NOTE
r-devel-osx-x86_64-clang 1.0-0 33.06 NOTE
r-devel-windows-ix86+x86_64 1.0-0 3.00 50.00 53.00 NOTE
r-patched-linux-x86_64 1.0-0 0.73 17.16 17.90 NOTE
r-patched-solaris-sparc 1.0-0 224.50 NOTE
r-patched-solaris-x86 1.0-0 49.00 NOTE
r-release-linux-x86_64 1.0-0 0.75 17.90 18.65 NOTE
r-release-osx-x86_64-mavericks 1.0-0 NOTE
r-release-windows-ix86+x86_64 1.0-0 4.00 28.00 32.00 NOTE
r-oldrel-windows-ix86+x86_64 1.0-0 9.00 43.00 52.00 NOTE

Check Details

Version: 1.0-0
Check: dependencies in R code
Result: NOTE
    Unexported objects imported by ':::' calls:
     ‘MASS:::lda.default’ ‘MASS:::qda.default’
     ‘e1071:::naiveBayes.default’ ‘e1071:::svm.default’
     ‘randomForest:::randomForest.default’
     See the note in ?`:::` about the use of this operator.
Flavors: r-devel-linux-x86_64-debian-clang, r-devel-linux-x86_64-debian-gcc, r-devel-linux-x86_64-fedora-clang, r-devel-linux-x86_64-fedora-gcc, r-devel-osx-x86_64-clang, r-devel-windows-ix86+x86_64, r-patched-linux-x86_64, r-patched-solaris-sparc, r-patched-solaris-x86, r-release-linux-x86_64, r-release-osx-x86_64-mavericks, r-release-windows-ix86+x86_64, r-oldrel-windows-ix86+x86_64

Version: 1.0-0
Check: R code for possible problems
Result: NOTE
    confusionBarplot: no visible global function definition for ‘par’
    confusionBarplot: no visible global function definition for ‘barplot’
    confusionBarplot: no visible global function definition for ‘lines’
    confusionBarplot: no visible global function definition for ‘text’
    confusionBarplot: no visible global function definition for ‘legend’
    confusionBarplot: no visible global function definition for ‘axis’
    confusionDendrogram: no visible global function definition for ‘plot’
    confusionImage: no visible global function definition for ‘par’
    confusionImage: no visible global function definition for ‘image’
    confusionImage: no visible global function definition for ‘text’
    confusionImage: no visible global function definition for ‘abline’
    confusionImage: no visible global function definition for ‘axis’
    confusionImage: no visible global function definition for ‘plot’
    confusionImage: no visible global function definition for ‘mtext’
    confusionStars: no visible global function definition for ‘par’
    confusionStars: no visible global function definition for ‘stars’
    confusionStars: no visible global function definition for ‘rect’
    plot.mlearning: no visible global function definition for ‘plot’
    Undefined global functions or variables:
     abline axis barplot image legend lines mtext par plot rect stars text
Flavors: r-devel-linux-x86_64-debian-clang, r-devel-linux-x86_64-debian-gcc, r-devel-linux-x86_64-fedora-clang, r-devel-linux-x86_64-fedora-gcc, r-devel-windows-ix86+x86_64