CRAN Package Check Results for Package mlearning

Last updated on 2014-09-02 20:48:54.

Flavor Version Tinstall Tcheck Ttotal Status Flags
r-devel-linux-x86_64-debian-clang 1.0-0 1.05 20.76 21.81 NOTE
r-devel-linux-x86_64-debian-gcc 1.0-0 1.03 19.88 20.91 NOTE
r-devel-linux-x86_64-fedora-clang 1.0-0 41.90 NOTE
r-devel-linux-x86_64-fedora-gcc 1.0-0 38.43 NOTE
r-devel-osx-x86_64-clang 1.0-0 40.83 NOTE
r-devel-windows-ix86+x86_64 1.0-0 5.00 33.00 38.00 NOTE
r-patched-linux-x86_64 1.0-0 1.08 21.37 22.46 NOTE
r-patched-solaris-sparc 1.0-0 267.30 NOTE
r-patched-solaris-x86 1.0-0 56.20 NOTE
r-release-linux-ix86 1.0-0 1.52 29.42 30.94 NOTE
r-release-linux-x86_64 1.0-0 1.13 21.65 22.78 NOTE
r-release-osx-x86_64-mavericks 1.0-0 NOTE
r-release-osx-x86_64-snowleopard 1.0-0 NOTE
r-release-windows-ix86+x86_64 1.0-0 5.00 37.00 42.00 NOTE
r-oldrel-windows-ix86+x86_64 1.0-0 6.00 42.00 48.00 NOTE

Check Details

Version: 1.0-0
Check: dependencies in R code
Result: NOTE
    Unexported objects imported by ':::' calls:
     ‘MASS:::lda.default’ ‘MASS:::qda.default’
     ‘e1071:::naiveBayes.default’ ‘e1071:::svm.default’
     ‘randomForest:::randomForest.default’
     See the note in ?`:::` about the use of this operator.
    See the information on DESCRIPTION files in the chapter ‘Creating R
    packages’ of the ‘Writing R Extensions’ manual.
Flavors: r-devel-linux-x86_64-debian-clang, r-devel-linux-x86_64-debian-gcc, r-devel-linux-x86_64-fedora-clang, r-devel-linux-x86_64-fedora-gcc, r-devel-osx-x86_64-clang, r-devel-windows-ix86+x86_64, r-patched-linux-x86_64, r-patched-solaris-sparc, r-patched-solaris-x86, r-release-linux-ix86, r-release-linux-x86_64, r-release-osx-x86_64-mavericks, r-release-osx-x86_64-snowleopard, r-release-windows-ix86+x86_64, r-oldrel-windows-ix86+x86_64