CRAN Package Check Results for Package mlearning

Last updated on 2015-09-04 11:47:42.

Flavor Version Tinstall Tcheck Ttotal Status Flags
r-devel-linux-x86_64-debian-clang 1.0-0 0.69 17.09 17.78 NOTE
r-devel-linux-x86_64-debian-gcc 1.0-0 0.75 17.19 17.94 NOTE
r-devel-linux-x86_64-fedora-clang 1.0-0 34.88 NOTE
r-devel-linux-x86_64-fedora-gcc 1.0-0 32.65 NOTE
r-devel-osx-x86_64-clang 1.0-0 33.18 NOTE
r-devel-windows-ix86+x86_64 1.0-0 3.00 35.00 38.00 NOTE
r-patched-linux-x86_64 1.0-0 1.02 18.74 19.76 NOTE
r-patched-solaris-sparc 1.0-0 236.80 NOTE
r-patched-solaris-x86 1.0-0 49.80 NOTE
r-release-linux-x86_64 1.0-0 0.77 17.34 18.11 NOTE
r-release-osx-x86_64-mavericks 1.0-0 NOTE
r-release-windows-ix86+x86_64 1.0-0 4.00 31.00 35.00 NOTE
r-oldrel-windows-ix86+x86_64 1.0-0 6.00 53.00 59.00 NOTE

Check Details

Version: 1.0-0
Check: dependencies in R code
Result: NOTE
    Unexported objects imported by ':::' calls:
     ‘MASS:::lda.default’ ‘MASS:::qda.default’
     ‘e1071:::naiveBayes.default’ ‘e1071:::svm.default’
     ‘randomForest:::randomForest.default’
     See the note in ?`:::` about the use of this operator.
Flavors: r-devel-linux-x86_64-debian-clang, r-devel-linux-x86_64-debian-gcc, r-devel-linux-x86_64-fedora-clang, r-devel-linux-x86_64-fedora-gcc, r-devel-osx-x86_64-clang, r-devel-windows-ix86+x86_64, r-patched-linux-x86_64, r-patched-solaris-sparc, r-patched-solaris-x86, r-release-linux-x86_64, r-release-osx-x86_64-mavericks, r-release-windows-ix86+x86_64, r-oldrel-windows-ix86+x86_64

Version: 1.0-0
Check: R code for possible problems
Result: NOTE
    confusionBarplot: no visible global function definition for ‘par’
    confusionBarplot: no visible global function definition for ‘barplot’
    confusionBarplot: no visible global function definition for ‘lines’
    confusionBarplot: no visible global function definition for ‘text’
    confusionBarplot: no visible global function definition for ‘legend’
    confusionBarplot: no visible global function definition for ‘axis’
    confusionDendrogram: no visible global function definition for ‘plot’
    confusionImage: no visible global function definition for ‘par’
    confusionImage: no visible global function definition for ‘image’
    confusionImage: no visible global function definition for ‘text’
    confusionImage: no visible global function definition for ‘abline’
    confusionImage: no visible global function definition for ‘axis’
    confusionImage: no visible global function definition for ‘plot’
    confusionImage: no visible global function definition for ‘mtext’
    confusionStars: no visible global function definition for ‘par’
    confusionStars: no visible global function definition for ‘stars’
    confusionStars: no visible global function definition for ‘rect’
    plot.mlearning: no visible global function definition for ‘plot’
    Undefined global functions or variables:
     abline axis barplot image legend lines mtext par plot rect stars text
    Consider adding
     importFrom("graphics", "abline", "axis", "barplot", "image", "legend",
     "lines", "mtext", "par", "plot", "rect", "stars", "text")
    to your NAMESPACE.
Flavors: r-devel-linux-x86_64-debian-clang, r-devel-linux-x86_64-debian-gcc, r-devel-linux-x86_64-fedora-clang, r-devel-linux-x86_64-fedora-gcc, r-devel-windows-ix86+x86_64