CRAN Package Check Results for Package mlegp

Last updated on 2014-09-01 19:46:28.

Flavor Version Tinstall Tcheck Ttotal Status Flags
r-devel-linux-x86_64-debian-clang 3.1.4 1.82 12.41 14.23 NOTE
r-devel-linux-x86_64-debian-gcc 3.1.4 2.57 11.96 14.53 NOTE
r-devel-linux-x86_64-fedora-clang 3.1.4 29.59 NOTE
r-devel-linux-x86_64-fedora-gcc 3.1.4 28.81 NOTE
r-devel-osx-x86_64-clang 3.1.4 27.74 NOTE
r-devel-windows-ix86+x86_64 3.1.4 12.00 24.00 36.00 NOTE
r-patched-linux-x86_64 3.1.4 2.49 12.43 14.92 OK
r-patched-solaris-sparc 3.1.4 188.50 OK
r-patched-solaris-x86 3.1.4 42.20 OK
r-release-linux-ix86 3.1.4 3.21 20.64 23.85 OK
r-release-linux-x86_64 3.1.4 2.63 12.46 15.09 OK
r-release-osx-x86_64-mavericks 3.1.4 OK
r-release-osx-x86_64-snowleopard 3.1.4 OK
r-release-windows-ix86+x86_64 3.1.4 17.00 25.00 42.00 OK
r-oldrel-windows-ix86+x86_64 3.1.4 12.00 25.00 37.00 OK

Check Details

Version: 3.1.4
Check: R code for possible problems
Result: NOTE
    mlegp: no visible global function definition for ‘sfLapply’
Flavors: r-devel-linux-x86_64-debian-clang, r-devel-linux-x86_64-debian-gcc, r-devel-linux-x86_64-fedora-clang, r-devel-linux-x86_64-fedora-gcc, r-devel-osx-x86_64-clang, r-devel-windows-ix86+x86_64