CRAN Package Check Results for Package mlegp

Last updated on 2015-07-06 06:46:48.

Flavor Version Tinstall Tcheck Ttotal Status Flags
r-devel-linux-x86_64-debian-clang 3.1.4 2.15 12.55 14.70 NOTE
r-devel-linux-x86_64-debian-gcc 3.1.4 2.38 12.30 14.68 NOTE
r-devel-linux-x86_64-fedora-clang 3.1.4 26.67 NOTE
r-devel-linux-x86_64-fedora-gcc 3.1.4 25.94 NOTE
r-devel-osx-x86_64-clang 3.1.4 24.97 NOTE
r-devel-windows-ix86+x86_64 3.1.4 14.00 42.00 56.00 NOTE
r-patched-linux-x86_64 3.1.4 2.46 12.72 15.18 NOTE
r-patched-solaris-sparc 3.1.4 180.60 NOTE
r-patched-solaris-x86 3.1.4 38.50 NOTE
r-release-linux-x86_64 3.1.4 2.61 13.04 15.65 NOTE
r-release-osx-x86_64-mavericks 3.1.4 NOTE
r-release-windows-ix86+x86_64 3.1.4 12.00 32.00 44.00 NOTE
r-oldrel-windows-ix86+x86_64 3.1.4 13.00 29.00 42.00 NOTE

Check Details

Version: 3.1.4
Check: S3 generic/method consistency
Result: NOTE
    Found the following apparent S3 methods exported but not registered:
     plot.gp plot.gp.list plotObservedEffects.gp predict.gp print.gp
     print.gp.list summary.gp summary.gp.list
    See section ‘Registering S3 methods’ in the ‘Writing R Extensions’
    manual.
Flavors: r-devel-linux-x86_64-debian-clang, r-devel-linux-x86_64-debian-gcc, r-devel-linux-x86_64-fedora-clang, r-devel-linux-x86_64-fedora-gcc, r-devel-osx-x86_64-clang, r-patched-linux-x86_64, r-patched-solaris-sparc, r-patched-solaris-x86, r-release-linux-x86_64

Version: 3.1.4
Check: R code for possible problems
Result: NOTE
    createWindow: no visible global function definition for ‘par’
    mlegp: no visible global function definition for ‘var’
    mlegp: no visible global function definition for ‘sfLapply’
    plot.gp: no visible global function definition for ‘par’
    plot.gp: no visible global function definition for ‘plot’
    plot.gp: no visible global function definition for ‘lines’
    plot.gp: no visible global function definition for ‘abline’
    plot.gp: no visible global function definition for ‘qqnorm’
    plot.gp: no visible global function definition for ‘qqline’
    plot.gp: no visible global function definition for ‘hist’
    plot.gp.list: no visible global function definition for ‘plot’
    plotObservedEffects.gp: no visible global function definition for
     ‘plot’
    plotObservedEffectsDefault: no visible global function definition for
     ‘plot’
    uniqueSummary: no visible binding for global variable ‘var’
    varPerReps: no visible global function definition for ‘var’
    Undefined global functions or variables:
     abline hist lines par plot qqline qqnorm sfLapply var
Flavors: r-devel-linux-x86_64-debian-clang, r-devel-linux-x86_64-debian-gcc, r-devel-linux-x86_64-fedora-clang, r-devel-linux-x86_64-fedora-gcc, r-devel-windows-ix86+x86_64

Version: 3.1.4
Check: R code for possible problems
Result: NOTE
    mlegp: no visible global function definition for ‘sfLapply’
    Undefined global functions or variables:
     sfLapply
Flavor: r-devel-osx-x86_64-clang

Version: 3.1.4
Check: R code for possible problems
Result: NOTE
    mlegp: no visible global function definition for ‘sfLapply’
Flavors: r-patched-linux-x86_64, r-patched-solaris-sparc, r-patched-solaris-x86, r-release-linux-x86_64, r-release-osx-x86_64-mavericks, r-release-windows-ix86+x86_64, r-oldrel-windows-ix86+x86_64