CRAN Package Check Results for Package mlegp

Last updated on 2014-04-24 07:52:31.

Flavor Version Tinstall Tcheck Ttotal Status Flags
r-devel-linux-x86_64-debian-clang 3.1.4 2.00 12.95 14.95 OK
r-devel-linux-x86_64-debian-gcc 3.1.4 2.50 13.01 15.51 OK
r-devel-linux-x86_64-fedora-clang 3.1.4 30.71 OK
r-devel-linux-x86_64-fedora-gcc 3.1.4 30.05 OK
r-devel-osx-x86_64-clang 3.1.4 26.17 OK
r-devel-osx-x86_64-gcc 3.1.4 OK
r-devel-windows-ix86+x86_64 3.1.4 12.00 27.00 39.00 OK
r-patched-linux-x86_64 3.1.4 2.45 12.99 15.44 OK
r-patched-solaris-sparc 3.1.4 174.50 OK
r-patched-solaris-x86 3.1.4 41.40 OK
r-release-linux-ix86 3.1.4 4.00 28.00 32.00 OK
r-release-linux-x86_64 3.1.4 2.44 13.28 15.73 OK
r-release-osx-x86_64-mavericks 3.1.4 WARN
r-release-osx-x86_64-snowleopard 3.1.4 OK
r-release-windows-ix86+x86_64 3.1.4 21.00 35.00 56.00 OK
r-oldrel-windows-ix86+x86_64 3.1.4 11.00 26.00 37.00 OK

Check Details

Version: 3.1.4
Check: PDF version of manual
Result: WARNING
    LaTeX errors when creating PDF version.
    This typically indicates Rd problems.
    LaTeX errors found:
    ! LaTeX Error: File `upquote.sty' not found.
    
    Type X to quit or <RETURN> to proceed,
    or enter new name. (Default extension: sty)
    
    4406c835/Rd2.tex:8: ==> Fatal error occurred, no output PDF file produced!
Flavor: r-release-osx-x86_64-mavericks