CRAN Package Check Results for Package mlegp

Last updated on 2015-01-25 21:48:22.

Flavor Version Tinstall Tcheck Ttotal Status Flags
r-devel-linux-x86_64-debian-clang 3.1.4 2.08 13.22 15.30 NOTE
r-devel-linux-x86_64-debian-gcc 3.1.4 2.54 13.20 15.74 NOTE
r-devel-linux-x86_64-fedora-clang 3.1.4 30.72 NOTE
r-devel-linux-x86_64-fedora-gcc 3.1.4 29.37 NOTE
r-devel-osx-x86_64-clang 3.1.4 30.09 NOTE
r-devel-windows-ix86+x86_64 3.1.4 14.00 24.00 38.00 NOTE
r-patched-linux-x86_64 3.1.4 2.65 13.99 16.64 NOTE
r-patched-solaris-sparc 3.1.4 206.00 NOTE
r-patched-solaris-x86 3.1.4 43.40 NOTE
r-release-linux-ix86 3.1.4 3.11 19.18 22.29 NOTE
r-release-linux-x86_64 3.1.4 2.56 13.54 16.09 NOTE
r-release-osx-x86_64-mavericks 3.1.4 NOTE
r-release-osx-x86_64-snowleopard 3.1.4 OK
r-release-windows-ix86+x86_64 3.1.4 12.00 26.00 38.00 NOTE
r-oldrel-windows-ix86+x86_64 3.1.4 12.00 25.00 37.00 OK

Check Details

Version: 3.1.4
Check: R code for possible problems
Result: NOTE
    mlegp: no visible global function definition for ‘sfLapply’
Flavors: r-devel-linux-x86_64-debian-clang, r-devel-linux-x86_64-debian-gcc, r-devel-linux-x86_64-fedora-clang, r-devel-linux-x86_64-fedora-gcc, r-devel-osx-x86_64-clang, r-devel-windows-ix86+x86_64, r-patched-linux-x86_64, r-patched-solaris-sparc, r-patched-solaris-x86, r-release-linux-ix86, r-release-linux-x86_64, r-release-osx-x86_64-mavericks, r-release-windows-ix86+x86_64

Version: 3.1.4
Check: S3 generic/method consistency
Result: NOTE
    Found the following apparent S3 methods exported but not registered:
     plotObservedEffects.gp print.gp print.gp.list summary.gp
     summary.gp.list plot.gp plot.gp.list predict.gp
    See section ‘Registering S3 methods’ in the ‘Writing R Extensions’
    manual.
Flavors: r-devel-linux-x86_64-fedora-clang, r-devel-linux-x86_64-fedora-gcc, r-devel-osx-x86_64-clang