CRAN Package Check Results for Package mlegp

Last updated on 2014-11-24 16:47:15.

Flavor Version Tinstall Tcheck Ttotal Status Flags
r-devel-linux-x86_64-debian-clang 3.1.4 2.10 13.74 15.83 NOTE
r-devel-linux-x86_64-debian-gcc 3.1.4 2.48 13.52 16.00 NOTE
r-devel-linux-x86_64-fedora-clang 3.1.4 30.52 NOTE
r-devel-linux-x86_64-fedora-gcc 3.1.4 28.98 NOTE
r-devel-osx-x86_64-clang 3.1.4 30.06 NOTE
r-devel-windows-ix86+x86_64 3.1.4 11.00 24.00 35.00 NOTE
r-patched-linux-x86_64 3.1.4 2.55 13.62 16.16 NOTE
r-patched-solaris-sparc 3.1.4 175.80 NOTE
r-patched-solaris-x86 3.1.4 40.90 NOTE
r-release-linux-ix86 3.1.4 3.20 19.44 22.64 NOTE
r-release-linux-x86_64 3.1.4 2.51 13.64 16.15 NOTE
r-release-osx-x86_64-mavericks 3.1.4 OK
r-release-osx-x86_64-snowleopard 3.1.4 OK
r-release-windows-ix86+x86_64 3.1.4 12.00 26.00 38.00 NOTE
r-oldrel-windows-ix86+x86_64 3.1.4 12.00 25.00 37.00 OK

Check Details

Version: 3.1.4
Check: R code for possible problems
Result: NOTE
    mlegp: no visible global function definition for ‘sfLapply’
Flavors: r-devel-linux-x86_64-debian-clang, r-devel-linux-x86_64-debian-gcc, r-devel-linux-x86_64-fedora-clang, r-devel-linux-x86_64-fedora-gcc, r-devel-osx-x86_64-clang, r-devel-windows-ix86+x86_64, r-patched-linux-x86_64, r-patched-solaris-sparc, r-patched-solaris-x86, r-release-linux-ix86, r-release-linux-x86_64, r-release-windows-ix86+x86_64