CRAN Package Check Results for Package mlegp

Last updated on 2015-03-02 11:47:27.

Flavor Version Tinstall Tcheck Ttotal Status Flags
r-devel-linux-x86_64-debian-clang 3.1.4 2.11 12.73 14.84 NOTE
r-devel-linux-x86_64-debian-gcc 3.1.4 2.42 12.45 14.86 NOTE
r-devel-linux-x86_64-fedora-clang 3.1.4 28.84 NOTE
r-devel-linux-x86_64-fedora-gcc 3.1.4 27.18 NOTE
r-devel-osx-x86_64-clang 3.1.4 28.07 NOTE
r-devel-windows-ix86+x86_64 3.1.4 13.00 26.00 39.00 NOTE
r-patched-linux-x86_64 3.1.4 2.55 13.46 16.00 NOTE
r-patched-solaris-sparc 3.1.4 206.00 NOTE
r-patched-solaris-x86 3.1.4 43.70 NOTE
r-release-linux-ix86 3.1.4 3.20 21.02 24.22 NOTE
r-release-linux-x86_64 3.1.4 2.49 13.84 16.33 NOTE
r-release-osx-x86_64-mavericks 3.1.4 NOTE
r-release-osx-x86_64-snowleopard 3.1.4 OK
r-release-windows-ix86+x86_64 3.1.4 12.00 26.00 38.00 NOTE
r-oldrel-windows-ix86+x86_64 3.1.4 12.00 25.00 37.00 OK

Check Details

Version: 3.1.4
Check: S3 generic/method consistency
Result: NOTE
    Found the following apparent S3 methods exported but not registered:
     plot.gp plot.gp.list plotObservedEffects.gp predict.gp print.gp
     print.gp.list summary.gp summary.gp.list
    See section ‘Registering S3 methods’ in the ‘Writing R Extensions’
    manual.
Flavors: r-devel-linux-x86_64-debian-clang, r-devel-linux-x86_64-debian-gcc, r-devel-linux-x86_64-fedora-clang, r-devel-linux-x86_64-fedora-gcc, r-devel-osx-x86_64-clang

Version: 3.1.4
Check: R code for possible problems
Result: NOTE
    mlegp: no visible global function definition for ‘sfLapply’
Flavors: r-devel-linux-x86_64-debian-clang, r-devel-linux-x86_64-debian-gcc, r-devel-linux-x86_64-fedora-clang, r-devel-linux-x86_64-fedora-gcc, r-devel-osx-x86_64-clang, r-devel-windows-ix86+x86_64, r-patched-linux-x86_64, r-patched-solaris-sparc, r-patched-solaris-x86, r-release-linux-ix86, r-release-linux-x86_64, r-release-osx-x86_64-mavericks, r-release-windows-ix86+x86_64