CRAN Package Check Results for Package mlegp

Last updated on 2015-04-19 10:51:54.

Flavor Version Tinstall Tcheck Ttotal Status Flags
r-devel-linux-x86_64-debian-clang 3.1.4 2.21 12.84 15.05 NOTE
r-devel-linux-x86_64-debian-gcc 3.1.4 2.56 12.42 14.98 NOTE
r-devel-linux-x86_64-fedora-clang 3.1.4 28.61 NOTE
r-devel-linux-x86_64-fedora-gcc 3.1.4 26.86 NOTE
r-devel-osx-x86_64-clang 3.1.4 28.54 NOTE
r-devel-windows-ix86+x86_64 3.1.4 12.00 26.00 38.00 NOTE
r-patched-linux-x86_64 3.1.4 2.42 12.81 15.22 NOTE
r-patched-solaris-sparc 3.1.4 206.40 NOTE
r-patched-solaris-x86 3.1.4 37.60 NOTE
r-release-linux-x86_64 3.1.4 2.46 12.66 15.13 NOTE
r-release-osx-x86_64-mavericks 3.1.4 NOTE
r-release-osx-x86_64-snowleopard 3.1.4 NOTE
r-release-windows-ix86+x86_64 3.1.4 10.00 29.00 39.00 NOTE
r-oldrel-windows-ix86+x86_64 3.1.4 13.00 29.00 42.00 NOTE

Check Details

Version: 3.1.4
Check: S3 generic/method consistency
Result: NOTE
    Found the following apparent S3 methods exported but not registered:
     plot.gp plot.gp.list plotObservedEffects.gp predict.gp print.gp
     print.gp.list summary.gp summary.gp.list
    See section ‘Registering S3 methods’ in the ‘Writing R Extensions’
    manual.
Flavors: r-devel-linux-x86_64-debian-clang, r-devel-linux-x86_64-debian-gcc, r-devel-linux-x86_64-fedora-clang, r-devel-linux-x86_64-fedora-gcc, r-devel-osx-x86_64-clang, r-patched-linux-x86_64, r-release-linux-x86_64

Version: 3.1.4
Check: R code for possible problems
Result: NOTE
    mlegp: no visible global function definition for ‘sfLapply’
Flavors: r-devel-linux-x86_64-debian-clang, r-devel-linux-x86_64-debian-gcc, r-devel-linux-x86_64-fedora-clang, r-devel-linux-x86_64-fedora-gcc, r-devel-osx-x86_64-clang, r-devel-windows-ix86+x86_64, r-patched-linux-x86_64, r-patched-solaris-sparc, r-patched-solaris-x86, r-release-linux-x86_64, r-release-osx-x86_64-mavericks, r-release-osx-x86_64-snowleopard, r-release-windows-ix86+x86_64, r-oldrel-windows-ix86+x86_64