CRAN Package Check Results for Package mlegp

Last updated on 2014-12-22 17:51:28.

Flavor Version Tinstall Tcheck Ttotal Status Flags
r-devel-linux-x86_64-debian-clang 3.1.4 2.13 13.86 16.00 NOTE
r-devel-linux-x86_64-debian-gcc 3.1.4 2.47 13.66 16.13 NOTE
r-devel-linux-x86_64-fedora-clang 3.1.4 31.37 NOTE
r-devel-linux-x86_64-fedora-gcc 3.1.4 29.18 NOTE
r-devel-osx-x86_64-clang 3.1.4 29.16 NOTE
r-devel-windows-ix86+x86_64 3.1.4 22.00 47.00 69.00 NOTE
r-patched-linux-x86_64 3.1.4 2.66 13.52 16.18 NOTE
r-patched-solaris-sparc 3.1.4 206.00 NOTE
r-patched-solaris-x86 3.1.4 41.20 NOTE
r-release-linux-ix86 3.1.4 3.14 19.05 22.19 NOTE
r-release-linux-x86_64 3.1.4 2.58 13.54 16.11 NOTE
r-release-osx-x86_64-mavericks 3.1.4 OK
r-release-osx-x86_64-snowleopard 3.1.4 OK
r-release-windows-ix86+x86_64 3.1.4 12.00 26.00 38.00 NOTE
r-oldrel-windows-ix86+x86_64 3.1.4 12.00 25.00 37.00 OK

Check Details

Version: 3.1.4
Check: R code for possible problems
Result: NOTE
    mlegp: no visible global function definition for ‘sfLapply’
Flavors: r-devel-linux-x86_64-debian-clang, r-devel-linux-x86_64-debian-gcc, r-devel-linux-x86_64-fedora-clang, r-devel-linux-x86_64-fedora-gcc, r-devel-osx-x86_64-clang, r-devel-windows-ix86+x86_64, r-patched-linux-x86_64, r-patched-solaris-sparc, r-patched-solaris-x86, r-release-linux-ix86, r-release-linux-x86_64, r-release-windows-ix86+x86_64