CRAN Package Check Results for Package mlegp

Last updated on 2017-02-20 17:49:06.

Flavor Version Tinstall Tcheck Ttotal Status Flags
r-devel-linux-x86_64-debian-clang 3.1.4 3.01 15.50 18.51 NOTE
r-devel-linux-x86_64-debian-gcc 3.1.4 3.08 15.32 18.39 NOTE
r-devel-linux-x86_64-fedora-clang 3.1.4 30.67 NOTE --no-stop-on-test-error
r-devel-linux-x86_64-fedora-gcc 3.1.4 28.53 NOTE --no-stop-on-test-error
r-devel-macos-x86_64-clang 26.55 NOTE --no-stop-on-test-error
r-devel-windows-ix86+x86_64 3.1.4 11.00 49.00 60.00 NOTE
r-patched-linux-x86_64 3.1.4 2.48 13.14 15.62 NOTE
r-patched-solaris-sparc 3.1.4 169.30 NOTE
r-patched-solaris-x86 3.1.4 35.10 NOTE
r-release-linux-x86_64 3.1.4 2.47 13.38 15.85 NOTE
r-release-osx-x86_64-mavericks 3.1.4 NOTE
r-release-windows-ix86+x86_64 3.1.4 11.00 34.00 45.00 NOTE
r-oldrel-windows-ix86+x86_64 3.1.4 12.00 34.00 46.00 NOTE

Check Details

Version: 3.1.4
Check: S3 generic/method consistency
Result: NOTE
    Found the following apparent S3 methods exported but not registered:
     plot.gp plot.gp.list plotObservedEffects.gp predict.gp print.gp
     print.gp.list summary.gp summary.gp.list
    See section ‘Registering S3 methods’ in the ‘Writing R Extensions’
    manual.
Flavors: r-devel-linux-x86_64-debian-clang, r-devel-linux-x86_64-debian-gcc, r-patched-linux-x86_64, r-patched-solaris-sparc, r-patched-solaris-x86, r-release-linux-x86_64

Version: 3.1.4
Check: R code for possible problems
Result: NOTE
    createWindow: no visible global function definition for ‘par’
    mlegp: no visible global function definition for ‘var’
    mlegp: no visible global function definition for ‘sfLapply’
    plot.gp: no visible global function definition for ‘par’
    plot.gp: no visible global function definition for ‘plot’
    plot.gp: no visible global function definition for ‘lines’
    plot.gp: no visible global function definition for ‘abline’
    plot.gp: no visible global function definition for ‘qqnorm’
    plot.gp: no visible global function definition for ‘qqline’
    plot.gp: no visible global function definition for ‘hist’
    plot.gp.list: no visible global function definition for ‘plot’
    plotObservedEffects.gp: no visible global function definition for
     ‘plot’
    plotObservedEffectsDefault: no visible global function definition for
     ‘plot’
    uniqueSummary: no visible binding for global variable ‘var’
    varPerReps: no visible global function definition for ‘var’
    Undefined global functions or variables:
     abline hist lines par plot qqline qqnorm sfLapply var
    Consider adding
     importFrom("graphics", "abline", "hist", "lines", "par", "plot")
     importFrom("stats", "qqline", "qqnorm", "var")
    to your NAMESPACE file.
Flavors: r-devel-linux-x86_64-debian-clang, r-devel-linux-x86_64-debian-gcc, r-devel-windows-ix86+x86_64, r-patched-linux-x86_64, r-patched-solaris-sparc, r-patched-solaris-x86, r-release-linux-x86_64, r-release-osx-x86_64-mavericks, r-release-windows-ix86+x86_64

Version: 3.1.4
Check: compiled code
Result: NOTE
    File ‘mlegp/libs/mlegp.so’:
     Found no calls to: ‘R_registerRoutines’, ‘R_useDynamicSymbols’
    
    It is good practice to register native routines and to disable symbol
    search.
    
    See ‘Writing portable packages’ in the ‘Writing R Extensions’ manual.
Flavors: r-devel-linux-x86_64-debian-clang, r-devel-linux-x86_64-debian-gcc

Version: 3.1.4
Flags: --no-stop-on-test-error
Check: S3 generic/method consistency
Result: NOTE
    Found the following apparent S3 methods exported but not registered:
     plot.gp plot.gp.list plotObservedEffects.gp predict.gp print.gp
     print.gp.list summary.gp summary.gp.list
    See section ‘Registering S3 methods’ in the ‘Writing R Extensions’
    manual.
Flavors: r-devel-linux-x86_64-fedora-clang, r-devel-linux-x86_64-fedora-gcc, r-devel-macos-x86_64-clang

Version: 3.1.4
Flags: --no-stop-on-test-error
Check: R code for possible problems
Result: NOTE
    createWindow: no visible global function definition for ‘par’
    mlegp: no visible global function definition for ‘var’
    mlegp: no visible global function definition for ‘sfLapply’
    plot.gp: no visible global function definition for ‘par’
    plot.gp: no visible global function definition for ‘plot’
    plot.gp: no visible global function definition for ‘lines’
    plot.gp: no visible global function definition for ‘abline’
    plot.gp: no visible global function definition for ‘qqnorm’
    plot.gp: no visible global function definition for ‘qqline’
    plot.gp: no visible global function definition for ‘hist’
    plot.gp.list: no visible global function definition for ‘plot’
    plotObservedEffects.gp: no visible global function definition for
     ‘plot’
    plotObservedEffectsDefault: no visible global function definition for
     ‘plot’
    uniqueSummary: no visible binding for global variable ‘var’
    varPerReps: no visible global function definition for ‘var’
    Undefined global functions or variables:
     abline hist lines par plot qqline qqnorm sfLapply var
    Consider adding
     importFrom("graphics", "abline", "hist", "lines", "par", "plot")
     importFrom("stats", "qqline", "qqnorm", "var")
    to your NAMESPACE file.
Flavors: r-devel-linux-x86_64-fedora-clang, r-devel-linux-x86_64-fedora-gcc, r-devel-macos-x86_64-clang

Version: 3.1.4
Flags: --no-stop-on-test-error
Check: compiled code
Result: NOTE
    File ‘mlegp/libs/mlegp.so’:
     Found no calls to: ‘R_registerRoutines’, ‘R_useDynamicSymbols’
    
    It is good practice to register native routines and to disable symbol
    search.
    
    See ‘Writing portable packages’ in the ‘Writing R Extensions’ manual.
Flavors: r-devel-linux-x86_64-fedora-clang, r-devel-linux-x86_64-fedora-gcc, r-devel-macos-x86_64-clang

Version: 3.1.4
Check: R code for possible problems
Result: NOTE
    mlegp: no visible global function definition for 'sfLapply'
Flavor: r-oldrel-windows-ix86+x86_64