CRAN Package Check Results for Package mleur

Last updated on 2014-11-27 14:47:22.

Flavor Version Tinstall Tcheck Ttotal Status Flags
r-devel-linux-x86_64-debian-clang 1.0-6 2.92 35.62 38.54 NOTE
r-devel-linux-x86_64-debian-gcc 1.0-6 2.81 34.61 37.42 NOTE
r-devel-linux-x86_64-fedora-clang 1.0-6 86.89 NOTE
r-devel-linux-x86_64-fedora-gcc 1.0-6 82.38 NOTE
r-devel-osx-x86_64-clang 1.0-6 71.92 NOTE
r-devel-windows-ix86+x86_64 1.0-6 7.00 49.00 56.00 NOTE
r-patched-linux-x86_64 1.0-6 3.12 36.21 39.33 NOTE
r-patched-solaris-sparc 1.0-6 473.00 NOTE
r-patched-solaris-x86 1.0-6 103.10 NOTE
r-release-linux-ix86 1.0-6 3.55 45.43 48.98 NOTE
r-release-linux-x86_64 1.0-6 3.11 35.75 38.86 NOTE
r-release-osx-x86_64-mavericks 1.0-6 OK
r-release-osx-x86_64-snowleopard 1.0-6 ERROR
r-release-windows-ix86+x86_64 1.0-6 11.00 55.00 66.00 NOTE
r-oldrel-windows-ix86+x86_64 1.0-6 8.00 54.00 62.00 OK

Check Details

Version: 1.0-6
Check: R code for possible problems
Result: NOTE
    mleurDiag: no visible global function definition for ‘shapiroTest’
Flavors: r-devel-linux-x86_64-debian-clang, r-devel-linux-x86_64-debian-gcc, r-devel-linux-x86_64-fedora-clang, r-devel-linux-x86_64-fedora-gcc, r-devel-osx-x86_64-clang, r-devel-windows-ix86+x86_64, r-patched-linux-x86_64, r-patched-solaris-sparc, r-patched-solaris-x86, r-release-linux-ix86, r-release-linux-x86_64, r-release-windows-ix86+x86_64

Version: 1.0-6
Check: whether package can be installed
Result: ERROR
    Installation failed.
Flavor: r-release-osx-x86_64-snowleopard