CRAN Package Check Results for Package mleur

Last updated on 2014-09-02 11:48:42.

Flavor Version Tinstall Tcheck Ttotal Status Flags
r-devel-linux-x86_64-debian-clang 1.0-6 2.91 35.42 38.33 NOTE
r-devel-linux-x86_64-debian-gcc 1.0-6 3.06 34.28 37.34 NOTE
r-devel-linux-x86_64-fedora-clang 1.0-6 86.42 NOTE
r-devel-linux-x86_64-fedora-gcc 1.0-6 79.84 NOTE
r-devel-osx-x86_64-clang 1.0-6 68.62 NOTE
r-devel-windows-ix86+x86_64 1.0-6 8.00 53.00 61.00 NOTE
r-patched-linux-x86_64 1.0-6 3.55 37.32 40.87 OK
r-patched-solaris-sparc 1.0-6 498.30 OK
r-patched-solaris-x86 1.0-6 106.90 OK
r-release-linux-ix86 1.0-6 3.88 50.99 54.87 OK
r-release-linux-x86_64 1.0-6 3.20 38.12 41.32 OK
r-release-osx-x86_64-mavericks 1.0-6 OK
r-release-osx-x86_64-snowleopard 1.0-6 ERROR
r-release-windows-ix86+x86_64 1.0-6 8.00 56.00 64.00 OK
r-oldrel-windows-ix86+x86_64 1.0-6 10.00 52.00 62.00 OK

Check Details

Version: 1.0-6
Check: R code for possible problems
Result: NOTE
    mleurDiag: no visible global function definition for ‘shapiroTest’
Flavors: r-devel-linux-x86_64-debian-clang, r-devel-linux-x86_64-debian-gcc, r-devel-linux-x86_64-fedora-clang, r-devel-linux-x86_64-fedora-gcc, r-devel-osx-x86_64-clang, r-devel-windows-ix86+x86_64

Version: 1.0-6
Check: whether package can be installed
Result: ERROR
    Installation failed.
Flavor: r-release-osx-x86_64-snowleopard