CRAN Package Check Results for Package mleur

Last updated on 2015-01-25 21:48:22.

Flavor Version Tinstall Tcheck Ttotal Status Flags
r-devel-linux-x86_64-debian-clang 1.0-6 2.66 33.88 36.54 NOTE
r-devel-linux-x86_64-debian-gcc 1.0-6 2.76 33.84 36.60 NOTE
r-devel-linux-x86_64-fedora-clang 1.0-6 85.49 NOTE
r-devel-linux-x86_64-fedora-gcc 1.0-6 84.60 NOTE
r-devel-osx-x86_64-clang 1.0-6 72.34 NOTE
r-devel-windows-ix86+x86_64 1.0-6 8.00 55.00 63.00 NOTE
r-patched-linux-x86_64 1.0-6 3.08 37.43 40.51 NOTE
r-patched-solaris-sparc 1.0-6 501.00 NOTE
r-patched-solaris-x86 1.0-6 105.10 NOTE
r-release-linux-ix86 1.0-6 3.53 44.42 47.95 NOTE
r-release-linux-x86_64 1.0-6 3.07 36.89 39.96 NOTE
r-release-osx-x86_64-mavericks 1.0-6 NOTE
r-release-osx-x86_64-snowleopard 1.0-6 ERROR
r-release-windows-ix86+x86_64 1.0-6 9.00 61.00 70.00 NOTE
r-oldrel-windows-ix86+x86_64 1.0-6 11.00 55.00 66.00 OK

Check Details

Version: 1.0-6
Check: R code for possible problems
Result: NOTE
    mleurDiag: no visible global function definition for ‘shapiroTest’
Flavors: r-devel-linux-x86_64-debian-clang, r-devel-linux-x86_64-debian-gcc, r-devel-linux-x86_64-fedora-clang, r-devel-linux-x86_64-fedora-gcc, r-devel-osx-x86_64-clang, r-devel-windows-ix86+x86_64, r-patched-linux-x86_64, r-patched-solaris-sparc, r-patched-solaris-x86, r-release-linux-ix86, r-release-linux-x86_64, r-release-osx-x86_64-mavericks, r-release-windows-ix86+x86_64

Version: 1.0-6
Check: whether package can be installed
Result: ERROR
    Installation failed.
Flavor: r-release-osx-x86_64-snowleopard