CRAN Package Check Results for Package mleur

Last updated on 2014-12-21 11:46:38.

Flavor Version Tinstall Tcheck Ttotal Status Flags
r-devel-linux-x86_64-debian-clang 1.0-6 2.97 36.20 39.17 NOTE
r-devel-linux-x86_64-debian-gcc 1.0-6 2.79 34.28 37.06 NOTE
r-devel-linux-x86_64-fedora-clang 1.0-6 86.52 NOTE
r-devel-linux-x86_64-fedora-gcc 1.0-6 76.52 NOTE
r-devel-osx-x86_64-clang 1.0-6 72.40 NOTE
r-devel-windows-ix86+x86_64 1.0-6 9.00 50.00 59.00 NOTE
r-patched-linux-x86_64 1.0-6 3.02 36.04 39.06 NOTE
r-patched-solaris-sparc 1.0-6 473.00 NOTE
r-patched-solaris-x86 1.0-6 102.00 NOTE
r-release-linux-ix86 1.0-6 3.55 44.02 47.57 NOTE
r-release-linux-x86_64 1.0-6 3.11 37.30 40.41 NOTE
r-release-osx-x86_64-mavericks 1.0-6 OK
r-release-osx-x86_64-snowleopard 1.0-6 ERROR
r-release-windows-ix86+x86_64 1.0-6 9.00 56.00 65.00 NOTE
r-oldrel-windows-ix86+x86_64 1.0-6 10.00 53.00 63.00 OK

Check Details

Version: 1.0-6
Check: R code for possible problems
Result: NOTE
    mleurDiag: no visible global function definition for ‘shapiroTest’
Flavors: r-devel-linux-x86_64-debian-clang, r-devel-linux-x86_64-debian-gcc, r-devel-linux-x86_64-fedora-clang, r-devel-linux-x86_64-fedora-gcc, r-devel-osx-x86_64-clang, r-devel-windows-ix86+x86_64, r-patched-linux-x86_64, r-patched-solaris-sparc, r-patched-solaris-x86, r-release-linux-ix86, r-release-linux-x86_64, r-release-windows-ix86+x86_64

Version: 1.0-6
Check: whether package can be installed
Result: ERROR
    Installation failed.
Flavor: r-release-osx-x86_64-snowleopard