CRAN Package Check Results for Package mleur

Last updated on 2015-04-27 06:46:42.

Flavor Version Tinstall Tcheck Ttotal Status Flags
r-devel-linux-x86_64-debian-clang 1.0-6 2.16 28.78 30.94 NOTE
r-devel-linux-x86_64-debian-gcc 1.0-6 2.22 27.78 30.00 NOTE
r-devel-linux-x86_64-fedora-clang 1.0-6 63.75 NOTE
r-devel-linux-x86_64-fedora-gcc 1.0-6 58.68 NOTE
r-devel-osx-x86_64-clang 1.0-6 54.86 NOTE
r-devel-windows-ix86+x86_64 1.0-6 7.00 65.00 72.00 NOTE
r-patched-linux-x86_64 1.0-6 3.00 27.46 30.46 NOTE
r-patched-solaris-sparc 1.0-6 382.10 NOTE
r-patched-solaris-x86 1.0-6 78.90 NOTE
r-release-linux-x86_64 1.0-6 2.13 27.76 29.89 NOTE
r-release-osx-x86_64-mavericks 1.0-6 NOTE
r-release-osx-x86_64-snowleopard 1.0-6 NOTE
r-release-windows-ix86+x86_64 1.0-6 8.00 43.00 51.00 NOTE
r-oldrel-windows-ix86+x86_64 1.0-6 8.00 56.00 64.00 NOTE

Check Details

Version: 1.0-6
Check: DESCRIPTION meta-information
Result: NOTE
    Malformed Description field: should contain one or more complete sentences.
Flavors: r-devel-linux-x86_64-debian-clang, r-devel-linux-x86_64-debian-gcc, r-devel-linux-x86_64-fedora-clang, r-devel-linux-x86_64-fedora-gcc, r-devel-osx-x86_64-clang, r-devel-windows-ix86+x86_64, r-patched-solaris-sparc, r-patched-solaris-x86, r-release-osx-x86_64-mavericks, r-release-osx-x86_64-snowleopard, r-release-windows-ix86+x86_64

Version: 1.0-6
Check: R code for possible problems
Result: NOTE
    mleurDiag: no visible global function definition for ‘shapiroTest’
Flavors: r-devel-linux-x86_64-debian-clang, r-devel-linux-x86_64-debian-gcc, r-devel-linux-x86_64-fedora-clang, r-devel-linux-x86_64-fedora-gcc, r-devel-osx-x86_64-clang, r-devel-windows-ix86+x86_64, r-patched-solaris-sparc, r-patched-solaris-x86, r-release-osx-x86_64-mavericks, r-release-osx-x86_64-snowleopard, r-release-windows-ix86+x86_64, r-oldrel-windows-ix86+x86_64