CRAN Package Check Results for Package mleur

Last updated on 2015-07-31 04:48:06.

Flavor Version Tinstall Tcheck Ttotal Status Flags
r-devel-linux-x86_64-debian-clang 1.0-6 2.21 28.06 30.27 NOTE
r-devel-linux-x86_64-debian-gcc 1.0-6 2.69 26.92 29.61 NOTE
r-devel-linux-x86_64-fedora-clang 1.0-6 61.80 NOTE
r-devel-linux-x86_64-fedora-gcc 1.0-6 56.31 NOTE
r-devel-osx-x86_64-clang 1.0-6 48.44 NOTE
r-devel-windows-ix86+x86_64 1.0-6 11.00 43.00 54.00 NOTE
r-patched-linux-x86_64 1.0-6 2.12 27.93 30.05 NOTE
r-patched-solaris-sparc 1.0-6 384.40 NOTE
r-patched-solaris-x86 1.0-6 79.90 NOTE
r-release-linux-x86_64 1.0-6 2.12 26.97 29.09 NOTE
r-release-osx-x86_64-mavericks 1.0-6 NOTE
r-release-windows-ix86+x86_64 1.0-6 10.00 44.00 54.00 NOTE
r-oldrel-windows-ix86+x86_64 1.0-6 14.00 59.00 73.00 NOTE

Check Details

Version: 1.0-6
Check: DESCRIPTION meta-information
Result: NOTE
    Malformed Description field: should contain one or more complete sentences.
Flavors: r-devel-linux-x86_64-debian-clang, r-devel-linux-x86_64-debian-gcc, r-devel-linux-x86_64-fedora-clang, r-devel-linux-x86_64-fedora-gcc, r-devel-osx-x86_64-clang, r-devel-windows-ix86+x86_64, r-patched-linux-x86_64, r-patched-solaris-sparc, r-patched-solaris-x86, r-release-linux-x86_64, r-release-osx-x86_64-mavericks, r-release-windows-ix86+x86_64

Version: 1.0-6
Check: R code for possible problems
Result: NOTE
    dftest: no visible global function definition for ‘slot’
    mctest: no visible global function definition for ‘rnorm’
    mleurDiag: no visible global function definition for ‘acf’
    mleurDiag: no visible global function definition for ‘pchisq’
    mleurDiag: no visible global function definition for ‘par’
    mleurDiag: no visible global function definition for ‘boxplot’
    mleurDiag: no visible global function definition for ‘shapiroTest’
    mleurDiag: no visible global function definition for ‘title’
    mleurDiag: no visible global function definition for ‘abline’
    mleurDiag: no visible global function definition for ‘lines’
    simar1: no visible global function definition for ‘rnorm’
    simar1: no visible global function definition for ‘rt’
    simar1: no visible global function definition for ‘convolve’
    Undefined global functions or variables:
     abline acf boxplot convolve lines par pchisq rnorm rt shapiroTest
     slot title
    Consider adding
     importFrom("graphics", "abline", "boxplot", "lines", "par", "title")
     importFrom("methods", "slot")
     importFrom("stats", "acf", "convolve", "pchisq", "rnorm", "rt")
    to your NAMESPACE.
Flavors: r-devel-linux-x86_64-debian-clang, r-devel-linux-x86_64-debian-gcc, r-devel-linux-x86_64-fedora-clang, r-devel-linux-x86_64-fedora-gcc, r-devel-windows-ix86+x86_64

Version: 1.0-6
Check: R code for possible problems
Result: NOTE
    mleurDiag: no visible global function definition for ‘shapiroTest’
    Undefined global functions or variables:
     shapiroTest
Flavor: r-devel-osx-x86_64-clang

Version: 1.0-6
Check: R code for possible problems
Result: NOTE
    mleurDiag: no visible global function definition for ‘shapiroTest’
Flavors: r-patched-linux-x86_64, r-patched-solaris-sparc, r-patched-solaris-x86, r-release-linux-x86_64, r-release-osx-x86_64-mavericks, r-release-windows-ix86+x86_64, r-oldrel-windows-ix86+x86_64