CRAN Package Check Results for Package mleur

Last updated on 2014-07-23 08:49:50.

Flavor Version Tinstall Tcheck Ttotal Status Flags
r-devel-linux-x86_64-debian-clang 1.0-6 2.97 36.80 39.77 OK
r-devel-linux-x86_64-debian-gcc 1.0-6 3.04 35.68 38.72 OK
r-devel-linux-x86_64-fedora-clang 1.0-6 89.31 OK
r-devel-linux-x86_64-fedora-gcc 1.0-6 85.51 OK
r-devel-osx-x86_64-clang 1.0-6 72.87 OK
r-devel-windows-ix86+x86_64 1.0-6 8.00 54.00 62.00 OK
r-patched-linux-x86_64 1.0-6 3.07 36.56 39.63 OK
r-patched-solaris-sparc 1.0-6 487.30 OK
r-patched-solaris-x86 1.0-6 105.50 OK
r-release-linux-ix86 1.0-6 3.89 48.20 52.09 OK
r-release-linux-x86_64 1.0-6 3.18 37.80 40.99 OK
r-release-osx-x86_64-mavericks 1.0-6 OK
r-release-osx-x86_64-snowleopard 1.0-6 ERROR
r-release-windows-ix86+x86_64 1.0-6 10.00 60.00 70.00 OK
r-oldrel-windows-ix86+x86_64 1.0-6 11.00 57.00 68.00 OK

Check Details

Version: 1.0-6
Check: whether package can be installed
Result: ERROR
    Installation failed.
    See ‘/Volumes/XT3/Builds/R-dev-web/QA/Simon/packages/snowleopard-x86_64/results/3.1/mleur.Rcheck/00install.out’ for details.
Flavor: r-release-osx-x86_64-snowleopard