CRAN Package Check Results for Package mleur

Last updated on 2014-04-24 23:48:07.

Flavor Version Tinstall Tcheck Ttotal Status Flags
r-devel-linux-x86_64-debian-clang 1.0-6 3.40 39.22 42.62 OK
r-devel-linux-x86_64-debian-gcc 1.0-6 3.50 39.40 42.90 OK
r-devel-linux-x86_64-fedora-clang 1.0-6 90.95 OK
r-devel-linux-x86_64-fedora-gcc 1.0-6 87.23 OK
r-devel-osx-x86_64-clang 1.0-6 70.00 OK
r-devel-osx-x86_64-gcc 1.0-6 OK
r-devel-windows-ix86+x86_64 1.0-6 9.00 57.00 66.00 OK
r-patched-linux-x86_64 1.0-6 3.28 38.90 42.18 OK
r-patched-solaris-sparc 1.0-6 487.30 OK
r-patched-solaris-x86 1.0-6 110.30 OK
r-release-linux-ix86 1.0-6 5.00 66.00 71.00 OK
r-release-linux-x86_64 1.0-6 3.27 39.30 42.58 OK
r-release-osx-x86_64-mavericks 1.0-6 WARN
r-release-osx-x86_64-snowleopard 1.0-6 ERROR
r-release-windows-ix86+x86_64 1.0-6 10.00 56.00 66.00 OK
r-oldrel-windows-ix86+x86_64 1.0-6 10.00 54.00 64.00 OK

Check Details

Version: 1.0-6
Check: PDF version of manual
Result: WARNING
    LaTeX errors when creating PDF version.
    This typically indicates Rd problems.
    LaTeX errors found:
    ! LaTeX Error: File `upquote.sty' not found.
    
    Type X to quit or <RETURN> to proceed,
    or enter new name. (Default extension: sty)
    
    83832f5/Rd2.tex:8: ==> Fatal error occurred, no output PDF file produced!
Flavor: r-release-osx-x86_64-mavericks

Version: 1.0-6
Check: whether package can be installed
Result: ERROR
    Installation failed.
    See ‘/Volumes/XT3/Builds/R-dev-web/QA/Simon/packages/snowleopard-x86_64/results/3.1/mleur.Rcheck/00install.out’ for details.
Flavor: r-release-osx-x86_64-snowleopard