CRAN Package Check Results for Package mleur

Last updated on 2015-03-30 23:47:50.

Flavor Version Tinstall Tcheck Ttotal Status Flags
r-devel-linux-x86_64-debian-clang 1.0-6 2.16 28.42 30.58 NOTE
r-devel-linux-x86_64-debian-gcc 1.0-6 2.12 27.18 29.30 NOTE
r-devel-linux-x86_64-fedora-clang 1.0-6 63.76 NOTE
r-devel-linux-x86_64-fedora-gcc 1.0-6 65.64 NOTE
r-devel-osx-x86_64-clang 1.0-6 61.28 NOTE
r-prerel-windows-ix86+x86_64 1.0-6 6.00 44.00 50.00 NOTE
r-prerel-linux-x86_64 1.0-6 2.42 26.94 29.36 NOTE
r-prerel-solaris-sparc 1.0-6 382.10 NOTE
r-prerel-solaris-x86 1.0-6 76.50 NOTE
r-release-linux-x86_64 1.0-6 3.16 36.22 39.37 NOTE
r-release-osx-x86_64-mavericks 1.0-6 NOTE
r-release-osx-x86_64-snowleopard 1.0-6 ERROR
r-release-windows-ix86+x86_64 1.0-6 12.00 61.00 73.00 NOTE
r-oldrel-windows-ix86+x86_64 1.0-6 11.00 56.00 67.00 OK

Check Details

Version: 1.0-6
Check: DESCRIPTION meta-information
Result: NOTE
    Malformed Description field: should contain one or more complete sentences.
Flavors: r-devel-linux-x86_64-debian-clang, r-devel-linux-x86_64-debian-gcc, r-devel-linux-x86_64-fedora-clang, r-devel-linux-x86_64-fedora-gcc, r-devel-osx-x86_64-clang, r-prerel-windows-ix86+x86_64, r-prerel-linux-x86_64, r-prerel-solaris-sparc, r-prerel-solaris-x86

Version: 1.0-6
Check: R code for possible problems
Result: NOTE
    mleurDiag: no visible global function definition for ‘shapiroTest’
Flavors: r-devel-linux-x86_64-debian-clang, r-devel-linux-x86_64-debian-gcc, r-devel-linux-x86_64-fedora-clang, r-devel-linux-x86_64-fedora-gcc, r-devel-osx-x86_64-clang, r-prerel-windows-ix86+x86_64, r-prerel-linux-x86_64, r-prerel-solaris-sparc, r-prerel-solaris-x86, r-release-linux-x86_64, r-release-osx-x86_64-mavericks, r-release-windows-ix86+x86_64

Version: 1.0-6
Check: whether package can be installed
Result: ERROR
    Installation failed.
Flavor: r-release-osx-x86_64-snowleopard