CRAN Package Check Results for Package mleur

Last updated on 2015-02-28 12:51:17.

Flavor Version Tinstall Tcheck Ttotal Status Flags
r-devel-linux-x86_64-debian-clang 1.0-6 2.17 27.74 29.91 NOTE
r-devel-linux-x86_64-debian-gcc 1.0-6 2.20 26.92 29.12 NOTE
r-devel-linux-x86_64-fedora-clang 1.0-6 61.62 NOTE
r-devel-linux-x86_64-fedora-gcc 1.0-6 58.62 NOTE
r-devel-osx-x86_64-clang 1.0-6 57.31 NOTE
r-devel-windows-ix86+x86_64 1.0-6 10.00 47.00 57.00 NOTE
r-patched-linux-x86_64 1.0-6 3.30 37.76 41.06 NOTE
r-patched-solaris-sparc 1.0-6 501.00 NOTE
r-patched-solaris-x86 1.0-6 105.60 NOTE
r-release-linux-ix86 1.0-6 4.88 45.48 50.37 NOTE
r-release-linux-x86_64 1.0-6 3.17 37.41 40.58 NOTE
r-release-osx-x86_64-mavericks 1.0-6 NOTE
r-release-osx-x86_64-snowleopard 1.0-6 ERROR
r-release-windows-ix86+x86_64 1.0-6 11.00 59.00 70.00 NOTE
r-oldrel-windows-ix86+x86_64 1.0-6 12.00 53.00 65.00 OK

Check Details

Version: 1.0-6
Check: DESCRIPTION meta-information
Result: NOTE
    Malformed Description field: should contain one or more complete sentences.
Flavors: r-devel-linux-x86_64-debian-clang, r-devel-linux-x86_64-debian-gcc, r-devel-linux-x86_64-fedora-clang, r-devel-linux-x86_64-fedora-gcc, r-devel-osx-x86_64-clang, r-devel-windows-ix86+x86_64

Version: 1.0-6
Check: R code for possible problems
Result: NOTE
    mleurDiag: no visible global function definition for ‘shapiroTest’
Flavors: r-devel-linux-x86_64-debian-clang, r-devel-linux-x86_64-debian-gcc, r-devel-linux-x86_64-fedora-clang, r-devel-linux-x86_64-fedora-gcc, r-devel-osx-x86_64-clang, r-devel-windows-ix86+x86_64, r-patched-linux-x86_64, r-patched-solaris-sparc, r-patched-solaris-x86, r-release-linux-ix86, r-release-linux-x86_64, r-release-osx-x86_64-mavericks, r-release-windows-ix86+x86_64

Version: 1.0-6
Check: whether package can be installed
Result: ERROR
    Installation failed.
Flavor: r-release-osx-x86_64-snowleopard