CRAN Package Check Results for Package mleur

Last updated on 2014-08-22 13:46:56.

Flavor Version Tinstall Tcheck Ttotal Status Flags
r-devel-linux-x86_64-debian-clang 1.0-6 3.03 35.67 38.70 OK
r-devel-linux-x86_64-debian-gcc 1.0-6 2.99 35.09 38.08 OK
r-devel-linux-x86_64-fedora-clang 1.0-6 86.70 NOTE
r-devel-linux-x86_64-fedora-gcc 1.0-6 81.98 NOTE
r-devel-osx-x86_64-clang 1.0-6 68.97 NOTE
r-devel-windows-ix86+x86_64 1.0-6 9.00 54.00 63.00 OK
r-patched-linux-x86_64 1.0-6 3.15 36.30 39.45 OK
r-patched-solaris-sparc 1.0-6 498.30 OK
r-patched-solaris-x86 1.0-6 106.90 OK
r-release-linux-ix86 1.0-6 3.81 48.24 52.06 OK
r-release-linux-x86_64 1.0-6 3.36 37.38 40.74 OK
r-release-osx-x86_64-mavericks 1.0-6 OK
r-release-osx-x86_64-snowleopard 1.0-6 ERROR
r-release-windows-ix86+x86_64 1.0-6 11.00 57.00 68.00 OK
r-oldrel-windows-ix86+x86_64 1.0-6 10.00 53.00 63.00 OK

Check Details

Version: 1.0-6
Check: R code for possible problems
Result: NOTE
    mleurDiag: no visible global function definition for ‘shapiroTest’
Flavors: r-devel-linux-x86_64-fedora-clang, r-devel-linux-x86_64-fedora-gcc, r-devel-osx-x86_64-clang

Version: 1.0-6
Check: whether package can be installed
Result: ERROR
    Installation failed.
Flavor: r-release-osx-x86_64-snowleopard