CRAN Package Check Results for Package mleur

Last updated on 2015-05-24 14:47:01.

Flavor Version Tinstall Tcheck Ttotal Status Flags
r-devel-linux-x86_64-debian-clang 1.0-6 2.28 28.47 30.75 NOTE
r-devel-linux-x86_64-debian-gcc 1.0-6 2.06 27.12 29.18 NOTE
r-devel-linux-x86_64-fedora-clang 1.0-6 62.75 NOTE
r-devel-linux-x86_64-fedora-gcc 1.0-6 57.63 NOTE
r-devel-osx-x86_64-clang 1.0-6 57.67 NOTE
r-devel-windows-ix86+x86_64 1.0-6 7.00 47.00 54.00 NOTE
r-patched-linux-x86_64 1.0-6 2.12 27.60 29.72 NOTE
r-patched-solaris-sparc 1.0-6 395.20 NOTE
r-patched-solaris-x86 1.0-6 79.10 NOTE
r-release-linux-x86_64 1.0-6 2.22 29.87 32.09 NOTE
r-release-osx-x86_64-mavericks 1.0-6 NOTE
r-release-osx-x86_64-snowleopard 1.0-6 NOTE
r-release-windows-ix86+x86_64 1.0-6 8.00 45.00 53.00 NOTE
r-oldrel-windows-ix86+x86_64 1.0-6 10.00 88.00 98.00 NOTE

Check Details

Version: 1.0-6
Check: DESCRIPTION meta-information
Result: NOTE
    Malformed Description field: should contain one or more complete sentences.
Flavors: r-devel-linux-x86_64-debian-clang, r-devel-linux-x86_64-debian-gcc, r-devel-linux-x86_64-fedora-clang, r-devel-linux-x86_64-fedora-gcc, r-devel-osx-x86_64-clang, r-devel-windows-ix86+x86_64, r-patched-linux-x86_64, r-patched-solaris-sparc, r-patched-solaris-x86, r-release-linux-x86_64, r-release-osx-x86_64-mavericks, r-release-osx-x86_64-snowleopard, r-release-windows-ix86+x86_64

Version: 1.0-6
Check: R code for possible problems
Result: NOTE
    mleurDiag: no visible global function definition for ‘shapiroTest’
Flavors: r-devel-linux-x86_64-debian-clang, r-devel-linux-x86_64-debian-gcc, r-devel-linux-x86_64-fedora-clang, r-devel-linux-x86_64-fedora-gcc, r-devel-osx-x86_64-clang, r-devel-windows-ix86+x86_64, r-patched-linux-x86_64, r-patched-solaris-sparc, r-patched-solaris-x86, r-release-linux-x86_64, r-release-osx-x86_64-mavericks, r-release-osx-x86_64-snowleopard, r-release-windows-ix86+x86_64, r-oldrel-windows-ix86+x86_64