CRAN Package Check Results for Package mlflow

Last updated on 2019-03-26 13:51:24 CET.

Flavor Version Tinstall Tcheck Ttotal Status Flags
r-devel-linux-x86_64-debian-clang 0.8.0 7.04 62.71 69.75 WARN
r-devel-linux-x86_64-debian-gcc 0.8.0 6.54 50.92 57.46 OK
r-devel-linux-x86_64-fedora-clang 0.8.0 86.00 NOTE
r-devel-linux-x86_64-fedora-gcc 0.8.0 85.77 NOTE
r-devel-windows-ix86+x86_64 0.8.0 23.00 105.00 128.00 OK
r-patched-linux-x86_64 0.8.0 5.29 59.98 65.27 OK
r-patched-solaris-x86 0.8.0 130.90 NOTE
r-release-linux-x86_64 0.8.0 6.20 59.96 66.16 OK
r-release-windows-ix86+x86_64 0.8.0 14.00 106.00 120.00 OK
r-release-osx-x86_64 0.8.0 NOTE
r-oldrel-windows-ix86+x86_64 0.8.0 10.00 84.00 94.00 OK
r-oldrel-osx-x86_64 0.8.0 NOTE

Check Details

Version: 0.8.0
Check: whether package can be installed
Result: WARN
    Found the following significant warnings:
     Warning: unable to re-encode 'tracking-client.R' lines 150, 297
     Warning: unable to re-encode 'tracking-fluent.R' line 181
Flavor: r-devel-linux-x86_64-debian-clang

Version: 0.8.0
Check: dependencies in R code
Result: NOTE
    Namespace in Imports field not imported from: ‘aws.s3’
     All declared Imports should be used.
Flavors: r-devel-linux-x86_64-fedora-clang, r-devel-linux-x86_64-fedora-gcc, r-patched-solaris-x86, r-release-osx-x86_64, r-oldrel-osx-x86_64