CRAN Package Check Results for Package mlflow

Last updated on 2019-05-22 20:47:58 CEST.

Flavor Version Tinstall Tcheck Ttotal Status Flags
r-devel-linux-x86_64-debian-clang 0.9.0.1 8.06 63.73 71.79 OK
r-devel-linux-x86_64-debian-gcc 0.9.0.1 7.32 51.58 58.90 OK
r-devel-linux-x86_64-fedora-clang 0.9.0.1 84.48 NOTE
r-devel-linux-x86_64-fedora-gcc 0.9.0.1 83.22 NOTE
r-devel-windows-ix86+x86_64 0.9.0.1 18.00 100.00 118.00 OK
r-patched-linux-x86_64 0.9.0.1 7.42 63.54 70.96 OK
r-patched-solaris-x86 0.9.0.1 138.20 NOTE
r-release-linux-x86_64 0.9.0.1 8.30 63.37 71.67 OK
r-release-windows-ix86+x86_64 0.9.0.1 23.00 77.00 100.00 OK
r-release-osx-x86_64 0.9.0.1 NOTE
r-oldrel-windows-ix86+x86_64 0.9.0.1 10.00 67.00 77.00 OK
r-oldrel-osx-x86_64 0.9.0.1 NOTE

Check Details

Version: 0.9.0.1
Check: dependencies in R code
Result: NOTE
    Namespace in Imports field not imported from: ‘xml2’
     All declared Imports should be used.
Flavors: r-devel-linux-x86_64-fedora-clang, r-devel-linux-x86_64-fedora-gcc, r-patched-solaris-x86, r-release-osx-x86_64, r-oldrel-osx-x86_64