CRAN Package Check Results for Package mlgt

Last updated on 2014-04-25 09:52:18.

Flavor Version Tinstall Tcheck Ttotal Status Flags
r-devel-linux-x86_64-debian-clang 0.16 1.06 16.42 17.48 NOTE
r-devel-linux-x86_64-debian-gcc 0.16 1.06 16.71 17.77 NOTE
r-devel-linux-x86_64-fedora-clang 0.16 36.15 NOTE
r-devel-linux-x86_64-fedora-gcc 0.16 34.56 NOTE
r-devel-osx-x86_64-clang 0.16 31.00 NOTE
r-devel-osx-x86_64-gcc 0.16 NOTE
r-devel-windows-ix86+x86_64 0.16 3.00 25.00 28.00 NOTE
r-patched-linux-x86_64 0.16 1.16 15.98 17.14 NOTE
r-patched-solaris-sparc 0.16 192.10 NOTE
r-patched-solaris-x86 0.16 48.30 NOTE
r-release-linux-ix86 0.16 2.00 33.00 35.00 NOTE
r-release-linux-x86_64 0.16 1.20 16.69 17.89 NOTE
r-release-osx-x86_64-mavericks 0.16 WARN
r-release-osx-x86_64-snowleopard 0.16 NOTE
r-release-windows-ix86+x86_64 0.16 4.00 25.00 29.00 NOTE
r-oldrel-windows-ix86+x86_64 0.16 4.00 26.00 30.00 NOTE

Check Details

Version: 0.16
Check: dependencies in R code
Result: NOTE
    Packages in Depends field not imported from:
     ‘methods’ ‘seqinr’
     These packages need to be imported from (in the NAMESPACE file)
     for when this namespace is loaded but not attached.
    See the information on DESCRIPTION files in the chapter ‘Creating R
    packages’ of the ‘Writing R Extensions’ manual.
Flavors: r-devel-linux-x86_64-debian-clang, r-devel-linux-x86_64-debian-gcc, r-devel-linux-x86_64-fedora-clang, r-devel-linux-x86_64-fedora-gcc, r-devel-osx-x86_64-clang, r-devel-osx-x86_64-gcc, r-devel-windows-ix86+x86_64, r-patched-linux-x86_64, r-patched-solaris-sparc, r-patched-solaris-x86, r-release-linux-ix86, r-release-linux-x86_64, r-release-osx-x86_64-mavericks, r-release-windows-ix86+x86_64, r-oldrel-windows-ix86+x86_64

Version: 0.16
Check: R code for possible problems
Result: NOTE
    createKnownAlleleList: no visible binding for global variable ‘name’
Flavors: r-devel-linux-x86_64-debian-clang, r-devel-linux-x86_64-debian-gcc, r-devel-linux-x86_64-fedora-clang, r-devel-linux-x86_64-fedora-gcc, r-devel-osx-x86_64-clang, r-devel-osx-x86_64-gcc, r-devel-windows-ix86+x86_64, r-patched-linux-x86_64, r-patched-solaris-sparc, r-patched-solaris-x86, r-release-linux-ix86, r-release-linux-x86_64, r-release-osx-x86_64-mavericks, r-release-osx-x86_64-snowleopard, r-release-windows-ix86+x86_64, r-oldrel-windows-ix86+x86_64

Version: 0.16
Check: top-level files
Result: NOTE
    Non-standard file/directory found at top level:
     ‘CHANGELOG.txt’
Flavors: r-devel-linux-x86_64-fedora-clang, r-devel-linux-x86_64-fedora-gcc

Version: 0.16
Check: PDF version of manual
Result: WARNING
    LaTeX errors when creating PDF version.
    This typically indicates Rd problems.
    LaTeX errors found:
    ! LaTeX Error: File `upquote.sty' not found.
    
    Type X to quit or <RETURN> to proceed,
    or enter new name. (Default extension: sty)
    
    37570ad/Rd2.tex:8: ==> Fatal error occurred, no output PDF file produced!
Flavor: r-release-osx-x86_64-mavericks