CRAN Package Check Results for Package mlgt

Last updated on 2014-07-26 11:52:23.

Flavor Version Tinstall Tcheck Ttotal Status Flags
r-devel-linux-x86_64-debian-clang 0.16 1.22 15.26 16.47 NOTE
r-devel-linux-x86_64-debian-gcc 0.16 1.06 15.36 16.41 NOTE
r-devel-linux-x86_64-fedora-clang 0.16 36.37 NOTE
r-devel-linux-x86_64-fedora-gcc 0.16 34.47 NOTE
r-devel-osx-x86_64-clang 0.16 32.97 NOTE
r-devel-windows-ix86+x86_64 0.16 4.00 25.00 29.00 NOTE
r-patched-linux-x86_64 0.16 1.00 15.28 16.29 NOTE
r-patched-solaris-sparc 0.16 192.10 NOTE
r-patched-solaris-x86 0.16 48.60 NOTE
r-release-linux-ix86 0.16 1.48 22.90 24.38 NOTE
r-release-linux-x86_64 0.16 1.42 15.56 16.97 NOTE
r-release-osx-x86_64-mavericks 0.16 NOTE
r-release-osx-x86_64-snowleopard 0.16 NOTE
r-release-windows-ix86+x86_64 0.16 4.00 28.00 32.00 NOTE
r-oldrel-windows-ix86+x86_64 0.16 4.00 25.00 29.00 NOTE

Check Details

Version: 0.16
Check: dependencies in R code
Result: NOTE
    Packages in Depends field not imported from:
     ‘methods’ ‘seqinr’
     These packages need to be imported from (in the NAMESPACE file)
     for when this namespace is loaded but not attached.
    See the information on DESCRIPTION files in the chapter ‘Creating R
    packages’ of the ‘Writing R Extensions’ manual.
Flavors: r-devel-linux-x86_64-debian-clang, r-devel-linux-x86_64-debian-gcc, r-devel-linux-x86_64-fedora-clang, r-devel-linux-x86_64-fedora-gcc, r-devel-osx-x86_64-clang, r-devel-windows-ix86+x86_64, r-patched-linux-x86_64, r-patched-solaris-sparc, r-patched-solaris-x86, r-release-linux-ix86, r-release-linux-x86_64, r-release-osx-x86_64-mavericks, r-release-windows-ix86+x86_64, r-oldrel-windows-ix86+x86_64

Version: 0.16
Check: R code for possible problems
Result: NOTE
    createKnownAlleleList: no visible binding for global variable ‘name’
Flavors: r-devel-linux-x86_64-debian-clang, r-devel-linux-x86_64-debian-gcc, r-devel-linux-x86_64-fedora-clang, r-devel-linux-x86_64-fedora-gcc, r-devel-osx-x86_64-clang, r-devel-windows-ix86+x86_64, r-patched-linux-x86_64, r-patched-solaris-sparc, r-patched-solaris-x86, r-release-linux-ix86, r-release-linux-x86_64, r-release-osx-x86_64-mavericks, r-release-osx-x86_64-snowleopard, r-release-windows-ix86+x86_64, r-oldrel-windows-ix86+x86_64

Version: 0.16
Check: top-level files
Result: NOTE
    Non-standard file/directory found at top level:
     ‘CHANGELOG.txt’
Flavors: r-devel-linux-x86_64-fedora-clang, r-devel-linux-x86_64-fedora-gcc