CRAN Package Check Results for Package mlmRev

Last updated on 2017-06-24 09:55:27.

Flavor Version Tinstall Tcheck Ttotal Status Flags
r-devel-linux-x86_64-debian-clang 1.0-6 2.79 195.62 198.41 OK
r-devel-linux-x86_64-debian-gcc 1.0-6 2.72 204.01 206.73 OK
r-devel-linux-x86_64-fedora-clang 1.0-6 474.89 OK
r-devel-linux-x86_64-fedora-gcc 1.0-6 486.47 OK
r-devel-windows-ix86+x86_64 1.0-6 10.00 412.00 422.00 OK
r-patched-linux-x86_64 1.0-6 2.89 202.86 205.75 OK
r-patched-solaris-sparc 1.0-6 4141.30 OK
r-patched-solaris-x86 1.0-6 670.50 OK
r-release-linux-x86_64 1.0-6 3.01 203.20 206.21 OK
r-release-windows-ix86+x86_64 1.0-6 12.00 411.00 423.00 OK
r-release-osx-x86_64 1.0-6 NOTE
r-oldrel-windows-ix86+x86_64 1.0-6 11.00 394.00 405.00 OK
r-oldrel-osx-x86_64 1.0-6 OK

Check Details

Version: 1.0-6
Check: re-building of vignette outputs
Result: NOTE
    Error in re-building vignettes:
     ...
    Warning in split.default(x = seq_len(nrow(x)), f = f, drop = drop, ...) :
     data length is not a multiple of split variable
    Warning in split.default(x = seq_len(nrow(x)), f = f, drop = drop, ...) :
     data length is not a multiple of split variable
    Warning in split.default(x = seq_len(nrow(x)), f = f, drop = drop, ...) :
     data length is not a multiple of split variable
    Warning in lmList(normexam ~ standLRT + sex | school, Exam, subset = type == :
     Fitting failed for 1 group(s), probably because a factor only had one level
    refitting model(s) with ML (instead of REML)
    Error in texi2dvi(file = file, pdf = TRUE, clean = clean, quiet = quiet, :
     Running 'texi2dvi' on 'StarData.tex' failed.
    LaTeX errors:
    ! LaTeX Error: File `fullpage.sty' not found.
    
    Type X to quit or <RETURN> to proceed,
    or enter new name. (Default extension: sty)
    
    ! Emergency stop.
    <read *>
    
    l.3 \usepackage
     {url}^^M
    ! ==> Fatal error occurred, no output PDF file produced!
    Calls: buildVignettes -> texi2pdf -> texi2dvi
    Execution halted
Flavor: r-release-osx-x86_64