CRAN Package Check Results for Package mlmRev

Last updated on 2018-04-25 08:51:28 CEST.

Flavor Version Tinstall Tcheck Ttotal Status Flags
r-devel-linux-x86_64-debian-clang 1.0-6 4.09 286.24 290.33 OK
r-devel-linux-x86_64-debian-gcc 1.0-6 2.96 219.60 222.56 OK
r-devel-linux-x86_64-fedora-clang 1.0-6 357.11 OK
r-devel-linux-x86_64-fedora-gcc 1.0-6 366.88 OK
r-devel-windows-ix86+x86_64 1.0-6 11.00 333.00 344.00 OK
r-patched-linux-x86_64 1.0-6 3.23 293.11 296.34 OK
r-patched-solaris-x86 1.0-6 704.80 OK
r-release-linux-x86_64 1.0-6 2.70 303.10 305.80 OK
r-release-windows-ix86+x86_64 1.0-6 11.00 333.00 344.00 OK
r-release-osx-x86_64 1.0-6 OK
r-oldrel-windows-ix86+x86_64 1.0-6 7.00 412.00 419.00 OK
r-oldrel-osx-x86_64 1.0-6 NOTE

Check Details

Version: 1.0-6
Check: re-building of vignette outputs
Result: NOTE
    Error in re-building vignettes:
     ...
    Warning in split.default(x = seq_len(nrow(x)), f = f, drop = drop, ...) :
     data length is not a multiple of split variable
    Warning in split.default(x = seq_len(nrow(x)), f = f, drop = drop, ...) :
     data length is not a multiple of split variable
    Warning in split.default(x = seq_len(nrow(x)), f = f, drop = drop, ...) :
     data length is not a multiple of split variable
    Warning in lmList(normexam ~ standLRT + sex | school, Exam, subset = type == :
     Fitting failed for 1 group(s), probably because a factor only had one level
    refitting model(s) with ML (instead of REML)
    Error in texi2dvi(file = file, pdf = TRUE, clean = clean, quiet = quiet, :
     Running 'texi2dvi' on 'StarData.tex' failed.
    LaTeX errors:
    ! LaTeX Error: File `fullpage.sty' not found.
    
    Type X to quit or <RETURN> to proceed,
    or enter new name. (Default extension: sty)
    
    ! Emergency stop.
    <read *>
    
    l.3 \usepackage
     {url}^^M
    ! ==> Fatal error occurred, no output PDF file produced!
    Calls: buildVignettes -> texi2pdf -> texi2dvi
    Execution halted
Flavor: r-oldrel-osx-x86_64