CRAN Package Check Results for Package mlmRev

Last updated on 2017-05-24 11:49:56.

Flavor Version Tinstall Tcheck Ttotal Status Flags
r-devel-linux-x86_64-debian-clang 1.0-6 2.77 199.24 202.02 OK
r-devel-linux-x86_64-debian-gcc 1.0-6 3.09 203.53 206.62 OK
r-devel-linux-x86_64-fedora-clang 1.0-6 472.72 OK --no-stop-on-test-error
r-devel-linux-x86_64-fedora-gcc 1.0-6 483.39 OK --no-stop-on-test-error
r-devel-windows-ix86+x86_64 1.0-6 8.00 337.00 345.00 OK
r-patched-linux-x86_64 1.0-6 2.68 204.35 207.03 OK
r-patched-solaris-sparc 1.0-6 4141.30 OK
r-patched-solaris-x86 1.0-6 652.30 OK
r-release-linux-x86_64 1.0-6 2.81 202.92 205.73 OK
r-release-windows-ix86+x86_64 1.0-6 8.00 410.00 418.00 OK
r-release-osx-x86_64 1.0-6 NOTE
r-oldrel-windows-ix86+x86_64 1.0-6 10.00 400.00 410.00 OK
r-oldrel-osx-x86_64 1.0-6 OK

Check Details

Version: 1.0-6
Check: re-building of vignette outputs
Result: NOTE
    Error in re-building vignettes:
     ...
    Warning in split.default(x = seq_len(nrow(x)), f = f, drop = drop, ...) :
     data length is not a multiple of split variable
    Warning in split.default(x = seq_len(nrow(x)), f = f, drop = drop, ...) :
     data length is not a multiple of split variable
    Warning in split.default(x = seq_len(nrow(x)), f = f, drop = drop, ...) :
     data length is not a multiple of split variable
    Warning in lmList(normexam ~ standLRT + sex | school, Exam, subset = type == :
     Fitting failed for 1 group(s), probably because a factor only had one level
    refitting model(s) with ML (instead of REML)
    Error in texi2dvi(file = file, pdf = TRUE, clean = clean, quiet = quiet, :
     Running 'texi2dvi' on 'StarData.tex' failed.
    LaTeX errors:
    ! LaTeX Error: File `fullpage.sty' not found.
    
    Type X to quit or <RETURN> to proceed,
    or enter new name. (Default extension: sty)
    
    ! Emergency stop.
    <read *>
    
    l.3 \usepackage
     {url}^^M
    ! ==> Fatal error occurred, no output PDF file produced!
    Calls: buildVignettes -> texi2pdf -> texi2dvi
    Execution halted
Flavor: r-release-osx-x86_64