CRAN Package Check Results for Package mlmRev

Last updated on 2018-02-19 21:49:40 CET.

Flavor Version Tinstall Tcheck Ttotal Status Flags
r-devel-linux-x86_64-debian-clang 1.0-6 3.82 259.58 263.40 OK
r-devel-linux-x86_64-debian-gcc 1.0-6 2.90 220.31 223.21 OK
r-devel-linux-x86_64-fedora-clang 1.0-6 362.61 OK
r-devel-linux-x86_64-fedora-gcc 1.0-6 366.78 OK
r-devel-windows-ix86+x86_64 1.0-6 7.00 319.00 326.00 OK
r-patched-linux-x86_64 1.0-6 3.77 301.69 305.46 OK
r-patched-solaris-x86 1.0-6 651.90 OK
r-release-linux-x86_64 1.0-6 3.13 301.08 304.21 OK
r-release-windows-ix86+x86_64 1.0-6 10.00 409.00 419.00 OK
r-release-osx-x86_64 1.0-6 NOTE
r-oldrel-windows-ix86+x86_64 1.0-6 10.00 398.00 408.00 OK
r-oldrel-osx-x86_64 1.0-6 OK

Check Details

Version: 1.0-6
Check: re-building of vignette outputs
Result: NOTE
    Error in re-building vignettes:
     ...
    Warning in split.default(x = seq_len(nrow(x)), f = f, drop = drop, ...) :
     data length is not a multiple of split variable
    Warning in split.default(x = seq_len(nrow(x)), f = f, drop = drop, ...) :
     data length is not a multiple of split variable
    Warning in split.default(x = seq_len(nrow(x)), f = f, drop = drop, ...) :
     data length is not a multiple of split variable
    Warning in lmList(normexam ~ standLRT + sex | school, Exam, subset = type == :
     Fitting failed for 1 group(s), probably because a factor only had one level
    refitting model(s) with ML (instead of REML)
    Error in texi2dvi(file = file, pdf = TRUE, clean = clean, quiet = quiet, :
     Running 'texi2dvi' on 'StarData.tex' failed.
    LaTeX errors:
    ! LaTeX Error: File `fullpage.sty' not found.
    
    Type X to quit or <RETURN> to proceed,
    or enter new name. (Default extension: sty)
    
    ! Emergency stop.
    <read *>
    
    l.3 \usepackage
     {url}^^M
    ! ==> Fatal error occurred, no output PDF file produced!
    Calls: buildVignettes -> texi2pdf -> texi2dvi
    Execution halted
Flavor: r-release-osx-x86_64