CRAN Package Check Results for Package mlmRev

Last updated on 2014-07-22 23:48:21.

Flavor Version Tinstall Tcheck Ttotal Status Flags
r-devel-linux-x86_64-debian-clang 1.0-6 4.33 228.10 232.43 OK
r-devel-linux-x86_64-debian-gcc 1.0-6 4.18 224.99 229.17 OK
r-devel-linux-x86_64-fedora-clang 1.0-6 470.07 OK
r-devel-linux-x86_64-fedora-gcc 1.0-6 474.41 OK
r-devel-osx-x86_64-clang 1.0-6 286.09 OK
r-devel-windows-ix86+x86_64 1.0-6 10.00 355.00 365.00 OK
r-patched-linux-x86_64 1.0-6 3.61 228.81 232.42 OK
r-patched-solaris-sparc 1.0-6 3281.80 OK
r-patched-solaris-x86 1.0-6 913.90 OK
r-release-linux-ix86 1.0-6 4.84 359.67 364.51 OK
r-release-linux-x86_64 1.0-6 3.73 232.94 236.66 OK
r-release-osx-x86_64-mavericks 1.0-6 NOTE
r-release-osx-x86_64-snowleopard 1.0-6 OK
r-release-windows-ix86+x86_64 1.0-6 9.00 366.00 375.00 OK
r-oldrel-windows-ix86+x86_64 1.0-6 11.00 359.00 370.00 OK

Check Details

Version: 1.0-6
Check: re-building of vignette outputs
Result: NOTE
    Error in re-building vignettes:
     ...
    Loading required package: lme4
    Loading required package: Matrix
    Loading required package: Rcpp
    refitting model(s) with ML (instead of REML)
    Warning in checkConv(attr(opt, "derivs"), opt$par, ctrl = control$checkConv, :
     Model failed to converge with max|grad| = 0.00508837 (tol = 0.002)
    Error in texi2dvi(file = file, pdf = TRUE, clean = clean, quiet = quiet, :
     Running 'texi2dvi' on 'StarData.tex' failed.
    LaTeX errors:
    ! LaTeX Error: File `fullpage.sty' not found.
    
    Type X to quit or <RETURN> to proceed,
    or enter new name. (Default extension: sty)
    
    test/mlmRev/vignettes/StarData.tex:3: ==> Fatal error occurred, no output PDF
    file produced!
    Calls: buildVignettes -> texi2pdf -> texi2dvi
    Execution halted
Flavor: r-release-osx-x86_64-mavericks