CRAN Package Check Results for Package mlmi

Last updated on 2024-02-28 15:49:28 CET.

Flavor Version Tinstall Tcheck Ttotal Status Flags
r-devel-linux-x86_64-debian-clang 1.1.2 3.99 80.12 84.11 NOTE
r-devel-linux-x86_64-debian-gcc 1.1.2 2.75 59.65 62.40 NOTE
r-devel-linux-x86_64-fedora-clang 1.1.2 101.60 NOTE
r-devel-linux-x86_64-fedora-gcc 1.1.2 101.14 NOTE
r-devel-windows-x86_64 1.1.2 4.00 91.00 95.00 OK
r-patched-linux-x86_64 1.1.2 3.94 78.60 82.54 OK
r-release-linux-x86_64 1.1.2 3.70 80.36 84.06 OK
r-release-macos-arm64 1.1.2 34.00 OK
r-release-macos-x86_64 1.1.2 75.00 OK
r-release-windows-x86_64 1.1.2 5.00 102.00 107.00 OK
r-oldrel-macos-arm64 1.1.2 36.00 OK
r-oldrel-windows-x86_64 1.1.2 5.00 108.00 113.00 OK

Check Details

Version: 1.1.2
Check: Rd files
Result: NOTE checkRd: (-1) refBasedCts.Rd:44: Lost braces 44 | using reference based imputation as proposed by \doi{10.1080/10543406.2013.834911}{Carpenter et al (2013)}. This approach | ^ Flavors: r-devel-linux-x86_64-debian-clang, r-devel-linux-x86_64-debian-gcc, r-devel-linux-x86_64-fedora-clang, r-devel-linux-x86_64-fedora-gcc