Last updated on 2022-05-19 20:49:05 CEST.
Flavor | Version | Tinstall | Tcheck | Ttotal | Status | Flags |
---|---|---|---|---|---|---|
r-devel-linux-x86_64-debian-clang | 0.3-1.2 | 12.88 | 34.56 | 47.44 | OK | |
r-devel-linux-x86_64-debian-gcc | 0.3-1.2 | 12.10 | 27.32 | 39.42 | OK | |
r-devel-linux-x86_64-fedora-clang | 0.3-1.2 | 61.35 | NOTE | |||
r-devel-linux-x86_64-fedora-gcc | 0.3-1.2 | 59.56 | NOTE | |||
r-devel-windows-x86_64 | 0.3-1.2 | 21.00 | 48.00 | 69.00 | OK | |
r-patched-linux-x86_64 | 0.3-1.2 | 10.94 | 33.36 | 44.30 | OK | |
r-release-linux-x86_64 | 0.3-1.2 | 11.32 | 34.22 | 45.54 | OK | |
r-release-macos-arm64 | 0.3-1.2 | 26.00 | OK | |||
r-release-macos-x86_64 | 0.3-1.2 | 28.00 | OK | |||
r-release-windows-x86_64 | 0.3-1.2 | 18.00 | 48.00 | 66.00 | OK | |
r-oldrel-macos-arm64 | 0.3-1.2 | 28.00 | OK | |||
r-oldrel-macos-x86_64 | 0.3-1.2 | 38.00 | OK | |||
r-oldrel-windows-ix86+x86_64 | 0.3-1.2 | 29.00 | 33.00 | 62.00 | OK |
Version: 0.3-1.2
Check: compiled code
Result: NOTE
File ‘mlmmm/libs/mlmmm.so’:
Found no calls to: ‘R_registerRoutines’, ‘R_useDynamicSymbols’
It is good practice to register native routines and to disable symbol
search.
See ‘Writing portable packages’ in the ‘Writing R Extensions’ manual.
Flavors: r-devel-linux-x86_64-fedora-clang, r-devel-linux-x86_64-fedora-gcc