CRAN Package Check Results for Package mlogit

Last updated on 2014-04-25 05:47:19.

Flavor Version Tinstall Tcheck Ttotal Status Flags
r-devel-linux-x86_64-debian-clang 0.2-4 1.74 85.87 87.61 OK
r-devel-linux-x86_64-debian-gcc 0.2-4 1.72 85.59 87.31 OK
r-devel-linux-x86_64-fedora-clang 0.2-4 194.72 OK
r-devel-linux-x86_64-fedora-gcc 0.2-4 192.29 OK
r-devel-osx-x86_64-clang 0.2-4 151.84 OK
r-devel-osx-x86_64-gcc 0.2-4 ERROR
r-devel-windows-ix86+x86_64 0.2-4 6.00 113.00 119.00 OK
r-patched-linux-x86_64 0.2-4 1.57 82.24 83.81 OK
r-patched-solaris-sparc 0.2-4 961.00 OK
r-patched-solaris-x86 0.2-4 224.20 OK
r-release-linux-ix86 0.2-4 3.00 134.00 137.00 OK
r-release-linux-x86_64 0.2-4 1.57 83.92 85.49 OK
r-release-osx-x86_64-mavericks 0.2-4 WARN
r-release-osx-x86_64-snowleopard 0.2-4 OK
r-release-windows-ix86+x86_64 0.2-4 6.00 128.00 134.00 OK
r-oldrel-windows-ix86+x86_64 0.2-4 6.00 125.00 131.00 OK

Check Details

Version: 0.2-4
Check: package dependencies
Result: ERROR
    Packages required but not available: ‘maxLik’ ‘zoo’ ‘lmtest’
    
    Packages suggested but not available for checking: ‘car’ ‘AER’
    
    See the information on DESCRIPTION files in the chapter ‘Creating R
    packages’ of the ‘Writing R Extensions’ manual.
Flavor: r-devel-osx-x86_64-gcc

Version: 0.2-4
Check: re-building of vignette outputs
Result: NOTE
    Error in re-building vignettes:
     ...
    Loading required package: Formula
    Loading required package: maxLik
    Loading required package: miscTools
    
    Please cite the 'maxLik' package as:
    Henningsen, Arne and Toomet, Ott (2011). maxLik: A package for maximum likelihood estimation in R. Computational Statistics 26(3), 443-458. DOI 10.1007/s00180-010-0217-1.
    
    If you have questions, suggestions, or comments regarding the 'maxLik' package, please use a forum or 'tracker' at maxLik's R-Forge site:
    https://r-forge.r-project.org/projects/maxlik/
    Error in texi2dvi(file = file, pdf = TRUE, clean = clean, quiet = quiet, :
     Running 'texi2dvi' on 'Exercises.tex' failed.
    LaTeX errors:
    ! LaTeX Error: File `ucs.sty' not found.
    
    Type X to quit or <RETURN> to proceed,
    or enter new name. (Default extension: sty)
    
    ./mlogit.sty:4: ==> Fatal error occurred, no output PDF file produced!
    Calls: buildVignettes -> texi2pdf -> texi2dvi
    Execution halted
Flavor: r-release-osx-x86_64-mavericks

Version: 0.2-4
Check: PDF version of manual
Result: WARNING
    LaTeX errors when creating PDF version.
    This typically indicates Rd problems.
    LaTeX errors found:
    ! LaTeX Error: File `upquote.sty' not found.
    
    Type X to quit or <RETURN> to proceed,
    or enter new name. (Default extension: sty)
    
    /private/tmp/RtmpLynf4G/Rd2pdff27e5d76c86b/Rd2.tex:8: ==> Fatal error occurred
    , no output PDF file produced!
Flavor: r-release-osx-x86_64-mavericks