CRAN Package Check Results for Package mlogit

Last updated on 2017-06-24 13:46:56.

Flavor Version Tinstall Tcheck Ttotal Status Flags
r-devel-linux-x86_64-debian-clang 0.2-4 1.47 68.93 70.41 NOTE
r-devel-linux-x86_64-debian-gcc 0.2-4 1.63 69.09 70.72 NOTE
r-devel-linux-x86_64-fedora-clang 0.2-4 141.67 NOTE
r-devel-linux-x86_64-fedora-gcc 0.2-4 135.73 NOTE
r-devel-windows-ix86+x86_64 0.2-4 10.00 165.00 175.00 NOTE
r-patched-linux-x86_64 0.2-4 1.58 68.65 70.23 NOTE
r-patched-solaris-sparc 0.2-4 803.90 NOTE
r-patched-solaris-x86 0.2-4 159.20 NOTE
r-release-linux-x86_64 0.2-4 1.45 69.21 70.66 NOTE
r-release-windows-ix86+x86_64 0.2-4 7.00 167.00 174.00 NOTE
r-release-osx-x86_64 0.2-4 NOTE
r-oldrel-windows-ix86+x86_64 0.2-4 7.00 153.00 160.00 NOTE
r-oldrel-osx-x86_64 0.2-4 NOTE

Check Details

Version: 0.2-4
Check: DESCRIPTION meta-information
Result: NOTE
    Malformed Description field: should contain one or more complete sentences.
Flavors: r-devel-linux-x86_64-debian-clang, r-devel-linux-x86_64-debian-gcc, r-devel-linux-x86_64-fedora-clang, r-devel-linux-x86_64-fedora-gcc, r-devel-windows-ix86+x86_64, r-patched-linux-x86_64, r-patched-solaris-sparc, r-patched-solaris-x86, r-release-linux-x86_64, r-release-windows-ix86+x86_64, r-release-osx-x86_64, r-oldrel-windows-ix86+x86_64, r-oldrel-osx-x86_64

Version: 0.2-4
Check: R code for possible problems
Result: NOTE
    df.residual.mlogit: no visible global function definition for
     ‘residuals’
    df.residual.mlogit: no visible global function definition for ‘coef’
    drpar.mlogit: no visible global function definition for ‘coef’
    drpar.rpar : <anonymous>: no visible global function definition for
     ‘dnorm’
    drpar.rpar : <anonymous>: no visible global function definition for
     ‘dlnorm’
    effects.mlogit: no visible global function definition for ‘predict’
    effects.mlogit: no visible global function definition for ‘formula’
    effects.mlogit : <anonymous>: no visible global function definition for
     ‘na.omit’
    effects.mlogit: no visible global function definition for ‘coef’
    has.intercept.Formula : <anonymous>: no visible global function
     definition for ‘formula’
    has.intercept.default: no visible global function definition for
     ‘formula’
    has.intercept.formula: no visible global function definition for
     ‘terms’
    hmftest.mlogit: no visible global function definition for ‘update’
    hmftest.mlogit: no visible global function definition for ‘coef’
    hmftest.mlogit: no visible global function definition for ‘vcov’
    hmftest.mlogit: no visible global function definition for ‘pchisq’
    index.mlogit: no visible global function definition for ‘model.frame’
    lnl.mprobit : mills: no visible global function definition for ‘dnorm’
    lnl.mprobit : mills: no visible global function definition for ‘pnorm’
    lnl.mprobit: no visible global function definition for ‘na.omit’
    lnl.mprobit: no visible global function definition for ‘runif’
    lnl.mprobit: no visible global function definition for ‘qnorm’
    lnl.mprobit: no visible global function definition for ‘pnorm’
    lnl.mprobit: no visible binding for global variable ‘pnorm’
    lnl.mprobit: no visible global function definition for ‘dnorm’
    lratio: no visible global function definition for ‘logLik’
    lratio: no visible global function definition for ‘coef’
    lratio: no visible global function definition for ‘pchisq’
    lrtest.mlogit: no visible global function definition for ‘update’
    make.beta: no visible global function definition for ‘pnorm’
    make.random.nb: no visible global function definition for ‘qnorm’
    make.random.nb: no visible global function definition for ‘rnorm’
    mean.mlogit: no visible global function definition for ‘coef’
    mean.rpar: no visible global function definition for ‘dnorm’
    mean.rpar: no visible global function definition for ‘pnorm’
    med.mlogit: no visible global function definition for ‘coef’
    mlogit: no visible global function definition for ‘relevel’
    mlogit: no visible global function definition for ‘model.response’
    mlogit: no visible global function definition for ‘na.omit’
    mlogit: no visible global function definition for ‘model.matrix’
    mlogit: no visible global function definition for ‘coef’
    mlogit.data: no visible global function definition for ‘reshape’
    model.frame.mFormula: no visible global function definition for
     ‘model.frame’
    model.matrix.mFormula: no visible global function definition for
     ‘na.omit’
    model.matrix.mFormula: no visible global function definition for
     ‘update’
    model.matrix.mFormula: no visible global function definition for
     ‘model.matrix’
    model.matrix.mFormula: no visible global function definition for
     ‘as.formula’
    model.matrix.mlogit: no visible global function definition for
     ‘model.matrix’
    plot.mlogit: no visible global function definition for ‘coef’
    plot.mlogit: no visible global function definition for ‘plot’
    plot.rpar: no visible global function definition for ‘plot’
    plot.rpar: no visible global function definition for ‘polygon’
    plot.rpar: no visible global function definition for ‘segments’
    plot.rpar: no visible global function definition for ‘lines’
    plot.rpar: no visible global function definition for ‘title’
    predict.mlogit: no visible global function definition for ‘model.frame’
    predict.mlogit: no visible global function definition for ‘update’
    predict.mlogit: no visible global function definition for ‘coef’
    print.mlogit: no visible global function definition for ‘coef’
    print.summary.mlogit: no visible global function definition for
     ‘printCoefmat’
    prpar.mlogit: no visible global function definition for ‘coef’
    prpar.rpar : <anonymous>: no visible global function definition for
     ‘pnorm’
    prpar.rpar : <anonymous>: no visible global function definition for
     ‘plnorm’
    prpar.rpar : <anonymous>: no visible global function definition for
     ‘punif’
    qrpar.mlogit: no visible global function definition for ‘coef’
    qrpar.rpar : <anonymous>: no visible global function definition for
     ‘qnorm’
    qrpar.rpar : <anonymous>: no visible global function definition for
     ‘qlnorm’
    qrpar.rpar : <anonymous>: no visible global function definition for
     ‘qunif’
    residuals.mlogit: no visible global function definition for
     ‘model.response’
    rg.mlogit: no visible global function definition for ‘coef’
    rpar: no visible global function definition for ‘coef’
    rpar : <anonymous>: no visible global function definition for ‘coef’
    scoretest.default: no visible global function definition for ‘coef’
    scoretest.default: no visible global function definition for ‘formula’
    scoretest.default: no visible global function definition for ‘update’
    scoretest.default: no visible global function definition for ‘pchisq’
    scoretest.mlogit: no visible global function definition for ‘coef’
    scoretest.mlogit: no visible global function definition for
     ‘model.matrix’
    scoretest.mlogit: no visible global function definition for ‘pchisq’
    stdev.mlogit: no visible global function definition for ‘coef’
    stdev.rpar: no visible global function definition for ‘pnorm’
    stdev.rpar: no visible global function definition for ‘dnorm’
    summary.mlogit: no visible global function definition for ‘coef’
    summary.mlogit: no visible global function definition for ‘vcov’
    summary.mlogit: no visible global function definition for ‘pnorm’
    terms.mlogit: no visible global function definition for ‘terms’
    update.mlogit: no visible global function definition for ‘update’
    update.mlogit: no visible global function definition for ‘formula’
    waldtest.mlogit: no visible global function definition for
     ‘model.matrix’
    waldtest.mlogit: no visible global function definition for ‘coef’
    waldtest.mlogit: no visible global function definition for ‘vcov’
    waldtest.mlogit: no visible global function definition for ‘pchisq’
    Undefined global functions or variables:
     as.formula coef dlnorm dnorm formula lines logLik model.frame
     model.matrix model.response na.omit pchisq plnorm plot pnorm polygon
     predict printCoefmat punif qlnorm qnorm qunif relevel reshape
     residuals rnorm runif segments terms title update vcov
    Consider adding
     importFrom("graphics", "lines", "plot", "polygon", "segments", "title")
     importFrom("stats", "as.formula", "coef", "dlnorm", "dnorm", "formula",
     "logLik", "model.frame", "model.matrix", "model.response",
     "na.omit", "pchisq", "plnorm", "pnorm", "predict",
     "printCoefmat", "punif", "qlnorm", "qnorm", "qunif",
     "relevel", "reshape", "residuals", "rnorm", "runif",
     "terms", "update", "vcov")
    to your NAMESPACE file.
Flavors: r-devel-linux-x86_64-debian-clang, r-devel-linux-x86_64-debian-gcc, r-devel-linux-x86_64-fedora-clang, r-devel-linux-x86_64-fedora-gcc, r-devel-windows-ix86+x86_64, r-patched-linux-x86_64, r-patched-solaris-sparc, r-patched-solaris-x86, r-release-linux-x86_64, r-release-windows-ix86+x86_64, r-release-osx-x86_64, r-oldrel-windows-ix86+x86_64, r-oldrel-osx-x86_64

Version: 0.2-4
Check: re-building of vignette outputs
Result: NOTE
    Error in re-building vignettes:
     ...
    Loading required package: Formula
    Loading required package: maxLik
    Loading required package: miscTools
    
    Please cite the 'maxLik' package as:
    Henningsen, Arne and Toomet, Ott (2011). maxLik: A package for maximum likelihood estimation in R. Computational Statistics 26(3), 443-458. DOI 10.1007/s00180-010-0217-1.
    
    If you have questions, suggestions, or comments regarding the 'maxLik' package, please use a forum or 'tracker' at maxLik's R-Forge site:
    https://r-forge.r-project.org/projects/maxlik/
    Error in texi2dvi(file = file, pdf = TRUE, clean = clean, quiet = quiet, :
     Running 'texi2dvi' on 'Exercises.tex' failed.
    LaTeX errors:
    ! LaTeX Error: File `ucs.sty' not found.
    
    Type X to quit or <RETURN> to proceed,
    or enter new name. (Default extension: sty)
    
    ! Emergency stop.
    <read *>
    
    l.4 \RequirePackage
     [utf8]{inputenc}^^M
    ! ==> Fatal error occurred, no output PDF file produced!
    Calls: buildVignettes -> texi2pdf -> texi2dvi
    Execution halted
Flavor: r-release-osx-x86_64