CRAN Package Check Results for Package mlogit

Last updated on 2014-07-25 21:47:55.

Flavor Version Tinstall Tcheck Ttotal Status Flags
r-devel-linux-x86_64-debian-clang 0.2-4 1.52 80.90 82.41 OK
r-devel-linux-x86_64-debian-gcc 0.2-4 1.49 80.31 81.80 OK
r-devel-linux-x86_64-fedora-clang 0.2-4 205.69 OK
r-devel-linux-x86_64-fedora-gcc 0.2-4 193.40 OK
r-devel-osx-x86_64-clang 0.2-4 160.92 OK
r-devel-windows-ix86+x86_64 0.2-4 5.00 120.00 125.00 OK
r-patched-linux-x86_64 0.2-4 1.50 78.03 79.53 OK
r-patched-solaris-sparc 0.2-4 961.00 OK
r-patched-solaris-x86 0.2-4 244.80 OK
r-release-linux-ix86 0.2-4 2.13 105.84 107.96 OK
r-release-linux-x86_64 0.2-4 1.54 81.48 83.03 OK
r-release-osx-x86_64-mavericks 0.2-4 NOTE
r-release-osx-x86_64-snowleopard 0.2-4 OK
r-release-windows-ix86+x86_64 0.2-4 7.00 125.00 132.00 OK
r-oldrel-windows-ix86+x86_64 0.2-4 6.00 123.00 129.00 OK

Check Details

Version: 0.2-4
Check: re-building of vignette outputs
Result: NOTE
    Error in re-building vignettes:
     ...
    Loading required package: Formula
    Loading required package: maxLik
    Loading required package: miscTools
    
    Please cite the 'maxLik' package as:
    Henningsen, Arne and Toomet, Ott (2011). maxLik: A package for maximum likelihood estimation in R. Computational Statistics 26(3), 443-458. DOI 10.1007/s00180-010-0217-1.
    
    If you have questions, suggestions, or comments regarding the 'maxLik' package, please use a forum or 'tracker' at maxLik's R-Forge site:
    https://r-forge.r-project.org/projects/maxlik/
    Error in texi2dvi(file = file, pdf = TRUE, clean = clean, quiet = quiet, :
     Running 'texi2dvi' on 'Exercises.tex' failed.
    LaTeX errors:
    ! LaTeX Error: File `ucs.sty' not found.
    
    Type X to quit or <RETURN> to proceed,
    or enter new name. (Default extension: sty)
    
    ./mlogit.sty:4: ==> Fatal error occurred, no output PDF file produced!
    Calls: buildVignettes -> texi2pdf -> texi2dvi
    Execution halted
Flavor: r-release-osx-x86_64-mavericks