CRAN Package Check Results for Package mlogit

Last updated on 2015-03-29 05:49:24.

Flavor Version Tinstall Tcheck Ttotal Status Flags
r-devel-linux-x86_64-debian-clang 0.2-4 1.30 78.04 79.35 NOTE
r-devel-linux-x86_64-debian-gcc 0.2-4 1.25 80.04 81.29 NOTE
r-devel-linux-x86_64-fedora-clang 0.2-4 165.36 NOTE
r-devel-linux-x86_64-fedora-gcc 0.2-4 176.09 NOTE
r-devel-osx-x86_64-clang 0.2-4 166.57 NOTE
r-prerel-windows-ix86+x86_64 0.2-4 7.00 118.00 125.00 NOTE
r-prerel-linux-x86_64 0.2-4 1.38 78.64 80.01 NOTE
r-prerel-solaris-sparc 0.2-4 1001.60 NOTE
r-prerel-solaris-x86 0.2-4 204.10 NOTE
r-release-linux-x86_64 0.2-4 1.72 91.67 93.39 OK
r-release-osx-x86_64-mavericks 0.2-4 OK
r-release-osx-x86_64-snowleopard 0.2-4 OK
r-release-windows-ix86+x86_64 0.2-4 6.00 129.00 135.00 OK
r-oldrel-windows-ix86+x86_64 0.2-4 8.00 143.00 151.00 OK

Check Details

Version: 0.2-4
Check: DESCRIPTION meta-information
Result: NOTE
    Malformed Description field: should contain one or more complete sentences.
Flavors: r-devel-linux-x86_64-debian-clang, r-devel-linux-x86_64-debian-gcc, r-devel-linux-x86_64-fedora-clang, r-devel-linux-x86_64-fedora-gcc, r-devel-osx-x86_64-clang, r-prerel-windows-ix86+x86_64, r-prerel-linux-x86_64, r-prerel-solaris-sparc, r-prerel-solaris-x86