CRAN Package Check Results for Package mlogit

Last updated on 2015-05-05 05:47:38.

Flavor Version Tinstall Tcheck Ttotal Status Flags
r-devel-linux-x86_64-debian-clang 0.2-4 1.29 78.04 79.33 NOTE
r-devel-linux-x86_64-debian-gcc 0.2-4 1.24 77.79 79.03 NOTE
r-devel-linux-x86_64-fedora-clang 0.2-4 167.03 NOTE
r-devel-linux-x86_64-fedora-gcc 0.2-4 158.68 NOTE
r-devel-osx-x86_64-clang 0.2-4 155.14 NOTE
r-devel-windows-ix86+x86_64 0.2-4 5.00 114.00 119.00 NOTE
r-patched-linux-x86_64 0.2-4 1.30 79.92 81.21 NOTE
r-patched-solaris-sparc 0.2-4 1001.60 NOTE
r-patched-solaris-x86 0.2-4 202.20 NOTE
r-release-linux-x86_64 0.2-4 1.30 76.44 77.73 NOTE
r-release-osx-x86_64-mavericks 0.2-4 NOTE
r-release-osx-x86_64-snowleopard 0.2-4 ERROR
r-release-windows-ix86+x86_64 0.2-4 6.00 115.00 121.00 NOTE
r-oldrel-windows-ix86+x86_64 0.2-4 5.00 119.00 124.00 OK

Check Details

Version: 0.2-4
Check: DESCRIPTION meta-information
Result: NOTE
    Malformed Description field: should contain one or more complete sentences.
Flavors: r-devel-linux-x86_64-debian-clang, r-devel-linux-x86_64-debian-gcc, r-devel-linux-x86_64-fedora-clang, r-devel-linux-x86_64-fedora-gcc, r-devel-osx-x86_64-clang, r-devel-windows-ix86+x86_64, r-patched-linux-x86_64, r-patched-solaris-sparc, r-patched-solaris-x86, r-release-linux-x86_64, r-release-osx-x86_64-mavericks, r-release-windows-ix86+x86_64

Version: 0.2-4
Check: package dependencies
Result: ERROR
    Packages required but not available: ‘maxLik’ ‘zoo’ ‘lmtest’
    
    Packages suggested but not available for checking: ‘car’ ‘AER’
    
    See section ‘The DESCRIPTION file’ in the ‘Writing R Extensions’
    manual.
Flavor: r-release-osx-x86_64-snowleopard