CRAN Package Check Results for Package mlogitBMA

Last updated on 2015-07-02 11:48:25.

Flavor Version Tinstall Tcheck Ttotal Status Flags
r-devel-linux-x86_64-debian-clang 0.1-6 2.42 39.88 42.30 NOTE
r-devel-linux-x86_64-debian-gcc 0.1-6 2.38 38.81 41.19 NOTE
r-devel-linux-x86_64-fedora-clang 0.1-6 82.91 NOTE
r-devel-linux-x86_64-fedora-gcc 0.1-6 77.33 NOTE
r-devel-osx-x86_64-clang 0.1-6 79.29 NOTE
r-devel-windows-ix86+x86_64 0.1-6 9.00 87.00 96.00 NOTE
r-patched-linux-x86_64 0.1-6 2.50 38.13 40.63 NOTE
r-patched-solaris-sparc 0.1-6 542.70 NOTE
r-patched-solaris-x86 0.1-6 111.30 NOTE
r-release-linux-x86_64 0.1-6 2.40 38.20 40.60 NOTE
r-release-osx-x86_64-mavericks 0.1-6 NOTE
r-release-windows-ix86+x86_64 0.1-6 9.00 106.00 115.00 NOTE
r-oldrel-windows-ix86+x86_64 0.1-6 14.00 124.00 138.00 NOTE

Check Details

Version: 0.1-6
Check: dependencies in R code
Result: NOTE
    Packages in Depends field not imported from:
     ‘BMA’ ‘abind’ ‘maxLik’
     These packages need to be imported from (in the NAMESPACE file)
     for when this namespace is loaded but not attached.
Flavors: r-devel-linux-x86_64-debian-clang, r-devel-linux-x86_64-debian-gcc, r-devel-linux-x86_64-fedora-clang, r-devel-linux-x86_64-fedora-gcc, r-devel-osx-x86_64-clang, r-devel-windows-ix86+x86_64, r-patched-linux-x86_64, r-patched-solaris-sparc, r-patched-solaris-x86, r-release-linux-x86_64, r-release-osx-x86_64-mavericks, r-release-windows-ix86+x86_64, r-oldrel-windows-ix86+x86_64

Version: 0.1-6
Check: R code for possible problems
Result: NOTE
    bic.glm.bg.data.frame : dropcols: no visible global function definition
     for ‘model.matrix’
    bic.glm.bg.data.frame : dropcols: no visible global function definition
     for ‘terms.formula’
    bic.glm.bg.data.frame : dropcols: no visible global function definition
     for ‘glm’
    bic.glm.bg.data.frame : dropcols: no visible global function definition
     for ‘drop1’
    bic.glm.bg.data.frame: no visible global function definition for
     ‘na.omit’
    bic.glm.bg.data.frame: no visible global function definition for ‘glm’
    bic.glm.bg.data.frame: no visible global function definition for
     ‘model.matrix’
    bic.glm.bg.data.frame: no visible global function definition for
     ‘formula’
    bic.glm.bg.formula: no visible global function definition for ‘terms’
    bic.glm.bg.formula: no visible global function definition for
     ‘model.matrix’
    bic.glm.bg.matrix : dropcols: no visible global function definition for
     ‘model.matrix’
    bic.glm.bg.matrix : dropcols: no visible global function definition for
     ‘terms.formula’
    bic.glm.bg.matrix : dropcols: no visible global function definition for
     ‘glm’
    bic.glm.bg.matrix : dropcols: no visible global function definition for
     ‘drop1’
    bic.glm.bg.matrix: no visible global function definition for ‘na.omit’
    bic.glm.bg.matrix: no visible global function definition for ‘glm’
    bic.glm.bg.matrix: no visible global function definition for
     ‘model.matrix’
    bic.glm.bg.matrix: no visible global function definition for ‘formula’
    do.estimate.mlogit: no visible global function definition for ‘maxLik’
    do.mlogit2logit: no visible global function definition for ‘formula’
    get.mnl.data: no visible global function definition for ‘abind’
    imageplot.mlogit: no visible global function definition for
     ‘imageplot.bma’
    mnl.spec: no visible global function definition for ‘formula’
    mnl.spec: no visible global function definition for ‘terms’
    plot.bic.mlogit: no visible global function definition for ‘plot’
    summary.mnl: no visible global function definition for ‘coef’
    summary.mnl: no visible global function definition for ‘pnorm’
Flavors: r-devel-linux-x86_64-debian-clang, r-devel-linux-x86_64-debian-gcc, r-devel-linux-x86_64-fedora-gcc, r-devel-windows-ix86+x86_64

Version: 0.1-6
Check: R code for possible problems
Result: NOTE
    bic.glm.bg.data.frame : dropcols: no visible global function definition
     for ‘model.matrix’
    bic.glm.bg.data.frame : dropcols: no visible global function definition
     for ‘terms.formula’
    bic.glm.bg.data.frame : dropcols: no visible global function definition
     for ‘glm’
    bic.glm.bg.data.frame : dropcols: no visible global function definition
     for ‘drop1’
    bic.glm.bg.data.frame: no visible global function definition for
     ‘na.omit’
    bic.glm.bg.data.frame: no visible global function definition for ‘glm’
    bic.glm.bg.data.frame: no visible global function definition for
     ‘model.matrix’
    bic.glm.bg.data.frame: no visible global function definition for
     ‘formula’
    bic.glm.bg.formula: no visible global function definition for ‘terms’
    bic.glm.bg.formula: no visible global function definition for
     ‘model.matrix’
    bic.glm.bg.matrix : dropcols: no visible global function definition for
     ‘model.matrix’
    bic.glm.bg.matrix : dropcols: no visible global function definition for
     ‘terms.formula’
    bic.glm.bg.matrix : dropcols: no visible global function definition for
     ‘glm’
    bic.glm.bg.matrix : dropcols: no visible global function definition for
     ‘drop1’
    bic.glm.bg.matrix: no visible global function definition for ‘na.omit’
    bic.glm.bg.matrix: no visible global function definition for ‘glm’
    bic.glm.bg.matrix: no visible global function definition for
     ‘model.matrix’
    bic.glm.bg.matrix: no visible global function definition for ‘formula’
    do.estimate.mlogit: no visible global function definition for ‘maxLik’
    do.mlogit2logit: no visible global function definition for ‘formula’
    get.mnl.data: no visible global function definition for ‘abind’
    imageplot.mlogit: no visible global function definition for
     ‘imageplot.bma’
    mnl.spec: no visible global function definition for ‘formula’
    mnl.spec: no visible global function definition for ‘terms’
    plot.bic.mlogit: no visible global function definition for ‘plot’
    summary.mnl: no visible global function definition for ‘coef’
    summary.mnl: no visible global function definition for ‘pnorm’
    Undefined global functions or variables:
     abind coef drop1 formula glm imageplot.bma maxLik model.matrix
     na.omit plot pnorm terms terms.formula
Flavor: r-devel-linux-x86_64-fedora-clang

Version: 0.1-6
Check: R code for possible problems
Result: NOTE
    do.estimate.mlogit: no visible global function definition for ‘maxLik’
    get.mnl.data: no visible global function definition for ‘abind’
    imageplot.mlogit: no visible global function definition for
     ‘imageplot.bma’
Flavors: r-devel-osx-x86_64-clang, r-patched-linux-x86_64, r-patched-solaris-sparc, r-patched-solaris-x86, r-release-linux-x86_64, r-release-osx-x86_64-mavericks, r-release-windows-ix86+x86_64, r-oldrel-windows-ix86+x86_64