CRAN Package Check Results for Package mlogitBMA

Last updated on 2015-04-19 23:49:19.

Flavor Version Tinstall Tcheck Ttotal Status Flags
r-devel-linux-x86_64-debian-clang 0.1-6 2.24 37.90 40.14 NOTE
r-devel-linux-x86_64-debian-gcc 0.1-6 2.14 36.21 38.35 NOTE
r-devel-linux-x86_64-fedora-clang 0.1-6 79.79 NOTE
r-devel-linux-x86_64-fedora-gcc 0.1-6 76.13 NOTE
r-devel-osx-x86_64-clang 0.1-6 76.54 NOTE
r-devel-windows-ix86+x86_64 0.1-6 11.00 100.00 111.00 NOTE
r-patched-linux-x86_64 0.1-6 2.14 37.64 39.78 NOTE
r-patched-solaris-sparc 0.1-6 560.40 NOTE
r-patched-solaris-x86 0.1-6 106.30 NOTE
r-release-linux-x86_64 0.1-6 2.14 37.75 39.90 NOTE
r-release-osx-x86_64-mavericks 0.1-6 ERROR
r-release-osx-x86_64-snowleopard 0.1-6 ERROR
r-release-windows-ix86+x86_64 0.1-6 6.00 86.00 92.00 NOTE
r-oldrel-windows-ix86+x86_64 0.1-6 9.00 96.00 105.00 NOTE

Check Details

Version: 0.1-6
Check: dependencies in R code
Result: NOTE
    Packages in Depends field not imported from:
     ‘BMA’ ‘abind’ ‘maxLik’
     These packages need to be imported from (in the NAMESPACE file)
     for when this namespace is loaded but not attached.
Flavors: r-devel-linux-x86_64-debian-clang, r-devel-linux-x86_64-debian-gcc, r-devel-linux-x86_64-fedora-clang, r-devel-linux-x86_64-fedora-gcc, r-devel-osx-x86_64-clang, r-devel-windows-ix86+x86_64, r-patched-linux-x86_64, r-patched-solaris-sparc, r-patched-solaris-x86, r-release-linux-x86_64, r-release-osx-x86_64-mavericks, r-release-windows-ix86+x86_64, r-oldrel-windows-ix86+x86_64

Version: 0.1-6
Check: R code for possible problems
Result: NOTE
    do.estimate.mlogit: no visible global function definition for ‘maxLik’
    get.mnl.data: no visible global function definition for ‘abind’
    imageplot.mlogit: no visible global function definition for
     ‘imageplot.bma’
Flavors: r-devel-linux-x86_64-debian-clang, r-devel-linux-x86_64-debian-gcc, r-devel-linux-x86_64-fedora-clang, r-devel-linux-x86_64-fedora-gcc, r-devel-osx-x86_64-clang, r-devel-windows-ix86+x86_64, r-patched-linux-x86_64, r-patched-solaris-sparc, r-patched-solaris-x86, r-release-linux-x86_64, r-release-osx-x86_64-mavericks, r-release-windows-ix86+x86_64, r-oldrel-windows-ix86+x86_64

Version: 0.1-6
Check: package dependencies
Result: NOTE
    Package suggested but not available for checking: ‘mlogit’
Flavor: r-release-osx-x86_64-mavericks

Version: 0.1-6
Check: tests
Result: ERROR
    Running the tests in ‘tests/test_functions.R’ failed.
    Last 13 lines of output:
     + est.res <- estimate.mlogit(res, Catsup)
     + stopifnot(length(est.res)==2)
     + stopifnot(all(dim(est.res[[1]]$coefs) == c(12, 4)))
     + stopifnot(all(dim(est.res[[2]]$coefs) == c(11, 4)))
     + cat('Estimation on the BMA object OK.\n')
     + }
     >
     > # load data
     > data('Car', package='mlogit')
     Error in find.package(package, lib.loc, verbose = verbose) :
     there is no package called 'mlogit'
     Calls: data -> find.package
     Execution halted
Flavor: r-release-osx-x86_64-mavericks

Version: 0.1-6
Check: package dependencies
Result: ERROR
    Package required but not available: ‘maxLik’
    
    Package suggested but not available for checking: ‘mlogit’
    
    See section ‘The DESCRIPTION file’ in the ‘Writing R Extensions’
    manual.
Flavor: r-release-osx-x86_64-snowleopard