CRAN Package Check Results for Package mlogitBMA

Last updated on 2014-09-30 21:47:58.

Flavor Version Tinstall Tcheck Ttotal Status Flags
r-devel-linux-x86_64-debian-clang 0.1-6 2.42 44.53 46.95 NOTE
r-devel-linux-x86_64-debian-gcc 0.1-6 2.36 45.73 48.08 NOTE
r-devel-linux-x86_64-fedora-clang 0.1-6 99.28 NOTE
r-devel-linux-x86_64-fedora-gcc 0.1-6 90.20 NOTE
r-devel-osx-x86_64-clang 0.1-6 84.80 NOTE
r-devel-windows-ix86+x86_64 0.1-6 10.00 98.00 108.00 NOTE
r-patched-linux-x86_64 0.1-6 2.48 46.76 49.24 NOTE
r-patched-solaris-sparc 0.1-6 576.40 NOTE
r-patched-solaris-x86 0.1-6 130.20 NOTE
r-release-linux-ix86 0.1-6 3.46 56.90 60.36 NOTE
r-release-linux-x86_64 0.1-6 2.56 46.87 49.43 NOTE
r-release-osx-x86_64-mavericks 0.1-6 NOTE
r-release-osx-x86_64-snowleopard 0.1-6 OK
r-release-windows-ix86+x86_64 0.1-6 11.00 114.00 125.00 NOTE
r-oldrel-windows-ix86+x86_64 0.1-6 11.00 115.00 126.00 NOTE

Check Details

Version: 0.1-6
Check: dependencies in R code
Result: NOTE
    Packages in Depends field not imported from:
     ‘BMA’ ‘abind’ ‘maxLik’
     These packages need to be imported from (in the NAMESPACE file)
     for when this namespace is loaded but not attached.
    See the information on DESCRIPTION files in the chapter ‘Creating R
    packages’ of the ‘Writing R Extensions’ manual.
Flavors: r-devel-linux-x86_64-debian-clang, r-devel-linux-x86_64-debian-gcc, r-devel-linux-x86_64-fedora-clang, r-devel-linux-x86_64-fedora-gcc, r-devel-osx-x86_64-clang, r-devel-windows-ix86+x86_64, r-patched-linux-x86_64, r-patched-solaris-sparc, r-patched-solaris-x86, r-release-linux-ix86, r-release-linux-x86_64, r-release-osx-x86_64-mavericks, r-release-windows-ix86+x86_64, r-oldrel-windows-ix86+x86_64

Version: 0.1-6
Check: R code for possible problems
Result: NOTE
    do.estimate.mlogit: no visible global function definition for ‘maxLik’
    get.mnl.data: no visible global function definition for ‘abind’
    imageplot.mlogit: no visible global function definition for
     ‘imageplot.bma’
Flavors: r-devel-linux-x86_64-debian-clang, r-devel-linux-x86_64-debian-gcc, r-devel-linux-x86_64-fedora-clang, r-devel-linux-x86_64-fedora-gcc, r-devel-osx-x86_64-clang, r-devel-windows-ix86+x86_64