CRAN Package Check Results for Package mlogitBMA

Last updated on 2014-11-23 16:46:34.

Flavor Version Tinstall Tcheck Ttotal Status Flags
r-devel-linux-x86_64-debian-clang 0.1-6 2.53 44.11 46.64 NOTE
r-devel-linux-x86_64-debian-gcc 0.1-6 2.78 42.95 45.73 NOTE
r-devel-linux-x86_64-fedora-clang 0.1-6 98.03 NOTE
r-devel-linux-x86_64-fedora-gcc 0.1-6 92.97 NOTE
r-devel-osx-x86_64-clang 0.1-6 89.97 NOTE
r-devel-windows-ix86+x86_64 0.1-6 10.00 90.00 100.00 NOTE
r-patched-linux-x86_64 0.1-6 2.63 44.43 47.06 NOTE
r-patched-solaris-sparc 0.1-6 578.40 NOTE
r-patched-solaris-x86 0.1-6 123.00 NOTE
r-release-linux-ix86 0.1-6 3.29 54.05 57.34 NOTE
r-release-linux-x86_64 0.1-6 2.58 44.56 47.15 NOTE
r-release-osx-x86_64-mavericks 0.1-6 NOTE
r-release-osx-x86_64-snowleopard 0.1-6 OK
r-release-windows-ix86+x86_64 0.1-6 11.00 100.00 111.00 NOTE
r-oldrel-windows-ix86+x86_64 0.1-6 9.00 113.00 122.00 NOTE

Check Details

Version: 0.1-6
Check: dependencies in R code
Result: NOTE
    Packages in Depends field not imported from:
     ‘BMA’ ‘abind’ ‘maxLik’
     These packages need to be imported from (in the NAMESPACE file)
     for when this namespace is loaded but not attached.
    See the information on DESCRIPTION files in the chapter ‘Creating R
    packages’ of the ‘Writing R Extensions’ manual.
Flavors: r-devel-linux-x86_64-debian-clang, r-devel-linux-x86_64-debian-gcc, r-devel-linux-x86_64-fedora-clang, r-devel-linux-x86_64-fedora-gcc, r-devel-osx-x86_64-clang, r-devel-windows-ix86+x86_64, r-patched-linux-x86_64, r-patched-solaris-sparc, r-patched-solaris-x86, r-release-linux-ix86, r-release-linux-x86_64, r-release-osx-x86_64-mavericks, r-release-windows-ix86+x86_64, r-oldrel-windows-ix86+x86_64

Version: 0.1-6
Check: R code for possible problems
Result: NOTE
    do.estimate.mlogit: no visible global function definition for ‘maxLik’
    get.mnl.data: no visible global function definition for ‘abind’
    imageplot.mlogit: no visible global function definition for
     ‘imageplot.bma’
Flavors: r-devel-linux-x86_64-debian-clang, r-devel-linux-x86_64-debian-gcc, r-devel-linux-x86_64-fedora-clang, r-devel-linux-x86_64-fedora-gcc, r-devel-osx-x86_64-clang, r-devel-windows-ix86+x86_64, r-patched-linux-x86_64, r-patched-solaris-sparc, r-patched-solaris-x86, r-release-linux-ix86, r-release-linux-x86_64, r-release-windows-ix86+x86_64