CRAN Package Check Results for Package mlogitBMA

Last updated on 2014-04-17 02:47:49.

Flavor Version Tinstall Tcheck Ttotal Status Flags
r-devel-linux-x86_64-debian-clang 0.1-6 2.46 44.78 47.25 NOTE
r-devel-linux-x86_64-debian-gcc 0.1-6 2.32 45.42 47.73 NOTE
r-devel-linux-x86_64-fedora-clang 0.1-6 95.14 NOTE
r-devel-linux-x86_64-fedora-gcc 0.1-6 92.55 NOTE
r-devel-macosx-x86_64-clang 0.1-6 88.94 NOTE
r-devel-macosx-x86_64-gcc 0.1-6 ERROR
r-devel-windows-ix86+x86_64 0.1-6 8.00 91.00 99.00 NOTE
r-patched-linux-x86_64 0.1-6 2.42 44.72 47.15 NOTE
r-patched-solaris-sparc 0.1-6 559.50 NOTE
r-patched-solaris-x86 0.1-6 120.80 NOTE
r-release-linux-ix86 0.1-6 6.00 76.00 82.00 NOTE
r-release-linux-x86_64 0.1-6 2.39 43.90 46.30 NOTE
r-release-macosx-x86_64 0.1-6 OK
r-release-windows-ix86+x86_64 0.1-6 10.00 101.00 111.00 NOTE
r-oldrel-windows-ix86+x86_64 0.1-6 9.00 100.00 109.00 NOTE

Check Details

Version: 0.1-6
Check: dependencies in R code
Result: NOTE
    Packages in Depends field not imported from:
     ‘BMA’ ‘abind’ ‘maxLik’
     These packages need to be imported from (in the NAMESPACE file)
     for when this namespace is loaded but not attached.
    See the information on DESCRIPTION files in the chapter ‘Creating R
    packages’ of the ‘Writing R Extensions’ manual.
Flavors: r-devel-linux-x86_64-debian-clang, r-devel-linux-x86_64-debian-gcc, r-devel-linux-x86_64-fedora-clang, r-devel-linux-x86_64-fedora-gcc, r-devel-macosx-x86_64-clang, r-devel-windows-ix86+x86_64, r-patched-linux-x86_64, r-patched-solaris-sparc, r-patched-solaris-x86, r-release-linux-ix86, r-release-linux-x86_64, r-release-windows-ix86+x86_64, r-oldrel-windows-ix86+x86_64

Version: 0.1-6
Check: package dependencies
Result: ERROR
    Packages required but not available: ‘BMA’ ‘maxLik’
    
    Package suggested but not available for checking: ‘mlogit’
    
    See the information on DESCRIPTION files in the chapter ‘Creating R
    packages’ of the ‘Writing R Extensions’ manual.
Flavor: r-devel-macosx-x86_64-gcc