CRAN Package Check Results for Package mlogitBMA

Last updated on 2017-05-25 17:48:11.

Flavor Version Tinstall Tcheck Ttotal Status Flags
r-devel-linux-x86_64-debian-clang 0.1-6 4.01 57.29 61.30 NOTE
r-devel-linux-x86_64-debian-gcc 0.1-6 4.11 56.14 60.24 NOTE
r-devel-linux-x86_64-fedora-clang 0.1-6 126.50 NOTE --no-stop-on-test-error
r-devel-linux-x86_64-fedora-gcc 0.1-6 122.49 NOTE --no-stop-on-test-error
r-devel-windows-ix86+x86_64 0.1-6 14.00 181.00 195.00 NOTE
r-patched-linux-x86_64 0.1-6 3.90 55.79 59.68 NOTE
r-patched-solaris-sparc 0.1-6 755.30 NOTE
r-patched-solaris-x86 0.1-6 161.10 NOTE
r-release-linux-x86_64 0.1-6 4.54 54.96 59.51 NOTE
r-release-windows-ix86+x86_64 0.1-6 24.00 185.00 209.00 NOTE
r-release-osx-x86_64 0.1-6 NOTE
r-oldrel-windows-ix86+x86_64 0.1-6 17.00 171.00 188.00 NOTE
r-oldrel-osx-x86_64 0.1-6 NOTE

Check Details

Version: 0.1-6
Check: dependencies in R code
Result: NOTE
    Packages in Depends field not imported from:
     ‘BMA’ ‘abind’ ‘maxLik’
     These packages need to be imported from (in the NAMESPACE file)
     for when this namespace is loaded but not attached.
Flavors: r-devel-linux-x86_64-debian-clang, r-devel-linux-x86_64-debian-gcc, r-devel-windows-ix86+x86_64, r-patched-linux-x86_64, r-patched-solaris-sparc, r-patched-solaris-x86, r-release-linux-x86_64, r-release-windows-ix86+x86_64, r-release-osx-x86_64, r-oldrel-windows-ix86+x86_64, r-oldrel-osx-x86_64

Version: 0.1-6
Check: R code for possible problems
Result: NOTE
    bic.glm.bg.data.frame : dropcols: no visible global function definition
     for ‘model.matrix’
    bic.glm.bg.data.frame : dropcols: no visible global function definition
     for ‘terms.formula’
    bic.glm.bg.data.frame : dropcols: no visible global function definition
     for ‘glm’
    bic.glm.bg.data.frame : dropcols: no visible global function definition
     for ‘drop1’
    bic.glm.bg.data.frame: no visible global function definition for
     ‘na.omit’
    bic.glm.bg.data.frame: no visible global function definition for ‘glm’
    bic.glm.bg.data.frame: no visible global function definition for
     ‘model.matrix’
    bic.glm.bg.data.frame: no visible global function definition for
     ‘formula’
    bic.glm.bg.formula: no visible global function definition for ‘terms’
    bic.glm.bg.formula: no visible global function definition for
     ‘model.matrix’
    bic.glm.bg.matrix : dropcols: no visible global function definition for
     ‘model.matrix’
    bic.glm.bg.matrix : dropcols: no visible global function definition for
     ‘terms.formula’
    bic.glm.bg.matrix : dropcols: no visible global function definition for
     ‘glm’
    bic.glm.bg.matrix : dropcols: no visible global function definition for
     ‘drop1’
    bic.glm.bg.matrix: no visible global function definition for ‘na.omit’
    bic.glm.bg.matrix: no visible global function definition for ‘glm’
    bic.glm.bg.matrix: no visible global function definition for
     ‘model.matrix’
    bic.glm.bg.matrix: no visible global function definition for ‘formula’
    do.estimate.mlogit: no visible global function definition for ‘maxLik’
    do.mlogit2logit: no visible global function definition for ‘formula’
    get.mnl.data: no visible global function definition for ‘abind’
    imageplot.mlogit: no visible global function definition for
     ‘imageplot.bma’
    mnl.spec: no visible global function definition for ‘formula’
    mnl.spec: no visible global function definition for ‘terms’
    plot.bic.mlogit: no visible global function definition for ‘plot’
    summary.mnl: no visible global function definition for ‘coef’
    summary.mnl: no visible global function definition for ‘pnorm’
    Undefined global functions or variables:
     abind coef drop1 formula glm imageplot.bma maxLik model.matrix
     na.omit plot pnorm terms terms.formula
    Consider adding
     importFrom("graphics", "plot")
     importFrom("stats", "coef", "drop1", "formula", "glm", "model.matrix",
     "na.omit", "pnorm", "terms", "terms.formula")
    to your NAMESPACE file.
Flavors: r-devel-linux-x86_64-debian-clang, r-devel-linux-x86_64-debian-gcc, r-devel-windows-ix86+x86_64, r-patched-linux-x86_64, r-patched-solaris-sparc, r-patched-solaris-x86, r-release-linux-x86_64, r-release-windows-ix86+x86_64, r-release-osx-x86_64, r-oldrel-windows-ix86+x86_64, r-oldrel-osx-x86_64

Version: 0.1-6
Check: compiled code
Result: NOTE
    File ‘mlogitBMA/libs/mlogitBMA.so’:
     Found no calls to: ‘R_registerRoutines’, ‘R_useDynamicSymbols’
    
    It is good practice to register native routines and to disable symbol
    search.
    
    See ‘Writing portable packages’ in the ‘Writing R Extensions’ manual.
Flavors: r-devel-linux-x86_64-debian-clang, r-devel-linux-x86_64-debian-gcc, r-patched-linux-x86_64, r-release-linux-x86_64

Version: 0.1-6
Flags: --no-stop-on-test-error
Check: dependencies in R code
Result: NOTE
    Packages in Depends field not imported from:
     ‘BMA’ ‘abind’ ‘maxLik’
     These packages need to be imported from (in the NAMESPACE file)
     for when this namespace is loaded but not attached.
Flavors: r-devel-linux-x86_64-fedora-clang, r-devel-linux-x86_64-fedora-gcc

Version: 0.1-6
Flags: --no-stop-on-test-error
Check: R code for possible problems
Result: NOTE
    bic.glm.bg.data.frame : dropcols: no visible global function definition
     for ‘model.matrix’
    bic.glm.bg.data.frame : dropcols: no visible global function definition
     for ‘terms.formula’
    bic.glm.bg.data.frame : dropcols: no visible global function definition
     for ‘glm’
    bic.glm.bg.data.frame : dropcols: no visible global function definition
     for ‘drop1’
    bic.glm.bg.data.frame: no visible global function definition for
     ‘na.omit’
    bic.glm.bg.data.frame: no visible global function definition for ‘glm’
    bic.glm.bg.data.frame: no visible global function definition for
     ‘model.matrix’
    bic.glm.bg.data.frame: no visible global function definition for
     ‘formula’
    bic.glm.bg.formula: no visible global function definition for ‘terms’
    bic.glm.bg.formula: no visible global function definition for
     ‘model.matrix’
    bic.glm.bg.matrix : dropcols: no visible global function definition for
     ‘model.matrix’
    bic.glm.bg.matrix : dropcols: no visible global function definition for
     ‘terms.formula’
    bic.glm.bg.matrix : dropcols: no visible global function definition for
     ‘glm’
    bic.glm.bg.matrix : dropcols: no visible global function definition for
     ‘drop1’
    bic.glm.bg.matrix: no visible global function definition for ‘na.omit’
    bic.glm.bg.matrix: no visible global function definition for ‘glm’
    bic.glm.bg.matrix: no visible global function definition for
     ‘model.matrix’
    bic.glm.bg.matrix: no visible global function definition for ‘formula’
    do.estimate.mlogit: no visible global function definition for ‘maxLik’
    do.mlogit2logit: no visible global function definition for ‘formula’
    get.mnl.data: no visible global function definition for ‘abind’
    imageplot.mlogit: no visible global function definition for
     ‘imageplot.bma’
    mnl.spec: no visible global function definition for ‘formula’
    mnl.spec: no visible global function definition for ‘terms’
    plot.bic.mlogit: no visible global function definition for ‘plot’
    summary.mnl: no visible global function definition for ‘coef’
    summary.mnl: no visible global function definition for ‘pnorm’
    Undefined global functions or variables:
     abind coef drop1 formula glm imageplot.bma maxLik model.matrix
     na.omit plot pnorm terms terms.formula
    Consider adding
     importFrom("graphics", "plot")
     importFrom("stats", "coef", "drop1", "formula", "glm", "model.matrix",
     "na.omit", "pnorm", "terms", "terms.formula")
    to your NAMESPACE file.
Flavors: r-devel-linux-x86_64-fedora-clang, r-devel-linux-x86_64-fedora-gcc

Version: 0.1-6
Flags: --no-stop-on-test-error
Check: compiled code
Result: NOTE
    File ‘mlogitBMA/libs/mlogitBMA.so’:
     Found no calls to: ‘R_registerRoutines’, ‘R_useDynamicSymbols’
    
    It is good practice to register native routines and to disable symbol
    search.
    
    See ‘Writing portable packages’ in the ‘Writing R Extensions’ manual.
Flavors: r-devel-linux-x86_64-fedora-clang, r-devel-linux-x86_64-fedora-gcc