CRAN Package Check Results for Package mlogitBMA

Last updated on 2014-07-24 05:48:28.

Flavor Version Tinstall Tcheck Ttotal Status Flags
r-devel-linux-x86_64-debian-clang 0.1-6 2.22 42.86 45.08 NOTE
r-devel-linux-x86_64-debian-gcc 0.1-6 2.19 41.76 43.95 NOTE
r-devel-linux-x86_64-fedora-clang 0.1-6 95.28 NOTE
r-devel-linux-x86_64-fedora-gcc 0.1-6 91.91 NOTE
r-devel-osx-x86_64-clang 0.1-6 82.63 NOTE
r-devel-windows-ix86+x86_64 0.1-6 9.00 94.00 103.00 NOTE
r-patched-linux-x86_64 0.1-6 2.26 41.83 44.09 NOTE
r-patched-solaris-sparc 0.1-6 559.50 NOTE
r-patched-solaris-x86 0.1-6 119.30 NOTE
r-release-linux-ix86 0.1-6 3.16 54.73 57.89 NOTE
r-release-linux-x86_64 0.1-6 2.38 43.36 45.74 NOTE
r-release-osx-x86_64-mavericks 0.1-6 NOTE
r-release-osx-x86_64-snowleopard 0.1-6 OK
r-release-windows-ix86+x86_64 0.1-6 8.00 97.00 105.00 NOTE
r-oldrel-windows-ix86+x86_64 0.1-6 9.00 112.00 121.00 NOTE

Check Details

Version: 0.1-6
Check: dependencies in R code
Result: NOTE
    Packages in Depends field not imported from:
     ‘BMA’ ‘abind’ ‘maxLik’
     These packages need to be imported from (in the NAMESPACE file)
     for when this namespace is loaded but not attached.
    See the information on DESCRIPTION files in the chapter ‘Creating R
    packages’ of the ‘Writing R Extensions’ manual.
Flavors: r-devel-linux-x86_64-debian-clang, r-devel-linux-x86_64-debian-gcc, r-devel-linux-x86_64-fedora-clang, r-devel-linux-x86_64-fedora-gcc, r-devel-osx-x86_64-clang, r-devel-windows-ix86+x86_64, r-patched-linux-x86_64, r-patched-solaris-sparc, r-patched-solaris-x86, r-release-linux-ix86, r-release-linux-x86_64, r-release-osx-x86_64-mavericks, r-release-windows-ix86+x86_64, r-oldrel-windows-ix86+x86_64