CRAN Package Check Results for Package mlogitBMA

Last updated on 2015-05-27 19:47:13.

Flavor Version Tinstall Tcheck Ttotal Status Flags
r-devel-linux-x86_64-debian-clang 0.1-6 2.21 36.52 38.73 NOTE
r-devel-linux-x86_64-debian-gcc 0.1-6 2.20 35.37 37.57 NOTE
r-devel-linux-x86_64-fedora-clang 0.1-6 78.30 NOTE
r-devel-linux-x86_64-fedora-gcc 0.1-6 73.16 NOTE
r-devel-osx-x86_64-clang 0.1-6 74.80 NOTE
r-devel-windows-ix86+x86_64 0.1-6 8.00 85.00 93.00 NOTE
r-patched-linux-x86_64 0.1-6 2.20 35.54 37.73 NOTE
r-patched-solaris-sparc 0.1-6 542.70 NOTE
r-patched-solaris-x86 0.1-6 101.00 NOTE
r-release-linux-x86_64 0.1-6 2.22 36.78 39.00 NOTE
r-release-osx-x86_64-mavericks 0.1-6 NOTE
r-release-osx-x86_64-snowleopard 0.1-6 ERROR
r-release-windows-ix86+x86_64 0.1-6 8.00 89.00 97.00 NOTE
r-oldrel-windows-ix86+x86_64 0.1-6 12.00 105.00 117.00 NOTE

Check Details

Version: 0.1-6
Check: dependencies in R code
Result: NOTE
    Packages in Depends field not imported from:
     ‘BMA’ ‘abind’ ‘maxLik’
     These packages need to be imported from (in the NAMESPACE file)
     for when this namespace is loaded but not attached.
Flavors: r-devel-linux-x86_64-debian-clang, r-devel-linux-x86_64-debian-gcc, r-devel-linux-x86_64-fedora-clang, r-devel-linux-x86_64-fedora-gcc, r-devel-osx-x86_64-clang, r-devel-windows-ix86+x86_64, r-patched-linux-x86_64, r-patched-solaris-sparc, r-patched-solaris-x86, r-release-linux-x86_64, r-release-osx-x86_64-mavericks, r-release-windows-ix86+x86_64, r-oldrel-windows-ix86+x86_64

Version: 0.1-6
Check: R code for possible problems
Result: NOTE
    do.estimate.mlogit: no visible global function definition for ‘maxLik’
    get.mnl.data: no visible global function definition for ‘abind’
    imageplot.mlogit: no visible global function definition for
     ‘imageplot.bma’
Flavors: r-devel-linux-x86_64-debian-clang, r-devel-linux-x86_64-debian-gcc, r-devel-linux-x86_64-fedora-clang, r-devel-linux-x86_64-fedora-gcc, r-devel-osx-x86_64-clang, r-devel-windows-ix86+x86_64, r-patched-linux-x86_64, r-patched-solaris-sparc, r-patched-solaris-x86, r-release-linux-x86_64, r-release-osx-x86_64-mavericks, r-release-windows-ix86+x86_64, r-oldrel-windows-ix86+x86_64

Version: 0.1-6
Check: package dependencies
Result: ERROR
    Package required but not available: ‘maxLik’
    
    Package suggested but not available for checking: ‘mlogit’
    
    See section ‘The DESCRIPTION file’ in the ‘Writing R Extensions’
    manual.
Flavor: r-release-osx-x86_64-snowleopard