CRAN Package Check Results for Package mlogitBMA

Last updated on 2015-02-01 08:48:24.

Flavor Version Tinstall Tcheck Ttotal Status Flags
r-devel-linux-x86_64-debian-clang 0.1-6 2.33 37.69 40.02 NOTE
r-devel-linux-x86_64-debian-gcc 0.1-6 2.24 35.97 38.20 NOTE
r-devel-linux-x86_64-fedora-clang 0.1-6 87.56 NOTE
r-devel-linux-x86_64-fedora-gcc 0.1-6 78.87 NOTE
r-devel-osx-x86_64-clang 0.1-6 85.12 NOTE
r-devel-windows-ix86+x86_64 0.1-6 14.00 80.00 94.00 NOTE
r-patched-linux-x86_64 0.1-6 2.52 44.80 47.32 NOTE
r-patched-solaris-sparc 0.1-6 625.30 NOTE
r-patched-solaris-x86 0.1-6 126.90 NOTE
r-release-linux-ix86 0.1-6 3.26 55.49 58.75 NOTE
r-release-linux-x86_64 0.1-6 2.53 44.63 47.16 NOTE
r-release-osx-x86_64-mavericks 0.1-6 NOTE
r-release-osx-x86_64-snowleopard 0.1-6 OK
r-release-windows-ix86+x86_64 0.1-6 11.00 102.00 113.00 NOTE
r-oldrel-windows-ix86+x86_64 0.1-6 11.00 113.00 124.00 NOTE

Check Details

Version: 0.1-6
Check: dependencies in R code
Result: NOTE
    Packages in Depends field not imported from:
     ‘BMA’ ‘abind’ ‘maxLik’
     These packages need to be imported from (in the NAMESPACE file)
     for when this namespace is loaded but not attached.
Flavors: r-devel-linux-x86_64-debian-clang, r-devel-linux-x86_64-debian-gcc, r-devel-linux-x86_64-fedora-clang, r-devel-linux-x86_64-fedora-gcc, r-devel-osx-x86_64-clang, r-devel-windows-ix86+x86_64

Version: 0.1-6
Check: R code for possible problems
Result: NOTE
    do.estimate.mlogit: no visible global function definition for ‘maxLik’
    get.mnl.data: no visible global function definition for ‘abind’
    imageplot.mlogit: no visible global function definition for
     ‘imageplot.bma’
Flavors: r-devel-linux-x86_64-debian-clang, r-devel-linux-x86_64-debian-gcc, r-devel-linux-x86_64-fedora-clang, r-devel-linux-x86_64-fedora-gcc, r-devel-osx-x86_64-clang, r-devel-windows-ix86+x86_64, r-patched-linux-x86_64, r-patched-solaris-sparc, r-patched-solaris-x86, r-release-linux-ix86, r-release-linux-x86_64, r-release-osx-x86_64-mavericks, r-release-windows-ix86+x86_64

Version: 0.1-6
Check: dependencies in R code
Result: NOTE
    Packages in Depends field not imported from:
     ‘BMA’ ‘abind’ ‘maxLik’
     These packages need to be imported from (in the NAMESPACE file)
     for when this namespace is loaded but not attached.
    See the information on DESCRIPTION files in the chapter ‘Creating R
    packages’ of the ‘Writing R Extensions’ manual.
Flavors: r-patched-linux-x86_64, r-patched-solaris-sparc, r-patched-solaris-x86, r-release-linux-ix86, r-release-linux-x86_64, r-release-osx-x86_64-mavericks, r-release-windows-ix86+x86_64, r-oldrel-windows-ix86+x86_64