CRAN Package Check Results for Package mlogitBMA

Last updated on 2014-10-21 14:48:22.

Flavor Version Tinstall Tcheck Ttotal Status Flags
r-devel-linux-x86_64-debian-clang 0.1-6 2.48 44.11 46.59 NOTE
r-devel-linux-x86_64-debian-gcc 0.1-6 2.68 49.71 52.39 NOTE
r-devel-linux-x86_64-fedora-clang 0.1-6 97.23 NOTE
r-devel-linux-x86_64-fedora-gcc 0.1-6 93.16 NOTE
r-devel-osx-x86_64-clang 0.1-6 94.40 NOTE
r-devel-windows-ix86+x86_64 0.1-6 9.00 91.00 100.00 NOTE
r-patched-linux-x86_64 0.1-6 2.46 44.84 47.30 NOTE
r-patched-solaris-sparc 0.1-6 578.40 NOTE
r-patched-solaris-x86 0.1-6 124.40 NOTE
r-release-linux-ix86 0.1-6 3.48 64.42 67.91 NOTE
r-release-linux-x86_64 0.1-6 2.53 45.44 47.96 NOTE
r-release-osx-x86_64-mavericks 0.1-6 NOTE
r-release-osx-x86_64-snowleopard 0.1-6 OK
r-release-windows-ix86+x86_64 0.1-6 11.00 107.00 118.00 NOTE
r-oldrel-windows-ix86+x86_64 0.1-6 11.00 108.00 119.00 NOTE

Check Details

Version: 0.1-6
Check: dependencies in R code
Result: NOTE
    Packages in Depends field not imported from:
     ‘BMA’ ‘abind’ ‘maxLik’
     These packages need to be imported from (in the NAMESPACE file)
     for when this namespace is loaded but not attached.
    See the information on DESCRIPTION files in the chapter ‘Creating R
    packages’ of the ‘Writing R Extensions’ manual.
Flavors: r-devel-linux-x86_64-debian-clang, r-devel-linux-x86_64-debian-gcc, r-devel-linux-x86_64-fedora-clang, r-devel-linux-x86_64-fedora-gcc, r-devel-osx-x86_64-clang, r-devel-windows-ix86+x86_64, r-patched-linux-x86_64, r-patched-solaris-sparc, r-patched-solaris-x86, r-release-linux-ix86, r-release-linux-x86_64, r-release-osx-x86_64-mavericks, r-release-windows-ix86+x86_64, r-oldrel-windows-ix86+x86_64

Version: 0.1-6
Check: R code for possible problems
Result: NOTE
    do.estimate.mlogit: no visible global function definition for ‘maxLik’
    get.mnl.data: no visible global function definition for ‘abind’
    imageplot.mlogit: no visible global function definition for
     ‘imageplot.bma’
Flavors: r-devel-linux-x86_64-debian-clang, r-devel-linux-x86_64-debian-gcc, r-devel-linux-x86_64-fedora-clang, r-devel-linux-x86_64-fedora-gcc, r-devel-osx-x86_64-clang, r-devel-windows-ix86+x86_64, r-patched-linux-x86_64, r-patched-solaris-sparc, r-patched-solaris-x86