CRAN Package Check Results for Package mlpack

Last updated on 2024-02-29 11:49:31 CET.

Flavor Version Tinstall Tcheck Ttotal Status Flags
r-devel-linux-x86_64-debian-clang 4.3.0.1 2810.37 68.65 2879.02 OK
r-devel-linux-x86_64-debian-gcc 4.3.0.1 2292.75 50.18 2342.93 OK
r-devel-linux-x86_64-fedora-clang 4.3.0.1 4114.31 NOTE
r-devel-linux-x86_64-fedora-gcc 4.3.0.1 4735.87 OK
r-devel-windows-x86_64 4.3.0 2355.00 203.00 2558.00 NOTE
r-patched-linux-x86_64 4.3.0.1 2726.26 66.18 2792.44 OK
r-release-linux-x86_64 4.3.0.1 2759.77 68.69 2828.46 OK
r-release-macos-arm64 4.3.0.1 840.00 NOTE
r-release-macos-x86_64 4.3.0.1 674.00 NOTE
r-release-windows-x86_64 4.3.0.1 2367.00 261.00 2628.00 NOTE
r-oldrel-macos-arm64 4.3.0.1 817.00 NOTE
r-oldrel-windows-x86_64 4.3.0.1 2284.00 223.00 2507.00 NOTE

Check Details

Version: 4.3.0.1
Check: installed package size
Result: NOTE installed size is 35.6Mb sub-directories of 1Mb or more: include 10.1Mb libs 25.0Mb Flavors: r-devel-linux-x86_64-fedora-clang, r-release-macos-arm64, r-release-macos-x86_64, r-release-windows-x86_64, r-oldrel-macos-arm64, r-oldrel-windows-x86_64

Version: 4.3.0
Check: installed package size
Result: NOTE installed size is 27.1Mb sub-directories of 1Mb or more: include 9.7Mb libs 16.9Mb Flavor: r-devel-windows-x86_64