CRAN Package Check Results for Package mlr

Last updated on 2015-07-06 23:47:52.

Flavor Version Tinstall Tcheck Ttotal Status Flags
r-devel-linux-x86_64-debian-clang 2.4 10.02 139.39 149.40 NOTE
r-devel-linux-x86_64-debian-gcc 2.4 9.70 141.85 151.55 NOTE
r-devel-linux-x86_64-fedora-clang 2.4 266.57 NOTE
r-devel-linux-x86_64-fedora-gcc 2.4 263.43 NOTE
r-devel-osx-x86_64-clang 2.4 239.13 OK
r-devel-windows-ix86+x86_64 2.4 49.00 304.00 353.00 NOTE
r-patched-linux-x86_64 2.4 13.02 142.11 155.13 OK
r-patched-solaris-sparc 2.4 754.00 OK --no-examples --no-tests
r-patched-solaris-x86 2.4 160.70 OK --no-examples --no-tests
r-release-linux-x86_64 2.4 13.50 133.12 146.62 OK
r-release-osx-x86_64-mavericks 2.4 NOTE
r-release-windows-ix86+x86_64 2.4 39.00 281.00 320.00 OK
r-oldrel-windows-ix86+x86_64 2.4 33.00 328.00 361.00 OK

Check Details

Version: 2.4
Check: R code for possible problems
Result: NOTE
    checkTaskCreation.Task: no visible binding for global variable
     ‘weights’
    cm.onevsone: no visible global function definition for ‘combn’
    createDummyFeatures.data.frame : <anonymous>: no visible global
     function definition for ‘model.matrix’
    createDummyFeatures.data.frame : <anonymous>: no visible global
     function definition for ‘as.formula’
    createDummyFeatures.data.frame : <anonymous>: no visible global
     function definition for ‘tail’
    createStates: no visible global function definition for ‘rbinom’
    crossover: no visible global function definition for ‘rbinom’
    estimateResidualVariance.WrappedModel: no visible global function
     definition for ‘var’
    evalOptimizationState: no visible global function definition for
     ‘setNames’
    filterFeatures: no visible global function definition for ‘head’
    fixDataForLearner : <anonymous>: no visible global function definition
     for ‘setNames’
    generateROCRCurvesData.list : <anonymous>: no visible global function
     definition for ‘approxfun’
    getBMRObjects : <anonymous>: no visible global function definition for
     ‘setNames’
    getBMRObjects: no visible global function definition for ‘setNames’
    getLearnerOptions: no visible global function definition for ‘setNames’
    getTaskFormula: no visible global function definition for ‘as.formula’
    getTaskFormulaAsString: no visible global function definition for
     ‘setNames’
    getThresholdFromOptPath : <anonymous>: no visible global function
     definition for ‘setNames’
    imputeHist : <anonymous>: no visible global function definition for
     ‘hist’
    imputeHist : <anonymous>: no visible global function definition for
     ‘runif’
    imputeHist : <anonymous>: no visible global function definition for
     ‘head’
    imputeHist : <anonymous>: no visible global function definition for
     ‘tail’
    imputeMedian : <anonymous>: no visible global function definition for
     ‘median’
    imputeNormal : <anonymous>: no visible global function definition for
     ‘rnorm’
    imputeUniform : <anonymous>: no visible global function definition for
     ‘runif’
    listLearners.character: no visible global function definition for
     ‘methods’
    makeBaseEnsemble: no visible global function definition for ‘setNames’
    makeImputeWrapper : trainfun: no visible global function definition for
     ‘setNames’
    makeLearner: no visible global function definition for ‘getS3method’
    makeTaskDescInternal : <anonymous>: no visible global function
     definition for ‘head’
    measureMEDAE: no visible global function definition for ‘median’
    measureMEDSE: no visible global function definition for ‘median’
    mutateBits: no visible global function definition for ‘rbinom’
    performance: no visible global function definition for ‘setNames’
    plotFilterValues : <anonymous>: no visible global function definition
     for ‘head’
    plotFilterValuesGGVIS : <anonymous>: no visible global function
     definition for ‘head’
    plotLearningCurve: no visible global function definition for
     ‘as.formula’
    plotThreshVsPerf: no visible global function definition for
     ‘as.formula’
    plotViperCharts.list: no visible global function definition for
     ‘browseURL’
    predict.WrappedModel: no visible binding for global variable
     ‘capture.output’
    predictLearner.BaggingWrapper: no visible binding for global variable
     ‘sd’
    predictLearner.regr.crs: no visible global function definition for
     ‘qnorm’
    predictLearner.regr.km: no visible global function definition for
     ‘rnorm’
    predict_nofeatures: no visible global function definition for ‘runif’
    print.BaggingModel: no visible global function definition for
     ‘capture.output’
    print.FeatSelResult: no visible global function definition for ‘head’
    print.FilterValues: no visible global function definition for ‘head’
    print.LearningCurveData: no visible global function definition for
     ‘head’
    print.Prediction: no visible global function definition for ‘head’
    print.ResamplePrediction: no visible global function definition for
     ‘head’
    print.ResampleResult : <anonymous>: no visible global function
     definition for ‘sd’
    recodeSurvivalTimes: no visible global function definition for
     ‘setNames’
    selectFeaturesExhaustive: no visible global function definition for
     ‘combn’
    selectFeaturesGA: no visible global function definition for ‘rbinom’
    setHyperPars2.BaseEnsemble: no visible global function definition for
     ‘setNames’
    setMlrOption: no visible global function definition for ‘setNames’
    smote: no visible global function definition for ‘runif’
    summarizeColumns.data.frame: no visible binding for global variable
     ‘sd’
    summarizeColumns.data.frame: no visible binding for global variable
     ‘median’
    summarizeColumns.data.frame: no visible binding for global variable
     ‘mad’
    train: no visible binding for global variable ‘capture.output’
    trainLearner.WeightedClassesWrapper: no visible global function
     definition for ‘setNames’
    trainLearner.classif.IBk: no visible binding for global variable
     ‘na.pass’
    trainLearner.classif.J48: no visible global function definition for
     ‘runif’
    trainLearner.classif.J48: no visible global function definition for
     ‘as.formula’
    trainLearner.classif.J48: no visible binding for global variable
     ‘na.pass’
    trainLearner.classif.JRip: no visible global function definition for
     ‘runif’
    trainLearner.classif.JRip: no visible binding for global variable
     ‘na.pass’
    trainLearner.classif.OneR: no visible binding for global variable
     ‘na.pass’
    trainLearner.classif.PART: no visible global function definition for
     ‘runif’
    trainLearner.classif.PART: no visible binding for global variable
     ‘na.pass’
    trainLearner.classif.binomial: Error while checking: invalid ‘envir’
     argument
    trainLearner.classif.gbm: no visible global function definition for
     ‘as.formula’
    trainLearner.classif.glmboost: no visible global function definition
     for ‘as.formula’
    trainLearner.classif.glmboost: no visible global function definition
     for ‘AIC’
    trainLearner.classif.lqa: Error while checking: invalid ‘envir’
     argument
    trainLearner.classif.multinom: no visible global function definition
     for ‘as.formula’
    trainLearner.classif.nnet: no visible global function definition for
     ‘as.formula’
    trainLearner.classif.probit: Error while checking: invalid ‘envir’
     argument
    trainLearner.classif.rpart: no visible global function definition for
     ‘as.formula’
    trainLearner.regr.IBk: no visible binding for global variable ‘na.pass’
    trainLearner.regr.gbm: no visible global function definition for
     ‘as.formula’
    trainLearner.regr.lm: no visible global function definition for
     ‘as.formula’
    trainLearner.regr.mob: no visible global function definition for
     ‘as.formula’
    trainLearner.regr.mob: no visible global function definition for ‘coef’
    trainLearner.regr.nnet: no visible global function definition for
     ‘as.formula’
    trainLearner.regr.rpart: no visible global function definition for
     ‘as.formula’
    trainLearner.regr.rsm: no visible global function definition for
     ‘as.formula’
    trainLearner.surv.coxph: no visible global function definition for
     ‘as.formula’
    tuneCMAES: no visible global function definition for ‘median’
    tuneIrace: no visible binding for global variable ‘capture.output’
    tuneMBO: no visible global function definition for ‘setNames’
    Undefined global functions or variables:
     AIC approxfun as.formula browseURL capture.output coef combn
     getS3method head hist mad median methods model.matrix na.pass qnorm
     rbinom rnorm runif sd setNames tail var weights
Flavors: r-devel-linux-x86_64-debian-clang, r-devel-linux-x86_64-debian-gcc, r-devel-linux-x86_64-fedora-clang, r-devel-linux-x86_64-fedora-gcc

Version: 2.4
Check: R code for possible problems
Result: NOTE
    checkTaskCreation.Task: no visible binding for global variable
     'weights'
    cm.onevsone: no visible global function definition for 'combn'
    createDummyFeatures.data.frame : <anonymous>: no visible global
     function definition for 'model.matrix'
    createDummyFeatures.data.frame : <anonymous>: no visible global
     function definition for 'as.formula'
    createDummyFeatures.data.frame : <anonymous>: no visible global
     function definition for 'tail'
    createStates: no visible global function definition for 'rbinom'
    crossover: no visible global function definition for 'rbinom'
    estimateResidualVariance.WrappedModel: no visible global function
     definition for 'var'
    evalOptimizationState: no visible global function definition for
     'setNames'
    filterFeatures: no visible global function definition for 'head'
    fixDataForLearner : <anonymous>: no visible global function definition
     for 'setNames'
    generateROCRCurvesData.list : <anonymous>: no visible global function
     definition for 'approxfun'
    getBMRObjects : <anonymous>: no visible global function definition for
     'setNames'
    getBMRObjects: no visible global function definition for 'setNames'
    getLearnerOptions: no visible global function definition for 'setNames'
    getTaskFormula: no visible global function definition for 'as.formula'
    getTaskFormulaAsString: no visible global function definition for
     'setNames'
    getThresholdFromOptPath : <anonymous>: no visible global function
     definition for 'setNames'
    imputeHist : <anonymous>: no visible global function definition for
     'hist'
    imputeHist : <anonymous>: no visible global function definition for
     'runif'
    imputeHist : <anonymous>: no visible global function definition for
     'head'
    imputeHist : <anonymous>: no visible global function definition for
     'tail'
    imputeMedian : <anonymous>: no visible global function definition for
     'median'
    imputeNormal : <anonymous>: no visible global function definition for
     'rnorm'
    imputeUniform : <anonymous>: no visible global function definition for
     'runif'
    listLearners.character: no visible global function definition for
     'methods'
    makeBaseEnsemble: no visible global function definition for 'setNames'
    makeImputeWrapper : trainfun: no visible global function definition for
     'setNames'
    makeLearner: no visible global function definition for 'getS3method'
    makeTaskDescInternal : <anonymous>: no visible global function
     definition for 'head'
    measureMEDAE: no visible global function definition for 'median'
    measureMEDSE: no visible global function definition for 'median'
    mutateBits: no visible global function definition for 'rbinom'
    performance: no visible global function definition for 'setNames'
    plotFilterValues : <anonymous>: no visible global function definition
     for 'head'
    plotFilterValuesGGVIS : <anonymous>: no visible global function
     definition for 'head'
    plotLearningCurve: no visible global function definition for
     'as.formula'
    plotThreshVsPerf: no visible global function definition for
     'as.formula'
    plotViperCharts.list: no visible global function definition for
     'browseURL'
    predict.WrappedModel: no visible binding for global variable
     'capture.output'
    predictLearner.BaggingWrapper: no visible binding for global variable
     'sd'
    predictLearner.regr.crs: no visible global function definition for
     'qnorm'
    predictLearner.regr.km: no visible global function definition for
     'rnorm'
    predict_nofeatures: no visible global function definition for 'runif'
    print.BaggingModel: no visible global function definition for
     'capture.output'
    print.FeatSelResult: no visible global function definition for 'head'
    print.FilterValues: no visible global function definition for 'head'
    print.LearningCurveData: no visible global function definition for
     'head'
    print.Prediction: no visible global function definition for 'head'
    print.ResamplePrediction: no visible global function definition for
     'head'
    print.ResampleResult : <anonymous>: no visible global function
     definition for 'sd'
    recodeSurvivalTimes: no visible global function definition for
     'setNames'
    selectFeaturesExhaustive: no visible global function definition for
     'combn'
    selectFeaturesGA: no visible global function definition for 'rbinom'
    setHyperPars2.BaseEnsemble: no visible global function definition for
     'setNames'
    setMlrOption: no visible global function definition for 'setNames'
    smote: no visible global function definition for 'runif'
    summarizeColumns.data.frame: no visible binding for global variable
     'sd'
    summarizeColumns.data.frame: no visible binding for global variable
     'median'
    summarizeColumns.data.frame: no visible binding for global variable
     'mad'
    train: no visible binding for global variable 'capture.output'
    trainLearner.WeightedClassesWrapper: no visible global function
     definition for 'setNames'
    trainLearner.classif.IBk: no visible binding for global variable
     'na.pass'
    trainLearner.classif.J48: no visible global function definition for
     'runif'
    trainLearner.classif.J48: no visible global function definition for
     'as.formula'
    trainLearner.classif.J48: no visible binding for global variable
     'na.pass'
    trainLearner.classif.JRip: no visible global function definition for
     'runif'
    trainLearner.classif.JRip: no visible binding for global variable
     'na.pass'
    trainLearner.classif.OneR: no visible binding for global variable
     'na.pass'
    trainLearner.classif.PART: no visible global function definition for
     'runif'
    trainLearner.classif.PART: no visible binding for global variable
     'na.pass'
    trainLearner.classif.binomial: no visible global function definition
     for 'binomial'
    trainLearner.classif.gbm: no visible global function definition for
     'as.formula'
    trainLearner.classif.glmboost: no visible global function definition
     for 'as.formula'
    trainLearner.classif.glmboost: no visible global function definition
     for 'AIC'
    trainLearner.classif.lqa: no visible global function definition for
     'binomial'
    trainLearner.classif.lqa: no visible global function definition for
     'getFromNamespace'
    trainLearner.classif.multinom: no visible global function definition
     for 'as.formula'
    trainLearner.classif.nnet: no visible global function definition for
     'as.formula'
    trainLearner.classif.probit: no visible global function definition for
     'binomial'
    trainLearner.classif.rpart: no visible global function definition for
     'as.formula'
    trainLearner.regr.IBk: no visible binding for global variable 'na.pass'
    trainLearner.regr.gbm: no visible global function definition for
     'as.formula'
    trainLearner.regr.lm: no visible global function definition for
     'as.formula'
    trainLearner.regr.mob: no visible global function definition for
     'as.formula'
    trainLearner.regr.mob: no visible global function definition for 'coef'
    trainLearner.regr.nnet: no visible global function definition for
     'as.formula'
    trainLearner.regr.rpart: no visible global function definition for
     'as.formula'
    trainLearner.regr.rsm: no visible global function definition for
     'as.formula'
    trainLearner.surv.coxph: no visible global function definition for
     'as.formula'
    tuneCMAES: no visible global function definition for 'median'
    tuneIrace: no visible binding for global variable 'capture.output'
    tuneMBO: no visible global function definition for 'setNames'
    Undefined global functions or variables:
     AIC approxfun as.formula binomial browseURL capture.output coef combn
     getFromNamespace getS3method head hist mad median methods
     model.matrix na.pass qnorm rbinom rnorm runif sd setNames tail var
     weights
Flavor: r-devel-windows-ix86+x86_64

Version: 2.4
Check: package dependencies
Result: NOTE
    Package suggested but not available for checking: ‘adabag’
Flavor: r-release-osx-x86_64-mavericks