CRAN Package Check Results for Package mlr

Last updated on 2016-12-10 04:47:52.

Flavor Version Tinstall Tcheck Ttotal Status Flags
r-devel-linux-x86_64-debian-clang 2.9 19.51 466.29 485.79 ERROR
r-devel-linux-x86_64-debian-gcc 2.9 18.41 449.48 467.89 ERROR
r-devel-linux-x86_64-fedora-clang 2.9 859.86 ERROR --no-stop-on-test-error
r-devel-linux-x86_64-fedora-gcc 2.9 805.58 ERROR --no-stop-on-test-error
r-devel-macos-x86_64-clang 2.9 636.90 ERROR --no-stop-on-test-error
r-devel-windows-ix86+x86_64 2.9 37.00 972.00 1009.00 ERROR
r-patched-linux-x86_64 2.9 17.28 408.11 425.38 ERROR
r-patched-solaris-sparc 2.9 1356.10 NOTE --no-examples --no-tests
r-patched-solaris-x86 2.9 262.30 NOTE --no-examples --no-tests
r-release-linux-x86_64 2.9 18.37 406.08 424.45 ERROR
r-release-osx-x86_64-mavericks 2.9 ERROR
r-release-windows-ix86+x86_64 2.9 37.00 894.00 931.00 ERROR
r-oldrel-windows-ix86+x86_64 2.9 57.00 1169.00 1226.00 ERROR

Check Details

Version: 2.9
Check: dependencies in R code
Result: NOTE
    Missing or unexported object: ‘irace::removeCandidatesMetaData’
Flavors: r-devel-linux-x86_64-debian-clang, r-devel-linux-x86_64-debian-gcc, r-devel-windows-ix86+x86_64, r-patched-linux-x86_64, r-release-linux-x86_64, r-release-osx-x86_64-mavericks, r-release-windows-ix86+x86_64, r-oldrel-windows-ix86+x86_64

Version: 2.9
Check: tests
Result: ERROR
     Running ‘run-base.R’ [335s/331s]
    Running the tests in ‘tests/run-base.R’ failed.
    Last 13 lines of output:
     testthat results ================================================================
     OK: 2350 SKIPPED: 1 FAILED: 14
     1. Failure: generateCalibrationData (@test_base_generateCalibration.R#55)
     2. Failure: generateCalibrationData (@test_base_generateCalibration.R#57)
     3. Failure: plotFilterValues (@test_base_generateFilterValuesData.R#72)
     4. Failure: plotFilterValues (@test_base_generateFilterValuesData.R#74)
     5. Failure: generateLearningCurve (@test_base_generateLearningCurve.R#46)
     6. Failure: generateLearningCurve (@test_base_generateLearningCurve.R#48)
     7. Failure: generatePartialDependenceData (@test_base_generatePartialDependence.R#216)
     8. Failure: generatePartialDependenceData (@test_base_generatePartialDependence.R#219)
     9. Failure: generateThreshVsPerfData (@test_base_generateThreshVsPerf.R#119)
     1. ...
    
     Error: testthat unit tests failed
     Execution halted
Flavor: r-devel-linux-x86_64-debian-clang

Version: 2.9
Check: tests
Result: ERROR
     Running ‘run-base.R’ [322s/320s]
    Running the tests in ‘tests/run-base.R’ failed.
    Last 13 lines of output:
     testthat results ================================================================
     OK: 2350 SKIPPED: 1 FAILED: 14
     1. Failure: generateCalibrationData (@test_base_generateCalibration.R#55)
     2. Failure: generateCalibrationData (@test_base_generateCalibration.R#57)
     3. Failure: plotFilterValues (@test_base_generateFilterValuesData.R#72)
     4. Failure: plotFilterValues (@test_base_generateFilterValuesData.R#74)
     5. Failure: generateLearningCurve (@test_base_generateLearningCurve.R#46)
     6. Failure: generateLearningCurve (@test_base_generateLearningCurve.R#48)
     7. Failure: generatePartialDependenceData (@test_base_generatePartialDependence.R#216)
     8. Failure: generatePartialDependenceData (@test_base_generatePartialDependence.R#219)
     9. Failure: generateThreshVsPerfData (@test_base_generateThreshVsPerf.R#119)
     1. ...
    
     Error: testthat unit tests failed
     Execution halted
Flavor: r-devel-linux-x86_64-debian-gcc

Version: 2.9
Flags: --no-stop-on-test-error
Check: dependencies in R code
Result: NOTE
    Missing or unexported object: ‘irace::removeCandidatesMetaData’
Flavors: r-devel-linux-x86_64-fedora-clang, r-devel-linux-x86_64-fedora-gcc, r-devel-macos-x86_64-clang

Version: 2.9
Flags: --no-stop-on-test-error
Check: tests
Result: ERROR
     Running ‘run-base.R’ [9m/10m]
     Running ‘run-classif.R’
     Running ‘run-cluster.R’
     Running ‘run-featsel.R’
     Running ‘run-learners-classif.R’
     Running ‘run-learners-classiflabelswitch.R’
     Running ‘run-learners-cluster.R’
     Running ‘run-learners-general.R’
     Running ‘run-learners-multilabel.R’
     Running ‘run-learners-regr.R’
     Running ‘run-learners-surv.R’
     Running ‘run-parallel.R’
     Running ‘run-regr.R’
     Running ‘run-stack.R’
     Running ‘run-surv.R’
     Running ‘run-tune.R’
    Running the tests in ‘tests/run-base.R’ failed.
    Last 13 lines of output:
     testthat results ================================================================
     OK: 2350 SKIPPED: 1 FAILED: 14
     1. Failure: generateCalibrationData (@test_base_generateCalibration.R#55)
     2. Failure: generateCalibrationData (@test_base_generateCalibration.R#57)
     3. Failure: plotFilterValues (@test_base_generateFilterValuesData.R#72)
     4. Failure: plotFilterValues (@test_base_generateFilterValuesData.R#74)
     5. Failure: generateLearningCurve (@test_base_generateLearningCurve.R#46)
     6. Failure: generateLearningCurve (@test_base_generateLearningCurve.R#48)
     7. Failure: generatePartialDependenceData (@test_base_generatePartialDependence.R#216)
     8. Failure: generatePartialDependenceData (@test_base_generatePartialDependence.R#219)
     9. Failure: generateThreshVsPerfData (@test_base_generateThreshVsPerf.R#119)
     1. ...
    
     Error: testthat unit tests failed
     Execution halted
Flavor: r-devel-linux-x86_64-fedora-clang

Version: 2.9
Flags: --no-stop-on-test-error
Check: tests
Result: ERROR
     Running ‘run-base.R’ [500s/509s]
     Running ‘run-classif.R’
     Running ‘run-cluster.R’
     Running ‘run-featsel.R’
     Running ‘run-learners-classif.R’
     Running ‘run-learners-classiflabelswitch.R’
     Running ‘run-learners-cluster.R’
     Running ‘run-learners-general.R’
     Running ‘run-learners-multilabel.R’
     Running ‘run-learners-regr.R’
     Running ‘run-learners-surv.R’
     Running ‘run-parallel.R’
     Running ‘run-regr.R’
     Running ‘run-stack.R’
     Running ‘run-surv.R’
     Running ‘run-tune.R’
    Running the tests in ‘tests/run-base.R’ failed.
    Last 13 lines of output:
     testthat results ================================================================
     OK: 2350 SKIPPED: 1 FAILED: 14
     1. Failure: generateCalibrationData (@test_base_generateCalibration.R#55)
     2. Failure: generateCalibrationData (@test_base_generateCalibration.R#57)
     3. Failure: plotFilterValues (@test_base_generateFilterValuesData.R#72)
     4. Failure: plotFilterValues (@test_base_generateFilterValuesData.R#74)
     5. Failure: generateLearningCurve (@test_base_generateLearningCurve.R#46)
     6. Failure: generateLearningCurve (@test_base_generateLearningCurve.R#48)
     7. Failure: generatePartialDependenceData (@test_base_generatePartialDependence.R#216)
     8. Failure: generatePartialDependenceData (@test_base_generatePartialDependence.R#219)
     9. Failure: generateThreshVsPerfData (@test_base_generateThreshVsPerf.R#119)
     1. ...
    
     Error: testthat unit tests failed
     Execution halted
Flavor: r-devel-linux-x86_64-fedora-gcc

Version: 2.9
Flags: --no-stop-on-test-error
Check: tests
Result: ERROR
     Running ‘run-base.R’ [396s/521s]
     Running ‘run-classif.R’
     Running ‘run-cluster.R’
     Running ‘run-featsel.R’
     Running ‘run-learners-classif.R’
     Running ‘run-learners-classiflabelswitch.R’
     Running ‘run-learners-cluster.R’
     Running ‘run-learners-general.R’
     Running ‘run-learners-multilabel.R’
     Running ‘run-learners-regr.R’
     Running ‘run-learners-surv.R’
     Running ‘run-parallel.R’
     Running ‘run-regr.R’
     Running ‘run-stack.R’
     Running ‘run-surv.R’
     Running ‘run-tune.R’
    Running the tests in ‘tests/run-base.R’ failed.
    Last 13 lines of output:
     testthat results ================================================================
     OK: 2350 SKIPPED: 1 FAILED: 14
     1. Failure: generateCalibrationData (@test_base_generateCalibration.R#55)
     2. Failure: generateCalibrationData (@test_base_generateCalibration.R#57)
     3. Failure: plotFilterValues (@test_base_generateFilterValuesData.R#72)
     4. Failure: plotFilterValues (@test_base_generateFilterValuesData.R#74)
     5. Failure: generateLearningCurve (@test_base_generateLearningCurve.R#46)
     6. Failure: generateLearningCurve (@test_base_generateLearningCurve.R#48)
     7. Failure: generatePartialDependenceData (@test_base_generatePartialDependence.R#216)
     8. Failure: generatePartialDependenceData (@test_base_generatePartialDependence.R#219)
     9. Failure: generateThreshVsPerfData (@test_base_generateThreshVsPerf.R#119)
     1. ...
    
     Error: testthat unit tests failed
     Execution halted
Flavor: r-devel-macos-x86_64-clang

Version: 2.9
Check: running tests for arch ‘i386’
Result: ERROR
     Running 'run-base.R' [347s]
    Running the tests in 'tests/run-base.R' failed.
    Last 13 lines of output:
     testthat results ================================================================
     OK: 2350 SKIPPED: 1 FAILED: 14
     1. Failure: generateCalibrationData (@test_base_generateCalibration.R#55)
     2. Failure: generateCalibrationData (@test_base_generateCalibration.R#57)
     3. Failure: plotFilterValues (@test_base_generateFilterValuesData.R#72)
     4. Failure: plotFilterValues (@test_base_generateFilterValuesData.R#74)
     5. Failure: generateLearningCurve (@test_base_generateLearningCurve.R#46)
     6. Failure: generateLearningCurve (@test_base_generateLearningCurve.R#48)
     7. Failure: generatePartialDependenceData (@test_base_generatePartialDependence.R#216)
     8. Failure: generatePartialDependenceData (@test_base_generatePartialDependence.R#219)
     9. Failure: generateThreshVsPerfData (@test_base_generateThreshVsPerf.R#119)
     1. ...
    
     Error: testthat unit tests failed
     Execution halted
Flavor: r-devel-windows-ix86+x86_64

Version: 2.9
Check: running tests for arch ‘x64’
Result: ERROR
     Running 'run-base.R' [397s]
    Running the tests in 'tests/run-base.R' failed.
    Last 13 lines of output:
     testthat results ================================================================
     OK: 2350 SKIPPED: 1 FAILED: 14
     1. Failure: generateCalibrationData (@test_base_generateCalibration.R#55)
     2. Failure: generateCalibrationData (@test_base_generateCalibration.R#57)
     3. Failure: plotFilterValues (@test_base_generateFilterValuesData.R#72)
     4. Failure: plotFilterValues (@test_base_generateFilterValuesData.R#74)
     5. Failure: generateLearningCurve (@test_base_generateLearningCurve.R#46)
     6. Failure: generateLearningCurve (@test_base_generateLearningCurve.R#48)
     7. Failure: generatePartialDependenceData (@test_base_generatePartialDependence.R#216)
     8. Failure: generatePartialDependenceData (@test_base_generatePartialDependence.R#219)
     9. Failure: generateThreshVsPerfData (@test_base_generateThreshVsPerf.R#119)
     1. ...
    
     Error: testthat unit tests failed
     Execution halted
Flavor: r-devel-windows-ix86+x86_64

Version: 2.9
Check: tests
Result: ERROR
     Running ‘run-base.R’ [289s/287s]
    Running the tests in ‘tests/run-base.R’ failed.
    Last 13 lines of output:
     1. Failure: generateCalibrationData (@test_base_generateCalibration.R#55)
     2. Failure: generateCalibrationData (@test_base_generateCalibration.R#57)
     3. Failure: plotFilterValues (@test_base_generateFilterValuesData.R#72)
     4. Failure: plotFilterValues (@test_base_generateFilterValuesData.R#74)
     5. Failure: generateLearningCurve (@test_base_generateLearningCurve.R#46)
     6. Failure: generateLearningCurve (@test_base_generateLearningCurve.R#48)
     7. Failure: generatePartialDependenceData (@test_base_generatePartialDependence.R#216)
     8. Failure: generatePartialDependenceData (@test_base_generatePartialDependence.R#219)
     9. Failure: generateThreshVsPerfData (@test_base_generateThreshVsPerf.R#119)
     1. ...
    
     Error: testthat unit tests failed
     Execution halted
Flavor: r-patched-linux-x86_64

Version: 2.9
Flags: --no-examples --no-tests
Check: dependencies in R code
Result: NOTE
    Missing or unexported object: ‘irace::removeCandidatesMetaData’
Flavors: r-patched-solaris-sparc, r-patched-solaris-x86

Version: 2.9
Check: tests
Result: ERROR
    Running the tests in ‘tests/run-base.R’ failed.
    Last 13 lines of output:
     1. Failure: generateCalibrationData (@test_base_generateCalibration.R#55)
     2. Failure: generateCalibrationData (@test_base_generateCalibration.R#57)
     3. Failure: plotFilterValues (@test_base_generateFilterValuesData.R#72)
     4. Failure: plotFilterValues (@test_base_generateFilterValuesData.R#74)
     5. Failure: generateLearningCurve (@test_base_generateLearningCurve.R#46)
     6. Failure: generateLearningCurve (@test_base_generateLearningCurve.R#48)
     7. Failure: generatePartialDependenceData (@test_base_generatePartialDependence.R#216)
     8. Failure: generatePartialDependenceData (@test_base_generatePartialDependence.R#219)
     9. Failure: generateThreshVsPerfData (@test_base_generateThreshVsPerf.R#119)
     1. ...
    
     Error: testthat unit tests failed
     Execution halted
Flavor: r-release-linux-x86_64

Version: 2.9
Check: examples
Result: ERROR
    Running examples in ‘mlr-Ex.R’ failed
    The error most likely occurred in:
    
    > ### Name: plotFilterValues
    > ### Title: Plot filter values using ggplot2.
    > ### Aliases: plotFilterValues
    >
    > ### ** Examples
    >
    > fv = generateFilterValuesData(iris.task, method = "chi.squared")
    Error in .jnew("weka/core/Attribute", attname[i], .jcast(levels, "java/util/List")) :
     java.lang.UnsupportedClassVersionError: weka/core/Attribute : Unsupported major.minor version 51.0
    Calls: generateFilterValuesData ... read_model_frame_into_Weka -> read_data_into_Weka -> .jnew -> .External
    Execution halted
Flavor: r-release-osx-x86_64-mavericks

Version: 2.9
Check: tests
Result: ERROR
    Running the tests in ‘tests/run-base.R’ failed.
    Last 13 lines of output:
     1. Error: NoFeaturesModel works with FilterWrapper (@test_base_NoFeaturesModel.R#30)
     2. Error: clustering performance (@test_base_clustering.R#16)
     3. Error: clustering performance with missing clusters (@test_base_clustering.R#28)
     4. Error: clustering resample (@test_base_clustering.R#42)
     5. Error: clustering benchmark (@test_base_clustering.R#55)
     6. Error: clustering tune (@test_base_clustering.R#72)
     7. Error: filterFeatures (@test_base_filterFeatures.R#9)
     8. Error: plotFilterValues (@test_base_filterFeatures.R#53)
     9. Error: args are passed down to filter methods (@test_base_filterFeatures.R#87)
     1. ...
    
     Error: testthat unit tests failed
     Execution halted
Flavor: r-release-osx-x86_64-mavericks

Version: 2.9
Check: running tests for arch ‘i386’
Result: ERROR
    Running the tests in 'tests/run-base.R' failed.
    Last 13 lines of output:
     1. Failure: generateCalibrationData (@test_base_generateCalibration.R#55)
     2. Failure: generateCalibrationData (@test_base_generateCalibration.R#57)
     3. Failure: plotFilterValues (@test_base_generateFilterValuesData.R#72)
     4. Failure: plotFilterValues (@test_base_generateFilterValuesData.R#74)
     5. Failure: generateLearningCurve (@test_base_generateLearningCurve.R#46)
     6. Failure: generateLearningCurve (@test_base_generateLearningCurve.R#48)
     7. Failure: generatePartialDependenceData (@test_base_generatePartialDependence.R#216)
     8. Failure: generatePartialDependenceData (@test_base_generatePartialDependence.R#219)
     9. Failure: generateThreshVsPerfData (@test_base_generateThreshVsPerf.R#119)
     1. ...
    
     Error: testthat unit tests failed
     Execution halted
Flavors: r-release-windows-ix86+x86_64, r-oldrel-windows-ix86+x86_64

Version: 2.9
Check: running tests for arch ‘x64’
Result: ERROR
    Running the tests in 'tests/run-base.R' failed.
    Last 13 lines of output:
     1. Failure: generateCalibrationData (@test_base_generateCalibration.R#55)
     2. Failure: generateCalibrationData (@test_base_generateCalibration.R#57)
     3. Failure: plotFilterValues (@test_base_generateFilterValuesData.R#72)
     4. Failure: plotFilterValues (@test_base_generateFilterValuesData.R#74)
     5. Failure: generateLearningCurve (@test_base_generateLearningCurve.R#46)
     6. Failure: generateLearningCurve (@test_base_generateLearningCurve.R#48)
     7. Failure: generatePartialDependenceData (@test_base_generatePartialDependence.R#216)
     8. Failure: generatePartialDependenceData (@test_base_generatePartialDependence.R#219)
     9. Failure: generateThreshVsPerfData (@test_base_generateThreshVsPerf.R#119)
     1. ...
    
     Error: testthat unit tests failed
     Execution halted
Flavors: r-release-windows-ix86+x86_64, r-oldrel-windows-ix86+x86_64