CRAN Package Check Results for Package mlr

Last updated on 2016-06-25 06:47:21.

Flavor Version Tinstall Tcheck Ttotal Status Flags
r-devel-linux-x86_64-debian-gcc 2.8 14.92 239.10 254.02 ERROR
r-devel-linux-x86_64-fedora-clang 2.8 489.91 ERROR
r-devel-linux-x86_64-fedora-gcc 2.8 452.21 ERROR
r-devel-osx-x86_64-clang 2.8 349.69 ERROR
r-devel-windows-ix86+x86_64 2.8 51.00 678.00 729.00 ERROR
r-patched-linux-x86_64 2.8 17.42 235.80 253.22 ERROR
r-patched-solaris-x86 2.8 241.90 OK --no-examples --no-tests
r-release-linux-x86_64 2.8 16.31 247.85 264.17 ERROR
r-release-osx-x86_64-mavericks 2.8 ERROR
r-release-windows-ix86+x86_64 2.8 48.00 669.00 717.00 ERROR
r-oldrel-windows-ix86+x86_64 2.8 53.00 687.00 740.00 ERROR

Check Details

Version: 2.8
Check: tests
Result: ERROR
    Running the tests in ‘tests/run-base.R’ failed.
    Last 13 lines of output:
     9: tryCatchOne(expr, names, parentenv, handlers[[1L]])
     10: value[[3L]](cond)
    
     testthat results ================================================================
     OK: 2008 SKIPPED: 1 FAILED: 7
     1. Failure: chains (@test_base_chains.R#11)
     2. Error: generateCalibrationData (@test_base_generateCalibration.R#14)
     3. Error: generateLearningCurve (@test_base_generateLearningCurve.R#11)
     4. Error: generatePartialPredictionData (@test_base_generatePartialPrediction.R#21)
     5. Error: generateThreshVsPerfData (@test_base_generateThreshVsPerf.R#12)
     6. Failure: getParamSet (@test_base_getParamSet.R#16)
     7. Error: BenchmarkResult (@test_base_plotBMRBoxplots.R#12)
    
     Error: testthat unit tests failed
     Execution halted
Flavors: r-devel-linux-x86_64-debian-gcc, r-devel-linux-x86_64-fedora-clang, r-devel-linux-x86_64-fedora-gcc, r-devel-osx-x86_64-clang

Version: 2.8
Check: running tests for arch ‘i386’
Result: ERROR
    Running the tests in 'tests/run-base.R' failed.
    Last 13 lines of output:
     9: tryCatchOne(expr, names, parentenv, handlers[[1L]])
     10: value[[3L]](cond)
    
     testthat results ================================================================
     OK: 2008 SKIPPED: 1 FAILED: 7
     1. Failure: chains (@test_base_chains.R#11)
     2. Error: generateCalibrationData (@test_base_generateCalibration.R#14)
     3. Error: generateLearningCurve (@test_base_generateLearningCurve.R#11)
     4. Error: generatePartialPredictionData (@test_base_generatePartialPrediction.R#21)
     5. Error: generateThreshVsPerfData (@test_base_generateThreshVsPerf.R#12)
     6. Failure: getParamSet (@test_base_getParamSet.R#16)
     7. Error: BenchmarkResult (@test_base_plotBMRBoxplots.R#12)
    
     Error: testthat unit tests failed
     Execution halted
Flavor: r-devel-windows-ix86+x86_64

Version: 2.8
Check: running tests for arch ‘x64’
Result: ERROR
    Running the tests in 'tests/run-base.R' failed.
    Last 13 lines of output:
     9: tryCatchOne(expr, names, parentenv, handlers[[1L]])
     10: value[[3L]](cond)
    
     testthat results ================================================================
     OK: 2008 SKIPPED: 1 FAILED: 7
     1. Failure: chains (@test_base_chains.R#11)
     2. Error: generateCalibrationData (@test_base_generateCalibration.R#14)
     3. Error: generateLearningCurve (@test_base_generateLearningCurve.R#11)
     4. Error: generatePartialPredictionData (@test_base_generatePartialPrediction.R#21)
     5. Error: generateThreshVsPerfData (@test_base_generateThreshVsPerf.R#12)
     6. Failure: getParamSet (@test_base_getParamSet.R#16)
     7. Error: BenchmarkResult (@test_base_plotBMRBoxplots.R#12)
    
     Error: testthat unit tests failed
     Execution halted
Flavor: r-devel-windows-ix86+x86_64

Version: 2.8
Check: tests
Result: ERROR
    Running the tests in ‘tests/run-base.R’ failed.
    Last 13 lines of output:
    
     testthat results ================================================================
     OK: 2008 SKIPPED: 1 FAILED: 7
     1. Failure: chains (@test_base_chains.R#11)
     2. Error: generateCalibrationData (@test_base_generateCalibration.R#14)
     3. Error: generateLearningCurve (@test_base_generateLearningCurve.R#11)
     4. Error: generatePartialPredictionData (@test_base_generatePartialPrediction.R#21)
     5. Error: generateThreshVsPerfData (@test_base_generateThreshVsPerf.R#12)
     6. Failure: getParamSet (@test_base_getParamSet.R#16)
     7. Error: BenchmarkResult (@test_base_plotBMRBoxplots.R#12)
    
     Error: testthat unit tests failed
     Execution halted
Flavors: r-patched-linux-x86_64, r-release-linux-x86_64

Version: 2.8
Check: dependencies in R code
Result: NOTE
    Invalid MIT-MAGIC-COOKIE-1 key
Flavor: r-release-osx-x86_64-mavericks

Version: 2.8
Check: tests
Result: ERROR
    Running the tests in ‘tests/run-base.R’ failed.
    Last 13 lines of output:
     1. Failure: chains (@test_base_chains.R#11)
     2. Failure: generateCalibrationData (@test_base_generateCalibration.R#16)
     3. Failure: generateCalibrationData (@test_base_generateCalibration.R#17)
     4. Failure: generateCalibrationData (@test_base_generateCalibration.R#30)
     5. Failure: generateCalibrationData (@test_base_generateCalibration.R#31)
     6. Failure: generateCalibrationData (@test_base_generateCalibration.R#40)
     7. Failure: generateCalibrationData (@test_base_generateCalibration.R#41)
     8. Failure: generateCalibrationData (@test_base_generateCalibration.R#50)
     9. Failure: generateCalibrationData (@test_base_generateCalibration.R#51)
     1. ...
    
     Error: testthat unit tests failed
     Execution halted
Flavor: r-release-osx-x86_64-mavericks

Version: 2.8
Check: running tests for arch ‘i386’
Result: ERROR
    Running the tests in 'tests/run-base.R' failed.
    Last 13 lines of output:
    
     testthat results ================================================================
     OK: 2008 SKIPPED: 1 FAILED: 7
     1. Failure: chains (@test_base_chains.R#11)
     2. Error: generateCalibrationData (@test_base_generateCalibration.R#14)
     3. Error: generateLearningCurve (@test_base_generateLearningCurve.R#11)
     4. Error: generatePartialPredictionData (@test_base_generatePartialPrediction.R#21)
     5. Error: generateThreshVsPerfData (@test_base_generateThreshVsPerf.R#12)
     6. Failure: getParamSet (@test_base_getParamSet.R#16)
     7. Error: BenchmarkResult (@test_base_plotBMRBoxplots.R#12)
    
     Error: testthat unit tests failed
     Execution halted
Flavors: r-release-windows-ix86+x86_64, r-oldrel-windows-ix86+x86_64

Version: 2.8
Check: running tests for arch ‘x64’
Result: ERROR
    Running the tests in 'tests/run-base.R' failed.
    Last 13 lines of output:
    
     testthat results ================================================================
     OK: 2008 SKIPPED: 1 FAILED: 7
     1. Failure: chains (@test_base_chains.R#11)
     2. Error: generateCalibrationData (@test_base_generateCalibration.R#14)
     3. Error: generateLearningCurve (@test_base_generateLearningCurve.R#11)
     4. Error: generatePartialPredictionData (@test_base_generatePartialPrediction.R#21)
     5. Error: generateThreshVsPerfData (@test_base_generateThreshVsPerf.R#12)
     6. Failure: getParamSet (@test_base_getParamSet.R#16)
     7. Error: BenchmarkResult (@test_base_plotBMRBoxplots.R#12)
    
     Error: testthat unit tests failed
     Execution halted
Flavors: r-release-windows-ix86+x86_64, r-oldrel-windows-ix86+x86_64