CRAN Package Check Results for Package mlr

Last updated on 2016-07-25 23:48:09.

Flavor Version Tinstall Tcheck Ttotal Status Flags
r-devel-linux-x86_64-debian-clang 2.8 17.89 267.29 285.18 ERROR
r-devel-linux-x86_64-debian-gcc 2.8 17.56 266.63 284.19 ERROR
r-devel-linux-x86_64-fedora-clang 2.8 441.35 ERROR
r-devel-linux-x86_64-fedora-gcc 2.8 450.93 ERROR
r-devel-osx-x86_64-clang 2.8 366.72 ERROR
r-devel-windows-ix86+x86_64 2.8 47.00 542.00 589.00 ERROR
r-patched-linux-x86_64 2.8 16.73 264.16 280.88 ERROR
r-patched-solaris-sparc 2.8 1190.60 OK --no-examples --no-tests
r-patched-solaris-x86 2.8 238.50 OK --no-examples --no-tests
r-release-linux-x86_64 2.8 19.16 248.59 267.75 ERROR
r-release-osx-x86_64-mavericks 2.8 ERROR
r-release-windows-ix86+x86_64 2.8 52.00 675.00 727.00 ERROR
r-oldrel-windows-ix86+x86_64 2.8 57.00 695.00 752.00 ERROR

Check Details

Version: 2.8
Check: tests
Result: ERROR
    Running the tests in ‘tests/run-base.R’ failed.
    Last 13 lines of output:
    
     testthat results ================================================================
     OK: 2006 SKIPPED: 1 FAILED: 9
     1. Failure: Learner (@test_base_Learner.R#26)
     2. Failure: chains (@test_base_chains.R#11)
     3. Error: generateCalibrationData (@test_base_generateCalibration.R#14)
     4. Error: generateLearningCurve (@test_base_generateLearningCurve.R#11)
     5. Error: generatePartialPredictionData (@test_base_generatePartialPrediction.R#21)
     6. Error: generateThreshVsPerfData (@test_base_generateThreshVsPerf.R#12)
     7. Failure: getParamSet (@test_base_getParamSet.R#16)
     8. Error: BenchmarkResult (@test_base_plotBMRBoxplots.R#12)
     9. Failure: Learner cannot use expression in param requires, see #369 (@test_base_tuning.R#151)
    
     Error: testthat unit tests failed
     Execution halted
Flavors: r-devel-linux-x86_64-debian-clang, r-devel-linux-x86_64-debian-gcc, r-devel-linux-x86_64-fedora-clang, r-devel-linux-x86_64-fedora-gcc, r-devel-osx-x86_64-clang

Version: 2.8
Check: running tests for arch ‘i386’
Result: ERROR
    Running the tests in 'tests/run-base.R' failed.
    Last 13 lines of output:
    
     testthat results ================================================================
     OK: 2006 SKIPPED: 1 FAILED: 9
     1. Failure: Learner (@test_base_Learner.R#26)
     2. Failure: chains (@test_base_chains.R#11)
     3. Error: generateCalibrationData (@test_base_generateCalibration.R#14)
     4. Error: generateLearningCurve (@test_base_generateLearningCurve.R#11)
     5. Error: generatePartialPredictionData (@test_base_generatePartialPrediction.R#21)
     6. Error: generateThreshVsPerfData (@test_base_generateThreshVsPerf.R#12)
     7. Failure: getParamSet (@test_base_getParamSet.R#16)
     8. Error: BenchmarkResult (@test_base_plotBMRBoxplots.R#12)
     9. Failure: Learner cannot use expression in param requires, see #369 (@test_base_tuning.R#151)
    
     Error: testthat unit tests failed
     Execution halted
Flavor: r-devel-windows-ix86+x86_64

Version: 2.8
Check: running tests for arch ‘x64’
Result: ERROR
    Running the tests in 'tests/run-base.R' failed.
    Last 13 lines of output:
    
     testthat results ================================================================
     OK: 2006 SKIPPED: 1 FAILED: 9
     1. Failure: Learner (@test_base_Learner.R#26)
     2. Failure: chains (@test_base_chains.R#11)
     3. Error: generateCalibrationData (@test_base_generateCalibration.R#14)
     4. Error: generateLearningCurve (@test_base_generateLearningCurve.R#11)
     5. Error: generatePartialPredictionData (@test_base_generatePartialPrediction.R#21)
     6. Error: generateThreshVsPerfData (@test_base_generateThreshVsPerf.R#12)
     7. Failure: getParamSet (@test_base_getParamSet.R#16)
     8. Error: BenchmarkResult (@test_base_plotBMRBoxplots.R#12)
     9. Failure: Learner cannot use expression in param requires, see #369 (@test_base_tuning.R#151)
    
     Error: testthat unit tests failed
     Execution halted
Flavor: r-devel-windows-ix86+x86_64

Version: 2.8
Check: tests
Result: ERROR
    Running the tests in ‘tests/run-base.R’ failed.
    Last 13 lines of output:
     OK: 2006 SKIPPED: 1 FAILED: 9
     1. Failure: Learner (@test_base_Learner.R#26)
     2. Failure: chains (@test_base_chains.R#11)
     3. Error: generateCalibrationData (@test_base_generateCalibration.R#14)
     4. Error: generateLearningCurve (@test_base_generateLearningCurve.R#11)
     5. Error: generatePartialPredictionData (@test_base_generatePartialPrediction.R#21)
     6. Error: generateThreshVsPerfData (@test_base_generateThreshVsPerf.R#12)
     7. Failure: getParamSet (@test_base_getParamSet.R#16)
     8. Error: BenchmarkResult (@test_base_plotBMRBoxplots.R#12)
     9. Failure: Learner cannot use expression in param requires, see #369 (@test_base_tuning.R#151)
    
     Error: testthat unit tests failed
     Execution halted
Flavors: r-patched-linux-x86_64, r-release-linux-x86_64

Version: 2.8
Check: dependencies in R code
Result: NOTE
    Invalid MIT-MAGIC-COOKIE-1 key
Flavor: r-release-osx-x86_64-mavericks

Version: 2.8
Check: tests
Result: ERROR
    Running the tests in ‘tests/run-base.R’ failed.
    Last 13 lines of output:
     1. Failure: chains (@test_base_chains.R#11)
     2. Failure: generateCalibrationData (@test_base_generateCalibration.R#16)
     3. Failure: generateCalibrationData (@test_base_generateCalibration.R#17)
     4. Failure: generateCalibrationData (@test_base_generateCalibration.R#30)
     5. Failure: generateCalibrationData (@test_base_generateCalibration.R#31)
     6. Failure: generateCalibrationData (@test_base_generateCalibration.R#40)
     7. Failure: generateCalibrationData (@test_base_generateCalibration.R#41)
     8. Failure: generateCalibrationData (@test_base_generateCalibration.R#50)
     9. Failure: generateCalibrationData (@test_base_generateCalibration.R#51)
     1. ...
    
     Error: testthat unit tests failed
     Execution halted
Flavor: r-release-osx-x86_64-mavericks

Version: 2.8
Check: running tests for arch ‘i386’
Result: ERROR
    Running the tests in 'tests/run-base.R' failed.
    Last 13 lines of output:
     OK: 2006 SKIPPED: 1 FAILED: 9
     1. Failure: Learner (@test_base_Learner.R#26)
     2. Failure: chains (@test_base_chains.R#11)
     3. Error: generateCalibrationData (@test_base_generateCalibration.R#14)
     4. Error: generateLearningCurve (@test_base_generateLearningCurve.R#11)
     5. Error: generatePartialPredictionData (@test_base_generatePartialPrediction.R#21)
     6. Error: generateThreshVsPerfData (@test_base_generateThreshVsPerf.R#12)
     7. Failure: getParamSet (@test_base_getParamSet.R#16)
     8. Error: BenchmarkResult (@test_base_plotBMRBoxplots.R#12)
     9. Failure: Learner cannot use expression in param requires, see #369 (@test_base_tuning.R#151)
    
     Error: testthat unit tests failed
     Execution halted
Flavors: r-release-windows-ix86+x86_64, r-oldrel-windows-ix86+x86_64

Version: 2.8
Check: running tests for arch ‘x64’
Result: ERROR
    Running the tests in 'tests/run-base.R' failed.
    Last 13 lines of output:
     OK: 2006 SKIPPED: 1 FAILED: 9
     1. Failure: Learner (@test_base_Learner.R#26)
     2. Failure: chains (@test_base_chains.R#11)
     3. Error: generateCalibrationData (@test_base_generateCalibration.R#14)
     4. Error: generateLearningCurve (@test_base_generateLearningCurve.R#11)
     5. Error: generatePartialPredictionData (@test_base_generatePartialPrediction.R#21)
     6. Error: generateThreshVsPerfData (@test_base_generateThreshVsPerf.R#12)
     7. Failure: getParamSet (@test_base_getParamSet.R#16)
     8. Error: BenchmarkResult (@test_base_plotBMRBoxplots.R#12)
     9. Failure: Learner cannot use expression in param requires, see #369 (@test_base_tuning.R#151)
    
     Error: testthat unit tests failed
     Execution halted
Flavors: r-release-windows-ix86+x86_64, r-oldrel-windows-ix86+x86_64