CRAN Package Check Results for Package mlr

Last updated on 2016-09-28 19:48:23.

Flavor Version Tinstall Tcheck Ttotal Status Flags
r-devel-linux-x86_64-debian-clang 2.9 17.49 374.24 391.73 OK
r-devel-linux-x86_64-debian-gcc 2.9 17.00 388.41 405.41 OK
r-devel-linux-x86_64-fedora-clang 2.9 725.96 OK
r-devel-linux-x86_64-fedora-gcc 2.9 706.80 OK
r-devel-macos-x86_64-clang 2.9 554.49 OK
r-devel-windows-ix86+x86_64 2.9 67.00 1169.00 1236.00 OK
r-patched-linux-x86_64 2.9 18.65 408.12 426.77 OK
r-patched-solaris-sparc 2.9 1255.70 OK --no-examples --no-tests
r-patched-solaris-x86 2.9 261.50 OK --no-examples --no-tests
r-release-linux-x86_64 2.9 18.49 403.98 422.46 OK
r-release-osx-x86_64-mavericks 2.9 ERROR
r-release-windows-ix86+x86_64 2.9 59.00 1148.00 1207.00 OK
r-oldrel-windows-ix86+x86_64 2.9 64.00 1215.00 1279.00 OK

Check Details

Version: 2.9
Check: examples
Result: ERROR
    Running examples in ‘mlr-Ex.R’ failed
    The error most likely occurred in:
    
    > ### Name: plotFilterValues
    > ### Title: Plot filter values using ggplot2.
    > ### Aliases: plotFilterValues
    >
    > ### ** Examples
    >
    > fv = generateFilterValuesData(iris.task, method = "chi.squared")
    Error in .jnew("weka/core/Attribute", attname[i], .jcast(levels, "java/util/List")) :
     java.lang.UnsupportedClassVersionError: weka/core/Attribute : Unsupported major.minor version 51.0
    Calls: generateFilterValuesData ... read_model_frame_into_Weka -> read_data_into_Weka -> .jnew -> .External
    Execution halted
Flavor: r-release-osx-x86_64-mavericks

Version: 2.9
Check: tests
Result: ERROR
    Running the tests in ‘tests/run-base.R’ failed.
    Last 13 lines of output:
     1. Error: NoFeaturesModel works with FilterWrapper (@test_base_NoFeaturesModel.R#30)
     2. Error: clustering performance (@test_base_clustering.R#16)
     3. Error: clustering performance with missing clusters (@test_base_clustering.R#28)
     4. Error: clustering resample (@test_base_clustering.R#42)
     5. Error: clustering benchmark (@test_base_clustering.R#55)
     6. Error: clustering tune (@test_base_clustering.R#72)
     7. Error: filterFeatures (@test_base_filterFeatures.R#9)
     8. Error: plotFilterValues (@test_base_filterFeatures.R#53)
     9. Error: args are passed down to filter methods (@test_base_filterFeatures.R#87)
     1. ...
    
     Error: testthat unit tests failed
     Execution halted
Flavor: r-release-osx-x86_64-mavericks