CRAN Package Check Results for Package mlr

Last updated on 2017-06-25 18:47:36.

Flavor Version Tinstall Tcheck Ttotal Status Flags
r-devel-linux-x86_64-debian-clang 2.11 20.66 312.69 333.35 NOTE
r-devel-linux-x86_64-debian-gcc 2.11 18.09 319.45 337.54 NOTE
r-devel-linux-x86_64-fedora-clang 2.11 696.77 NOTE
r-devel-linux-x86_64-fedora-gcc 2.11 668.84 NOTE
r-devel-windows-ix86+x86_64 2.11 57.00 722.00 779.00 NOTE
r-patched-linux-x86_64 2.11 19.59 328.63 348.22 NOTE
r-patched-solaris-sparc 2.11 1355.60 NOTE --no-examples --no-tests
r-patched-solaris-x86 2.11 278.10 NOTE --no-examples --no-tests
r-release-linux-x86_64 2.11 18.45 322.79 341.24 NOTE
r-release-windows-ix86+x86_64 2.11 64.00 1010.00 1074.00 NOTE
r-release-osx-x86_64 2.11 ERROR
r-oldrel-windows-ix86+x86_64 2.11 42.00 1026.00 1068.00 NOTE
r-oldrel-osx-x86_64 2.11 ERROR

Check Details

Version: 2.11
Check: package dependencies
Result: NOTE
    Package suggested but not available for checking: ‘sparsediscrim’
Flavors: r-devel-linux-x86_64-debian-clang, r-devel-linux-x86_64-fedora-clang, r-devel-linux-x86_64-fedora-gcc, r-patched-linux-x86_64, r-release-linux-x86_64

Version: 2.11
Check: dependencies in R code
Result: NOTE
    Missing or unexported object: ‘kohonen::bdk’
Flavors: r-devel-linux-x86_64-debian-clang, r-devel-linux-x86_64-debian-gcc, r-devel-linux-x86_64-fedora-clang, r-devel-linux-x86_64-fedora-gcc, r-devel-windows-ix86+x86_64, r-patched-linux-x86_64, r-release-linux-x86_64, r-release-windows-ix86+x86_64, r-release-osx-x86_64, r-oldrel-windows-ix86+x86_64, r-oldrel-osx-x86_64

Version: 2.11
Check: package dependencies
Result: NOTE
    Packages suggested but not available for checking: ‘rrlda’ ‘sparsediscrim’
Flavor: r-devel-linux-x86_64-debian-gcc

Version: 2.11
Flags: --no-examples --no-tests
Check: package dependencies
Result: NOTE
    Packages suggested but not available for checking: ‘crs’ ‘sparsediscrim’
Flavors: r-patched-solaris-sparc, r-patched-solaris-x86

Version: 2.11
Flags: --no-examples --no-tests
Check: dependencies in R code
Result: NOTE
    Missing or unexported object: ‘kohonen::bdk’
Flavors: r-patched-solaris-sparc, r-patched-solaris-x86

Version: 2.11
Check: package dependencies
Result: NOTE
    Packages suggested but not available for checking: ‘Rfast’ ‘rknn’
Flavor: r-release-osx-x86_64

Version: 2.11
Check: tests
Result: ERROR
     Running ‘run-base.R’ [387s/543s]
    Running the tests in ‘tests/run-base.R’ failed.
    Last 13 lines of output:
     test.i = test.i, measures = measures, weights = weights, rdesc = rin$desc, model = model,
     extract = extract, show.info = show.info)
     7: train(learner, task, subset = train.i, weights = weights[train.i])
     8: requireLearnerPackages(learner)
     9: requirePackages(learner$package, why = stri_paste("learner", learner$id, sep = " "),
     default.method = "load")
     10: stopf("For %s please install the following packages: %s", why, ps)
    
     testthat results ================================================================
     OK: 2711 SKIPPED: 2 FAILED: 2
     1. Error: NoFeaturesModel works with FilterWrapper (@test_base_NoFeaturesModel.R#30)
     2. Error: predict.threshold (@test_base_predict.R#129)
    
     Error: testthat unit tests failed
     Execution halted
Flavor: r-release-osx-x86_64

Version: 2.11
Check: package dependencies
Result: NOTE
    Package suggested but not available for checking: ‘mlrMBO’
Flavor: r-oldrel-osx-x86_64

Version: 2.11
Check: Rd cross-references
Result: NOTE
    Package unavailable to check Rd xrefs: ‘mlrMBO’
Flavor: r-oldrel-osx-x86_64

Version: 2.11
Check: tests
Result: ERROR
    Running the tests in ‘tests/run-base.R’ failed.
    Last 13 lines of output:
     18: .jnew("weka/core/Attribute", attname[i])
    
     testthat results ================================================================
     OK: 2473 SKIPPED: 2 FAILED: 6
     1. Error: clustering performance (@test_base_clustering.R#16)
     2. Error: clustering performance with missing clusters (@test_base_clustering.R#28)
     3. Error: clustering resample (@test_base_clustering.R#42)
     4. Error: clustering benchmark (@test_base_clustering.R#55)
     5. Error: clustering tune (@test_base_clustering.R#72)
     6. Error: check measure calculations (@test_base_measures.R#187)
    
     Error: testthat unit tests failed
     Execution halted
Flavor: r-oldrel-osx-x86_64