CRAN Package Check Results for Package mlr

Last updated on 2016-05-02 21:49:52.

Flavor Version Tinstall Tcheck Ttotal Status Flags
r-devel-linux-x86_64-debian-gcc 2.8 15.85 237.38 253.23 ERROR
r-devel-linux-x86_64-fedora-clang 2.8 467.90 ERROR
r-devel-linux-x86_64-fedora-gcc 2.8 428.82 ERROR
r-devel-osx-x86_64-clang 2.8 495.71 ERROR
r-devel-windows-ix86+x86_64 2.8 41.00 549.00 590.00 ERROR
r-patched-linux-x86_64 2.8 14.82 230.90 245.72 ERROR
r-patched-solaris-sparc 2.8 951.90 OK --no-examples --no-tests
r-patched-solaris-x86 2.8 243.30 OK --no-examples --no-tests
r-release-linux-x86_64 2.8 15.46 231.64 247.10 ERROR
r-release-osx-x86_64-mavericks 2.8 OK
r-release-windows-ix86+x86_64 2.8 37.00 558.00 595.00 ERROR
r-oldrel-windows-ix86+x86_64 2.8 73.00 799.00 872.00 ERROR

Check Details

Version: 2.8
Check: tests
Result: ERROR
    Running the tests in ‘tests/run-base.R’ failed.
    Last 13 lines of output:
    
     testthat results ================================================================
     OK: 2008 SKIPPED: 1 FAILED: 7
     1. Failure: chains (@test_base_chains.R#11)
     2. Error: generateCalibrationData (@test_base_generateCalibration.R#14)
     3. Error: generateLearningCurve (@test_base_generateLearningCurve.R#11)
     4. Error: generatePartialPredictionData (@test_base_generatePartialPrediction.R#21)
     5. Error: generateThreshVsPerfData (@test_base_generateThreshVsPerf.R#12)
     6. Failure: getParamSet (@test_base_getParamSet.R#16)
     7. Error: BenchmarkResult (@test_base_plotBMRBoxplots.R#12)
    
     Error: testthat unit tests failed
     Execution halted
Flavors: r-devel-linux-x86_64-debian-gcc, r-devel-linux-x86_64-fedora-clang, r-devel-linux-x86_64-fedora-gcc, r-devel-osx-x86_64-clang, r-patched-linux-x86_64, r-release-linux-x86_64

Version: 2.8
Check: running tests for arch ‘i386’
Result: ERROR
    Running the tests in 'tests/run-base.R' failed.
    Last 13 lines of output:
    
     testthat results ================================================================
     OK: 2008 SKIPPED: 1 FAILED: 7
     1. Failure: chains (@test_base_chains.R#11)
     2. Error: generateCalibrationData (@test_base_generateCalibration.R#14)
     3. Error: generateLearningCurve (@test_base_generateLearningCurve.R#11)
     4. Error: generatePartialPredictionData (@test_base_generatePartialPrediction.R#21)
     5. Error: generateThreshVsPerfData (@test_base_generateThreshVsPerf.R#12)
     6. Failure: getParamSet (@test_base_getParamSet.R#16)
     7. Error: BenchmarkResult (@test_base_plotBMRBoxplots.R#12)
    
     Error: testthat unit tests failed
     Execution halted
Flavors: r-devel-windows-ix86+x86_64, r-release-windows-ix86+x86_64, r-oldrel-windows-ix86+x86_64

Version: 2.8
Check: running tests for arch ‘x64’
Result: ERROR
    Running the tests in 'tests/run-base.R' failed.
    Last 13 lines of output:
    
     testthat results ================================================================
     OK: 2008 SKIPPED: 1 FAILED: 7
     1. Failure: chains (@test_base_chains.R#11)
     2. Error: generateCalibrationData (@test_base_generateCalibration.R#14)
     3. Error: generateLearningCurve (@test_base_generateLearningCurve.R#11)
     4. Error: generatePartialPredictionData (@test_base_generatePartialPrediction.R#21)
     5. Error: generateThreshVsPerfData (@test_base_generateThreshVsPerf.R#12)
     6. Failure: getParamSet (@test_base_getParamSet.R#16)
     7. Error: BenchmarkResult (@test_base_plotBMRBoxplots.R#12)
    
     Error: testthat unit tests failed
     Execution halted
Flavors: r-devel-windows-ix86+x86_64, r-release-windows-ix86+x86_64, r-oldrel-windows-ix86+x86_64