CRAN Package Check Results for Package mlr

Last updated on 2015-04-25 15:46:16.

Flavor Version Tinstall Tcheck Ttotal Status Flags
r-devel-linux-x86_64-debian-clang 2.3 10.20 127.92 138.13 ERROR
r-devel-linux-x86_64-debian-gcc 2.3 9.44 130.41 139.85 ERROR
r-devel-linux-x86_64-fedora-clang 2.3 239.23 ERROR
r-devel-linux-x86_64-fedora-gcc 2.3 238.70 ERROR
r-devel-osx-x86_64-clang 2.3 198.37 ERROR
r-devel-windows-ix86+x86_64 2.3 25.00 249.00 274.00 ERROR
r-patched-linux-x86_64 2.3 9.02 124.54 133.56 ERROR
r-patched-solaris-sparc 2.3 650.50 NOTE --no-examples --no-tests
r-patched-solaris-x86 2.3 137.90 NOTE --no-examples --no-tests
r-release-linux-x86_64 2.3 9.33 117.61 126.94 ERROR
r-release-osx-x86_64-mavericks 2.3 ERROR
r-release-osx-x86_64-snowleopard 2.3 ERROR
r-release-windows-ix86+x86_64 2.3 26.00 254.00 280.00 ERROR
r-oldrel-windows-ix86+x86_64 2.3 20.00 267.00 287.00 ERROR

Check Details

Version: 2.3
Check: dependencies in R code
Result: NOTE
    Missing or unexported object: 'kohonen::predict.kohonen'
Flavors: r-devel-windows-ix86+x86_64, r-release-windows-ix86+x86_64, r-oldrel-windows-ix86+x86_64

Version: 2.3
Check: running tests for arch 'i386'
Result: ERROR
    Running the tests in 'tests/run-base.R' failed.
    Last 13 lines of output:
     makeClassifTask(data = 44, target = "y") does not match 'be a data.frame'. Actual value: "Error in test_check("mlr", filter = "base") : \n Assertion on 'data' failed: Must be of type 'data.frame', not 'double'\n"
    
     2. Failure(@test_base_SupervisedTask.R#27): SupervisedTask ---------------------
     makeClassifTask(data = regr.df, target = regr.target) does not match 'be a factor'. Actual value: "Error in test_check("mlr", filter = "base") : \n Assertion on 'medv' failed: Must be of type 'factor', not 'double'\n"
    
     3. Failure(@test_base_SupervisedTask.R#29): SupervisedTask ---------------------
     makeRegrTask(data = multiclass.df, target = multiclass.target) does not match 'be numeric'. Actual value: "Error in test_check("mlr", filter = "base") : \n Assertion on 'Species' failed: Must be of type 'numeric', not 'factor'\n"
    
     4. Failure(@test_base_UnsupervisedTask.R#6): UnsupervisedTask ------------------
     makeClassifTask(data = 44) does not match 'Must be a data.frame'. Actual value: "Error in test_check("mlr", filter = "base") : \n Assertion on 'data' failed: Must be of type 'data.frame', not 'double'\n"
    
     Error: Test failures
     Execution halted
Flavors: r-devel-windows-ix86+x86_64, r-release-windows-ix86+x86_64, r-oldrel-windows-ix86+x86_64

Version: 2.3
Check: running tests for arch 'x64'
Result: ERROR
    Running the tests in 'tests/run-base.R' failed.
    Last 13 lines of output:
     makeClassifTask(data = 44, target = "y") does not match 'be a data.frame'. Actual value: "Error in test_check("mlr", filter = "base") : \n Assertion on 'data' failed: Must be of type 'data.frame', not 'double'\n"
    
     2. Failure(@test_base_SupervisedTask.R#27): SupervisedTask ---------------------
     makeClassifTask(data = regr.df, target = regr.target) does not match 'be a factor'. Actual value: "Error in test_check("mlr", filter = "base") : \n Assertion on 'medv' failed: Must be of type 'factor', not 'double'\n"
    
     3. Failure(@test_base_SupervisedTask.R#29): SupervisedTask ---------------------
     makeRegrTask(data = multiclass.df, target = multiclass.target) does not match 'be numeric'. Actual value: "Error in test_check("mlr", filter = "base") : \n Assertion on 'Species' failed: Must be of type 'numeric', not 'factor'\n"
    
     4. Failure(@test_base_UnsupervisedTask.R#6): UnsupervisedTask ------------------
     makeClassifTask(data = 44) does not match 'Must be a data.frame'. Actual value: "Error in test_check("mlr", filter = "base") : \n Assertion on 'data' failed: Must be of type 'data.frame', not 'double'\n"
    
     Error: Test failures
     Execution halted
Flavors: r-devel-windows-ix86+x86_64, r-release-windows-ix86+x86_64, r-oldrel-windows-ix86+x86_64