CRAN Package Check Results for Package mlr

Last updated on 2017-02-28 12:49:28.

Flavor Version Tinstall Tcheck Ttotal Status Flags
r-devel-linux-x86_64-debian-clang 2.10 19.03 331.74 350.77 NOTE
r-devel-linux-x86_64-debian-gcc 2.10 18.03 328.81 346.84 NOTE
r-devel-linux-x86_64-fedora-clang 2.10 785.43 NOTE --no-stop-on-test-error
r-devel-linux-x86_64-fedora-gcc 2.10 673.26 NOTE --no-stop-on-test-error
r-devel-macos-x86_64-clang 2.10 516.17 NOTE --no-stop-on-test-error
r-devel-windows-ix86+x86_64 2.10 72.00 1232.00 1304.00 OK
r-patched-linux-x86_64 2.10 17.37 318.89 336.27 OK
r-patched-solaris-sparc 2.10 1267.40 OK --no-examples --no-tests
r-patched-solaris-x86 2.10 241.50 OK --no-examples --no-tests
r-release-linux-x86_64 2.10 17.15 326.77 343.91 OK
r-release-osx-x86_64-mavericks 2.10 ERROR
r-release-windows-ix86+x86_64 2.10 53.00 976.00 1029.00 OK
r-oldrel-windows-ix86+x86_64 2.10 63.00 1040.00 1103.00 ERROR

Check Details

Version: 2.10
Check: compiled code
Result: NOTE
    File ‘mlr/libs/mlr.so’:
     Found no calls to: ‘R_registerRoutines’, ‘R_useDynamicSymbols’
    
    It is good practice to register native routines and to disable symbol
    search.
    
    See ‘Writing portable packages’ in the ‘Writing R Extensions’ manual.
Flavors: r-devel-linux-x86_64-debian-clang, r-devel-linux-x86_64-debian-gcc

Version: 2.10
Flags: --no-stop-on-test-error
Check: compiled code
Result: NOTE
    File ‘mlr/libs/mlr.so’:
     Found no calls to: ‘R_registerRoutines’, ‘R_useDynamicSymbols’
    
    It is good practice to register native routines and to disable symbol
    search.
    
    See ‘Writing portable packages’ in the ‘Writing R Extensions’ manual.
Flavors: r-devel-linux-x86_64-fedora-clang, r-devel-linux-x86_64-fedora-gcc, r-devel-macos-x86_64-clang

Version: 2.10
Check: examples
Result: ERROR
    Running examples in ‘mlr-Ex.R’ failed
    The error most likely occurred in:
    
    > ### Name: plotFilterValues
    > ### Title: Plot filter values using ggplot2.
    > ### Aliases: plotFilterValues
    >
    > ### ** Examples
    >
    > fv = generateFilterValuesData(iris.task, method = "chi.squared")
    Error in .jnew("weka/core/Attribute", attname[i], .jcast(levels, "java/util/List")) :
     java.lang.UnsupportedClassVersionError: weka/core/Attribute : Unsupported major.minor version 51.0
    Calls: generateFilterValuesData ... read_model_frame_into_Weka -> read_data_into_Weka -> .jnew -> .External
    Execution halted
Flavor: r-release-osx-x86_64-mavericks

Version: 2.10
Check: tests
Result: ERROR
    Running the tests in ‘tests/run-base.R’ failed.
    Last 13 lines of output:
     17: .jnew("weka/core/Attribute", attname[i])
    
     testthat results ================================================================
     OK: 2388 SKIPPED: 2 FAILED: 6
     1. Error: clustering performance (@test_base_clustering.R#16)
     2. Error: clustering performance with missing clusters (@test_base_clustering.R#28)
     3. Error: clustering resample (@test_base_clustering.R#42)
     4. Error: clustering benchmark (@test_base_clustering.R#55)
     5. Error: clustering tune (@test_base_clustering.R#72)
     6. Error: check measure calculations (@test_base_measures.R#187)
    
     Error: testthat unit tests failed
     Execution halted
Flavor: r-release-osx-x86_64-mavericks

Version: 2.10
Check: running tests for arch ‘i386’
Result: ERROR
    Running the tests in 'tests/run-base.R' failed.
    Last 13 lines of output:
     "93", "94", "95", "98", "100", "101", "104", "108", "110", "111", "114", "116", "118",
     "120", "123", "124", "131", "135", "138", "139", "140", "141", "142", "145", "148",
     "152", "154", "156", "158", "159", "161", "162", "163", "164", "166", "168", "169",
     "170", "172", "173", "175", "176", "179", "180", "182", "183", "184", "189", "191",
     "192", "193", "194", "195", "201", "202", "204", "206", "208")))
     22: predict(m, newdata = data.matrix(.newdata), ...)
    
     testthat results ================================================================
     OK: 2602 SKIPPED: 2 FAILED: 1
     1. Error: downsample wrapper works with xgboost, we had issue #492 (@test_base_downsample.R#38)
    
     Error: testthat unit tests failed
     Execution halted
Flavor: r-oldrel-windows-ix86+x86_64

Version: 2.10
Check: running tests for arch ‘x64’
Result: ERROR
    Running the tests in 'tests/run-base.R' failed.
    Last 13 lines of output:
     "93", "94", "95", "98", "100", "101", "104", "108", "110", "111", "114", "116", "118",
     "120", "123", "124", "131", "135", "138", "139", "140", "141", "142", "145", "148",
     "152", "154", "156", "158", "159", "161", "162", "163", "164", "166", "168", "169",
     "170", "172", "173", "175", "176", "179", "180", "182", "183", "184", "189", "191",
     "192", "193", "194", "195", "201", "202", "204", "206", "208")))
     22: predict(m, newdata = data.matrix(.newdata), ...)
    
     testthat results ================================================================
     OK: 2602 SKIPPED: 2 FAILED: 1
     1. Error: downsample wrapper works with xgboost, we had issue #492 (@test_base_downsample.R#38)
    
     Error: testthat unit tests failed
     Execution halted
Flavor: r-oldrel-windows-ix86+x86_64