CRAN Package Check Results for Package mlr

Last updated on 2014-04-17 06:46:53.

Flavor Version Tinstall Tcheck Ttotal Status Flags
r-devel-linux-x86_64-debian-clang 1.1-18 4.65 155.52 160.16 OK
r-devel-linux-x86_64-debian-gcc 1.1-18 4.72 155.58 160.30 OK
r-devel-linux-x86_64-fedora-clang 1.1-18 345.06 OK
r-devel-linux-x86_64-fedora-gcc 1.1-18 324.94 OK
r-devel-macosx-x86_64-clang 1.1-18 255.86 OK
r-devel-macosx-x86_64-gcc 1.1-18 ERROR
r-devel-windows-ix86+x86_64 1.1-18 11.00 224.00 235.00 OK
r-patched-linux-x86_64 1.1-18 4.68 165.42 170.10 OK
r-patched-solaris-sparc 1.1-18 1800.90 OK
r-patched-solaris-x86 1.1-18 374.10 OK
r-release-linux-ix86 1.1-18 10.00 224.00 234.00 OK
r-release-linux-x86_64 1.1-18 4.62 154.22 158.84 OK
r-release-macosx-x86_64 1.1-18 OK
r-release-windows-ix86+x86_64 1.1-18 8.00 214.00 222.00 OK
r-oldrel-windows-ix86+x86_64 1.1-18 11.00 199.00 210.00 OK

Check Details

Version: 1.1-18
Check: package dependencies
Result: NOTE
    Packages suggested but not available for checking:
     ‘adabag’ ‘kknn’ ‘klaR’ ‘mboost’ ‘party’ ‘robustbase’
Flavor: r-devel-macosx-x86_64-gcc

Version: 1.1-18
Check: R code for possible problems
Result: NOTE
    makePreprocWrapperRemoveOutliers : trainfun : <anonymous>: no visible
     global function definition for ‘covMcd’
    makeRLearner.classif.blackboost: no visible global function definition
     for ‘Binomial’
    makeRLearner.classif.blackboost: no visible global function definition
     for ‘AdaExp’
    makeRLearner.classif.glmboost: no visible global function definition
     for ‘Binomial’
    makeRLearner.classif.glmboost: no visible global function definition
     for ‘AdaExp’
    makeRLearner.regr.blackboost: no visible global function definition for
     ‘Gaussian’
    makeRLearner.regr.blackboost: no visible global function definition for
     ‘Huber’
    makeRLearner.regr.blackboost: no visible global function definition for
     ‘Laplace’
    predictLearner.classif.ctree: no visible global function definition for
     ‘treeresponse’
    predictLearner.classif.kknn: no visible binding for global variable
     ‘kknn’
    predictLearner.regr.kknn: no visible binding for global variable ‘kknn’
    trainLearner.classif.blackboost: no visible binding for global variable
     ‘boost_control’
    trainLearner.classif.blackboost: no visible binding for global variable
     ‘ctree_control’
    trainLearner.classif.blackboost: no visible global function definition
     for ‘blackboost’
    trainLearner.classif.boosting: no visible global function definition
     for ‘boosting’
    trainLearner.classif.ctree: no visible binding for global variable
     ‘ctree_control’
    trainLearner.classif.ctree: no visible global function definition for
     ‘ctree’
    trainLearner.classif.glmboost: no visible binding for global variable
     ‘boost_control’
    trainLearner.classif.glmboost: no visible global function definition
     for ‘glmboost’
    trainLearner.classif.rda: no visible global function definition for
     ‘rda’
    trainLearner.regr.blackboost: no visible binding for global variable
     ‘boost_control’
    trainLearner.regr.blackboost: no visible binding for global variable
     ‘ctree_control’
    trainLearner.regr.blackboost: no visible global function definition for
     ‘blackboost’
Flavor: r-devel-macosx-x86_64-gcc

Version: 1.1-18
Check: Rd cross-references
Result: NOTE
    Packages unavailable to check Rd xrefs: ‘klaR’, ‘adabag’, ‘mboost’, ‘party’, ‘kknn’
Flavor: r-devel-macosx-x86_64-gcc

Version: 1.1-18
Check: tests
Result: ERROR
    Running the tests in ‘tests/run-all.R’ failed.
    Last 13 lines of output:
     7. Error: regr_blackboost ------------------------------------------------------
     there is no package called 'mboost'
     1: library(mboost) at test_regr_blackboost.R:4
     2: stop(txt, domain = NA)
    
     8. Error: regr_kknn ------------------------------------------------------------
     there is no package called 'kknn'
     1: library(kknn) at test_regr_kknn.R:4
     2: stop(txt, domain = NA)
    
     Error: Test failures
     In addition: There were 15 warnings (use warnings() to see them)
     Execution halted
Flavor: r-devel-macosx-x86_64-gcc