CRAN Package Check Results for Package mlr

Last updated on 2016-02-13 23:47:09.

Flavor Version Tinstall Tcheck Ttotal Status Flags
r-devel-linux-x86_64-debian-gcc 2.7 13.51 220.58 234.09 ERROR
r-devel-linux-x86_64-fedora-clang 2.8 243.35 NOTE
r-devel-linux-x86_64-fedora-gcc 2.8 443.08 NOTE
r-devel-osx-x86_64-clang 2.8 190.93 NOTE
r-devel-windows-ix86+x86_64 2.7 46.00 464.00 510.00 ERROR
r-patched-linux-x86_64 2.7 13.18 218.42 231.60 ERROR
r-patched-solaris-sparc 2.8 899.50 OK --no-examples --no-tests
r-patched-solaris-x86 2.8 169.90 OK --no-examples --no-tests
r-release-linux-x86_64 2.7 14.61 214.51 229.12 ERROR
r-release-osx-x86_64-mavericks 2.7 OK
r-release-windows-ix86+x86_64 2.7 42.00 488.00 530.00 ERROR
r-oldrel-windows-ix86+x86_64 2.8 51.00 219.00 270.00 ERROR

Check Details

Version: 2.7
Check: package dependencies
Result: NOTE
    Package suggested but not available for checking: ‘xgboost’
Flavor: r-devel-linux-x86_64-debian-gcc

Version: 2.7
Check: Rd cross-references
Result: WARN
    Missing link or links in documentation object 'plotBMRRanksAsBarChart.Rd':
     ‘ggplot2’
    
    See section 'Cross-references' in the 'Writing R Extensions' manual.
Flavors: r-devel-linux-x86_64-debian-gcc, r-devel-windows-ix86+x86_64, r-patched-linux-x86_64, r-release-linux-x86_64, r-release-windows-ix86+x86_64

Version: 2.7
Check: examples
Result: ERROR
    Running examples in ‘mlr-Ex.R’ failed
    The error most likely occurred in:
    
    > ### Name: makeFilterWrapper
    > ### Title: Fuse learner with a feature filter method.
    > ### Aliases: makeFilterWrapper
    >
    > ### ** Examples
    >
    > task = makeClassifTask(data = iris, target = "Species")
    > lrn = makeLearner("classif.lda")
    > inner = makeResampleDesc("Holdout")
    > outer = makeResampleDesc("CV", iters = 2)
    > lrn = makeFilterWrapper(lrn, fw.perc = 0.5)
    > mod = train(lrn, task)
    Warning in all(sapply(method, function(x) assertChoice(x, choices = ls(.FilterRegister)))) :
     coercing argument of type 'character' to logical
    Error in train(lrn, task) :
     Assertion on 'sapply(method, function(x) assertChoice(x, choices = ls(.FilterRegister)))' failed. NA
    Calls: train ... <Anonymous> -> generateFilterValuesData -> assert -> mstop
    Timing stopped at: 0 0 0.002
    Execution halted
Flavors: r-devel-linux-x86_64-debian-gcc, r-patched-linux-x86_64, r-release-linux-x86_64

Version: 2.7
Check: tests
Result: ERROR
    Running the tests in ‘tests/run-base.R’ failed.
    Last 13 lines of output:
     5. Failure (at test_base_generateThreshVsPerf.R#77): generateThreshVsPerfData
     6. Failure (at test_base_generateThreshVsPerf.R#85): generateThreshVsPerfData
     7. Failure (at test_base_generateThreshVsPerf.R#92): generateThreshVsPerfData
     8. Failure (at test_base_generateThreshVsPerf.R#106): generateThreshVsPerfData
     9. Error: BenchmarkResult
     1. Error: critDifferences
     2. Error: plotLearnerPrediction
     3. Error: predict.threshold
     4. ...
    
     Error: testthat unit tests failed
     In addition: There were 23 warnings (use warnings() to see them)
     Execution halted
Flavors: r-devel-linux-x86_64-debian-gcc, r-release-linux-x86_64

Version: 2.8
Check: package dependencies
Result: NOTE
    Package suggested but not available for checking: ‘xgboost’
Flavors: r-devel-linux-x86_64-fedora-clang, r-devel-linux-x86_64-fedora-gcc, r-devel-osx-x86_64-clang

Version: 2.7
Check: running examples for arch ‘i386’
Result: ERROR
    Running examples in 'mlr-Ex.R' failed
    The error most likely occurred in:
    
    > ### Name: makeFilterWrapper
    > ### Title: Fuse learner with a feature filter method.
    > ### Aliases: makeFilterWrapper
    >
    > ### ** Examples
    >
    > task = makeClassifTask(data = iris, target = "Species")
    > lrn = makeLearner("classif.lda")
    > inner = makeResampleDesc("Holdout")
    > outer = makeResampleDesc("CV", iters = 2)
    > lrn = makeFilterWrapper(lrn, fw.perc = 0.5)
    > mod = train(lrn, task)
    Warning in all(sapply(method, function(x) assertChoice(x, choices = ls(.FilterRegister)))) :
     coercing argument of type 'character' to logical
    Error in train(lrn, task) :
     Assertion on 'sapply(method, function(x) assertChoice(x, choices = ls(.FilterRegister)))' failed. NA
    Calls: train ... <Anonymous> -> generateFilterValuesData -> assert -> mstop
    Timing stopped at: 0.01 0 0.02
    Execution halted
Flavor: r-devel-windows-ix86+x86_64

Version: 2.7
Check: running examples for arch ‘x64’
Result: ERROR
    Running examples in 'mlr-Ex.R' failed
    The error most likely occurred in:
    
    > ### Name: makeFilterWrapper
    > ### Title: Fuse learner with a feature filter method.
    > ### Aliases: makeFilterWrapper
    >
    > ### ** Examples
    >
    > task = makeClassifTask(data = iris, target = "Species")
    > lrn = makeLearner("classif.lda")
    > inner = makeResampleDesc("Holdout")
    > outer = makeResampleDesc("CV", iters = 2)
    > lrn = makeFilterWrapper(lrn, fw.perc = 0.5)
    > mod = train(lrn, task)
    Warning in all(sapply(method, function(x) assertChoice(x, choices = ls(.FilterRegister)))) :
     coercing argument of type 'character' to logical
    Error in train(lrn, task) :
     Assertion on 'sapply(method, function(x) assertChoice(x, choices = ls(.FilterRegister)))' failed. NA
    Calls: train ... <Anonymous> -> generateFilterValuesData -> assert -> mstop
    Timing stopped at: 0 0 0
    Execution halted
Flavor: r-devel-windows-ix86+x86_64

Version: 2.7
Check: running tests for arch ‘i386’
Result: ERROR
    Running the tests in 'tests/run-base.R' failed.
    Last 13 lines of output:
     4. Failure (at test_base_generateThreshVsPerf.R#77): generateThreshVsPerfData
     5. Failure (at test_base_generateThreshVsPerf.R#85): generateThreshVsPerfData
     6. Failure (at test_base_generateThreshVsPerf.R#92): generateThreshVsPerfData
     7. Failure (at test_base_generateThreshVsPerf.R#106): generateThreshVsPerfData
     8. Error: BenchmarkResult
     9. Error: critDifferences
     1. Error: plotLearnerPrediction
     2. Error: predict.threshold
     3. ...
    
     Error: testthat unit tests failed
     In addition: There were 23 warnings (use warnings() to see them)
     Execution halted
Flavors: r-devel-windows-ix86+x86_64, r-release-windows-ix86+x86_64

Version: 2.7
Check: running tests for arch ‘x64’
Result: ERROR
    Running the tests in 'tests/run-base.R' failed.
    Last 13 lines of output:
     5. Failure (at test_base_generateThreshVsPerf.R#77): generateThreshVsPerfData
     6. Failure (at test_base_generateThreshVsPerf.R#85): generateThreshVsPerfData
     7. Failure (at test_base_generateThreshVsPerf.R#92): generateThreshVsPerfData
     8. Failure (at test_base_generateThreshVsPerf.R#106): generateThreshVsPerfData
     9. Error: BenchmarkResult
     1. Error: critDifferences
     2. Error: plotLearnerPrediction
     3. Error: predict.threshold
     4. ...
    
     Error: testthat unit tests failed
     In addition: There were 23 warnings (use warnings() to see them)
     Execution halted
Flavor: r-devel-windows-ix86+x86_64

Version: 2.7
Check: tests
Result: ERROR
    Running the tests in ‘tests/run-base.R’ failed.
    Last 13 lines of output:
     4. Failure (at test_base_generateThreshVsPerf.R#77): generateThreshVsPerfData
     5. Failure (at test_base_generateThreshVsPerf.R#85): generateThreshVsPerfData
     6. Failure (at test_base_generateThreshVsPerf.R#92): generateThreshVsPerfData
     7. Failure (at test_base_generateThreshVsPerf.R#106): generateThreshVsPerfData
     8. Error: BenchmarkResult
     9. Error: critDifferences
     1. Error: plotLearnerPrediction
     2. Error: predict.threshold
     3. ...
    
     Error: testthat unit tests failed
     In addition: There were 23 warnings (use warnings() to see them)
     Execution halted
Flavor: r-patched-linux-x86_64

Version: 2.7
Check: running examples for arch ‘i386’
Result: ERROR
    Running examples in 'mlr-Ex.R' failed
    The error most likely occurred in:
    
    > ### Name: makeFilterWrapper
    > ### Title: Fuse learner with a feature filter method.
    > ### Aliases: makeFilterWrapper
    >
    > ### ** Examples
    >
    > task = makeClassifTask(data = iris, target = "Species")
    > lrn = makeLearner("classif.lda")
    > inner = makeResampleDesc("Holdout")
    > outer = makeResampleDesc("CV", iters = 2)
    > lrn = makeFilterWrapper(lrn, fw.perc = 0.5)
    > mod = train(lrn, task)
    Warning in all(sapply(method, function(x) assertChoice(x, choices = ls(.FilterRegister)))) :
     coercing argument of type 'character' to logical
    Error in train(lrn, task) :
     Assertion on 'sapply(method, function(x) assertChoice(x, choices = ls(.FilterRegister)))' failed. NA
    Calls: train ... <Anonymous> -> generateFilterValuesData -> assert -> mstop
    Timing stopped at: 0.02 0 0
    Execution halted
Flavor: r-release-windows-ix86+x86_64

Version: 2.7
Check: running examples for arch ‘x64’
Result: ERROR
    Running examples in 'mlr-Ex.R' failed
    The error most likely occurred in:
    
    > ### Name: makeFilterWrapper
    > ### Title: Fuse learner with a feature filter method.
    > ### Aliases: makeFilterWrapper
    >
    > ### ** Examples
    >
    > task = makeClassifTask(data = iris, target = "Species")
    > lrn = makeLearner("classif.lda")
    > inner = makeResampleDesc("Holdout")
    > outer = makeResampleDesc("CV", iters = 2)
    > lrn = makeFilterWrapper(lrn, fw.perc = 0.5)
    > mod = train(lrn, task)
    Warning in all(sapply(method, function(x) assertChoice(x, choices = ls(.FilterRegister)))) :
     coercing argument of type 'character' to logical
    Error in train(lrn, task) :
     Assertion on 'sapply(method, function(x) assertChoice(x, choices = ls(.FilterRegister)))' failed. NA
    Calls: train ... <Anonymous> -> generateFilterValuesData -> assert -> mstop
    Timing stopped at: 0.01 0 0.02
    Execution halted
Flavor: r-release-windows-ix86+x86_64

Version: 2.7
Check: running tests for arch ‘x64’
Result: ERROR
    Running the tests in 'tests/run-base.R' failed.
    Last 13 lines of output:
     4. Failure (at test_base_generateThreshVsPerf.R#77): generateThreshVsPerfData
     5. Failure (at test_base_generateThreshVsPerf.R#85): generateThreshVsPerfData
     6. Failure (at test_base_generateThreshVsPerf.R#92): generateThreshVsPerfData
     7. Failure (at test_base_generateThreshVsPerf.R#106): generateThreshVsPerfData
     8. Error: BenchmarkResult
     9. Error: critDifferences
     1. Error: plotLearnerPrediction
     2. Error: predict.threshold
     3. ...
    
     Error: testthat unit tests failed
     In addition: There were 23 warnings (use warnings() to see them)
     Execution halted
Flavor: r-release-windows-ix86+x86_64

Version: 2.8
Check: running examples for arch ‘i386’
Result: ERROR
    Running examples in 'mlr-Ex.R' failed
    The error most likely occurred in:
    
    > ### Name: getCaretParamSet
    > ### Title: Get tuning parameters from a learner of the caret R-package.
    > ### Aliases: getCaretParamSet
    >
    > ### ** Examples
    >
    > library(caret)
    Loading required package: lattice
    Error in loadNamespace(j <- i[[1L]], c(lib.loc, .libPaths()), versionCheck = vI[[j]]) :
     namespace 'nlme' 3.1-122 is already loaded, but >= 3.1.123 is required
    Error: package or namespace load failed for 'caret'
    Execution halted
Flavor: r-oldrel-windows-ix86+x86_64

Version: 2.8
Check: running examples for arch ‘x64’
Result: ERROR
    Running examples in 'mlr-Ex.R' failed
    The error most likely occurred in:
    
    > ### Name: getCaretParamSet
    > ### Title: Get tuning parameters from a learner of the caret R-package.
    > ### Aliases: getCaretParamSet
    >
    > ### ** Examples
    >
    > library(caret)
    Loading required package: lattice
    Error in loadNamespace(j <- i[[1L]], c(lib.loc, .libPaths()), versionCheck = vI[[j]]) :
     namespace 'nlme' 3.1-122 is already loaded, but >= 3.1.123 is required
    Error: package or namespace load failed for 'caret'
    Execution halted
Flavor: r-oldrel-windows-ix86+x86_64