CRAN Package Check Results for Package mlr

Last updated on 2019-10-24 04:47:51 CEST.

Flavor Version Tinstall Tcheck Ttotal Status Flags
r-devel-linux-x86_64-debian-clang 2.15.0 33.26 222.50 255.76 OK
r-devel-linux-x86_64-debian-gcc 2.15.0 29.11 171.75 200.86 OK
r-devel-linux-x86_64-fedora-clang 2.15.0 289.73 NOTE
r-devel-linux-x86_64-fedora-gcc 2.15.0 286.08 OK
r-devel-windows-ix86+x86_64 2.15.0 54.00 470.00 524.00 NOTE
r-patched-linux-x86_64 2.15.0 33.32 218.57 251.89 OK
r-patched-solaris-x86 2.15.0 407.30 NOTE
r-release-linux-x86_64 2.15.0 33.68 219.19 252.87 OK
r-release-windows-ix86+x86_64 2.15.0 78.00 476.00 554.00 NOTE
r-release-osx-x86_64 2.15.0 NOTE
r-oldrel-windows-ix86+x86_64 2.15.0 67.00 391.00 458.00 WARN
r-oldrel-osx-x86_64 2.15.0 NOTE

Check Details

Version: 2.15.0
Check: installed package size
Result: NOTE
     installed size is 5.5Mb
     sub-directories of 1Mb or more:
     R 1.4Mb
     data 2.3Mb
     help 1.4Mb
Flavors: r-devel-linux-x86_64-fedora-clang, r-devel-windows-ix86+x86_64, r-patched-solaris-x86, r-release-windows-ix86+x86_64, r-release-osx-x86_64, r-oldrel-windows-ix86+x86_64, r-oldrel-osx-x86_64

Version: 2.15.0
Check: package dependencies
Result: NOTE
    Packages suggested but not available for checking: 'FSelector', 'RWeka'
Flavor: r-patched-solaris-x86

Version: 2.15.0
Check: dependencies in R code
Result: NOTE
    No protocol specified
Flavors: r-release-osx-x86_64, r-oldrel-osx-x86_64

Version: 2.15.0
Check: whether package can be installed
Result: WARN
    Found the following significant warnings:
     Warning: S3 methods '[.fun_list', '[.grouped_df', 'all.equal.tbl_df', 'anti_join.data.frame', 'anti_join.tbl_df', 'arrange.data.frame', 'arrange.default', 'arrange.grouped_df', 'arrange.tbl_df', 'arrange_.data.frame', 'arrange_.tbl_df', 'as.data.frame.grouped_df', 'as.data.frame.rowwise_df', 'as.data.frame.tbl_cube', 'as.table.tbl_cube', 'as.tbl.data.frame', 'as.tbl.tbl', 'as.tbl_cube.array', 'as.tbl_cube.data.frame', 'as.tbl_cube.matrix', 'as.tbl_cube.table', 'as_tibble.grouped_df', 'as_tibble.tbl_cube', 'auto_copy.tbl_cube', 'auto_copy.tbl_df', 'cbind.grouped_df', 'collapse.data.frame', 'collect.data.frame', 'common_by.NULL', 'common_by.character', 'common_by.default', 'common_by.list', 'compute.data.frame', 'copy_to.DBIConnection', 'copy_to.src_local', 'default_missing.data.frame', 'default_missing.default', 'dim.tbl_cube', 'distinct.data.frame', 'distinct.default', 'distinct.grouped_df', 'distinct.tbl_df', 'distinct_.data.frame', 'distinct_.grouped_df', 'distinct_.tbl_df', 'do.NULL', 'do.da [... truncated]
Flavor: r-oldrel-windows-ix86+x86_64