CRAN Package Check Results for Package mlr

Last updated on 2014-07-24 16:48:01.

Flavor Version Tinstall Tcheck Ttotal Status Flags
r-devel-linux-x86_64-debian-clang 2.1 7.86 86.90 94.76 OK
r-devel-linux-x86_64-debian-gcc 2.1 7.76 80.44 88.20 OK
r-devel-linux-x86_64-fedora-clang 2.1 150.62 OK
r-devel-linux-x86_64-fedora-gcc 2.1 138.84 OK
r-devel-osx-x86_64-clang 2.1 147.79 OK
r-devel-windows-ix86+x86_64 2.1 19.00 165.00 184.00 OK
r-patched-linux-x86_64 2.1 8.21 79.94 88.16 OK
r-release-linux-ix86 2.0 8.76 95.61 104.36 ERROR
r-release-linux-x86_64 2.1 7.84 85.38 93.22 OK
r-release-osx-x86_64-mavericks 2.1 OK
r-release-osx-x86_64-snowleopard 2.1 OK
r-release-windows-ix86+x86_64 2.1 17.00 158.00 175.00 OK
r-oldrel-windows-ix86+x86_64 2.1 15.00 166.00 181.00 OK

Check Details

Version: 2.0
Check: tests
Result: ERROR
    Running the tests in ‘tests/run-all.R’ failed.
    Last 13 lines of output:
     plotThreshVsPerf :
     predict : ..................
     ROCR : .
     setPredictType : ........
     showHyperPars :
     weights : .....
    
    
     1. Failure(@test_base_predict.R#79): predict works when error are thrown in predict
     resample(makeLearner("classif.randomForest"), task, rdesc) code did not generate an error
    
     Error: Test failures
     Execution halted
Flavor: r-release-linux-ix86