CRAN Package Check Results for Package mlr

Last updated on 2015-05-26 08:47:58.

Flavor Version Tinstall Tcheck Ttotal Status Flags
r-devel-linux-x86_64-debian-clang 2.3 9.75 124.88 134.63 ERROR
r-devel-linux-x86_64-debian-gcc 2.3 9.10 125.07 134.17 ERROR
r-devel-linux-x86_64-fedora-clang 2.3 152.06 ERROR
r-devel-linux-x86_64-fedora-gcc 2.3 233.97 ERROR
r-devel-osx-x86_64-clang 2.3 178.87 ERROR
r-devel-windows-ix86+x86_64 2.3 25.00 261.00 286.00 ERROR
r-patched-linux-x86_64 2.3 8.90 124.71 133.61 ERROR
r-patched-solaris-sparc 2.3 730.30 NOTE --no-examples --no-tests
r-patched-solaris-x86 2.3 142.60 NOTE --no-examples --no-tests
r-release-linux-x86_64 2.3 10.35 124.41 134.76 ERROR
r-release-osx-x86_64-mavericks 2.3 ERROR
r-release-osx-x86_64-snowleopard 2.3 ERROR
r-release-windows-ix86+x86_64 2.3 27.00 258.00 285.00 ERROR
r-oldrel-windows-ix86+x86_64 2.3 28.00 280.00 308.00 ERROR

Check Details

Version: 2.3
Check: package dependencies
Result: NOTE
    Package suggested but not available for checking: ‘xgboost’
Flavors: r-devel-linux-x86_64-debian-clang, r-devel-linux-x86_64-debian-gcc, r-devel-linux-x86_64-fedora-clang, r-devel-linux-x86_64-fedora-gcc, r-devel-osx-x86_64-clang, r-patched-linux-x86_64, r-release-linux-x86_64

Version: 2.3
Check: dependencies in R code
Result: NOTE
    Missing or unexported object: ‘kohonen::predict.kohonen’
Flavors: r-devel-linux-x86_64-debian-clang, r-devel-linux-x86_64-debian-gcc, r-devel-linux-x86_64-fedora-clang, r-devel-linux-x86_64-fedora-gcc, r-devel-osx-x86_64-clang, r-devel-windows-ix86+x86_64, r-patched-linux-x86_64, r-release-linux-x86_64, r-release-osx-x86_64-mavericks, r-release-windows-ix86+x86_64, r-oldrel-windows-ix86+x86_64

Version: 2.3
Check: tests
Result: ERROR
    Running the tests in ‘tests/run-base.R’ failed.
    Last 13 lines of output:
     signalCondition(e)
     }, "'multiclass.roc.default' is not an exported object from 'namespace:pROC'", quote(NULL))
    
     testthat results ================================================================
     OK: 1068 SKIPPED: 0 FAILED: 5
     1. Failure (at test_base_SupervisedTask.R#23): SupervisedTask
     2. Failure (at test_base_SupervisedTask.R#27): SupervisedTask
     3. Failure (at test_base_SupervisedTask.R#29): SupervisedTask
     4. Failure (at test_base_UnsupervisedTask.R#6): UnsupervisedTask
     5. Error: measures
    
     Error: testthat unit tests failed
     Execution halted
Flavors: r-devel-linux-x86_64-debian-clang, r-devel-linux-x86_64-debian-gcc, r-devel-linux-x86_64-fedora-clang, r-devel-linux-x86_64-fedora-gcc, r-devel-osx-x86_64-clang, r-patched-linux-x86_64, r-release-linux-x86_64

Version: 2.3
Check: running tests for arch ‘i386’
Result: ERROR
    Running the tests in 'tests/run-base.R' failed.
    Last 13 lines of output:
     signalCondition(e)
     }, "'multiclass.roc.default' is not an exported object from 'namespace:pROC'", quote(NULL))
    
     testthat results ================================================================
     OK: 1068 SKIPPED: 0 FAILED: 5
     1. Failure (at test_base_SupervisedTask.R#23): SupervisedTask
     2. Failure (at test_base_SupervisedTask.R#27): SupervisedTask
     3. Failure (at test_base_SupervisedTask.R#29): SupervisedTask
     4. Failure (at test_base_UnsupervisedTask.R#6): UnsupervisedTask
     5. Error: measures
    
     Error: testthat unit tests failed
     Execution halted
Flavors: r-devel-windows-ix86+x86_64, r-release-windows-ix86+x86_64

Version: 2.3
Check: running tests for arch ‘x64’
Result: ERROR
    Running the tests in 'tests/run-base.R' failed.
    Last 13 lines of output:
     signalCondition(e)
     }, "'multiclass.roc.default' is not an exported object from 'namespace:pROC'", quote(NULL))
    
     testthat results ================================================================
     OK: 1068 SKIPPED: 0 FAILED: 5
     1. Failure (at test_base_SupervisedTask.R#23): SupervisedTask
     2. Failure (at test_base_SupervisedTask.R#27): SupervisedTask
     3. Failure (at test_base_SupervisedTask.R#29): SupervisedTask
     4. Failure (at test_base_UnsupervisedTask.R#6): UnsupervisedTask
     5. Error: measures
    
     Error: testthat unit tests failed
     Execution halted
Flavors: r-devel-windows-ix86+x86_64, r-release-windows-ix86+x86_64

Version: 2.3
Flags: --no-examples --no-tests
Check: package dependencies
Result: NOTE
    Package suggested but not available for checking: ‘xgboost’
Flavors: r-patched-solaris-sparc, r-patched-solaris-x86

Version: 2.3
Flags: --no-examples --no-tests
Check: dependencies in R code
Result: NOTE
    Missing or unexported object: ‘kohonen::predict.kohonen’
Flavors: r-patched-solaris-sparc, r-patched-solaris-x86

Version: 2.3
Check: package dependencies
Result: NOTE
    Packages suggested but not available for checking: ‘adabag’ ‘xgboost’
Flavor: r-release-osx-x86_64-mavericks

Version: 2.3
Check: tests
Result: ERROR
    Running the tests in ‘tests/run-base.R’ failed.
    Last 13 lines of output:
     makeClassifTask(data = regr.df, target = regr.target) does not match 'be a factor'. Actual value: "Error in test_check("mlr", filter = "base") : \n Assertion on 'medv' failed: Must be of type 'factor', not 'double'\n"
    
     3. Failure(@test_base_SupervisedTask.R#29): SupervisedTask ---------------------
     makeRegrTask(data = multiclass.df, target = multiclass.target) does not match 'be numeric'. Actual value: "Error in test_check("mlr", filter = "base") : \n Assertion on 'Species' failed: Must be of type 'numeric', not 'factor'\n"
    
     4. Failure(@test_base_UnsupervisedTask.R#6): UnsupervisedTask ------------------
     makeClassifTask(data = 44) does not match 'Must be a data.frame'. Actual value: "Error in test_check("mlr", filter = "base") : \n Assertion on 'data' failed: Must be of type 'data.frame', not 'double'\n"
    
     Error: Test failures
     In addition: Warning message:
     In lognet(x, is.sparse, ix, jx, y, weights, offset, alpha, nobs, :
     one multinomial or binomial class has fewer than 8 observations; dangerous ground
     Execution halted
Flavor: r-release-osx-x86_64-mavericks

Version: 2.3
Check: package dependencies
Result: ERROR
    Package required but not available: ‘ggplot2’
    
    Packages suggested but not available for checking:
     ‘adabag’ ‘bartMachine’ ‘caret’ ‘Hmisc’ ‘kknn’ ‘mboost’ ‘mRMRe’
     ‘party’ ‘randomUniformForest’ ‘rrlda’
    
    See section ‘The DESCRIPTION file’ in the ‘Writing R Extensions’
    manual.
Flavor: r-release-osx-x86_64-snowleopard

Version: 2.3
Check: running tests for arch ‘i386’
Result: ERROR
    Running the tests in 'tests/run-base.R' failed.
    Last 13 lines of output:
     12: stop(gettextf("'%s' is not an exported object from 'namespace:%s'", name, getNamespaceName(ns)),
     call. = FALSE, domain = NA)
     13: .handleSimpleError(function (e)
     {
     e$calls <- head(sys.calls()[-seq_len(frame + 7)], -2)
     signalCondition(e)
     }, "'multiclass.roc.default' is not an exported object from 'namespace:pROC'", quote(NULL))
    
     Error: Test failures
     In addition: Warning message:
     In lognet(x, is.sparse, ix, jx, y, weights, offset, alpha, nobs, :
     one multinomial or binomial class has fewer than 8 observations; dangerous ground
     Execution halted
Flavor: r-oldrel-windows-ix86+x86_64

Version: 2.3
Check: running tests for arch ‘x64’
Result: ERROR
    Running the tests in 'tests/run-base.R' failed.
    Last 13 lines of output:
     12: stop(gettextf("'%s' is not an exported object from 'namespace:%s'", name, getNamespaceName(ns)),
     call. = FALSE, domain = NA)
     13: .handleSimpleError(function (e)
     {
     e$calls <- head(sys.calls()[-seq_len(frame + 7)], -2)
     signalCondition(e)
     }, "'multiclass.roc.default' is not an exported object from 'namespace:pROC'", quote(NULL))
    
     Error: Test failures
     In addition: Warning message:
     In lognet(x, is.sparse, ix, jx, y, weights, offset, alpha, nobs, :
     one multinomial or binomial class has fewer than 8 observations; dangerous ground
     Execution halted
Flavor: r-oldrel-windows-ix86+x86_64