CRAN Package Check Results for Package mlr3spatial

Last updated on 2022-09-29 15:53:54 CEST.

Flavor Version Tinstall Tcheck Ttotal Status Flags
r-devel-linux-x86_64-debian-clang 0.2.1 28.19 375.31 403.50 OK
r-devel-linux-x86_64-debian-gcc 0.2.1 22.40 268.13 290.53 OK
r-devel-linux-x86_64-fedora-clang 0.2.1 488.59 OK
r-devel-linux-x86_64-fedora-gcc 0.2.1 499.81 OK
r-devel-windows-x86_64 0.2.1 57.00 364.00 421.00 OK
r-patched-linux-x86_64 0.2.1 30.51 349.29 379.80 OK
r-release-linux-x86_64 0.2.1 24.51 346.82 371.33 OK
r-release-macos-arm64 0.2.1 120.00 ERROR
r-release-macos-x86_64 0.2.1 143.00 OK
r-release-windows-x86_64 0.2.1 60.00 363.00 423.00 OK
r-oldrel-macos-arm64 0.2.1 108.00 OK
r-oldrel-macos-x86_64 0.2.1 138.00 OK
r-oldrel-windows-ix86+x86_64 0.2.1 64.00 359.00 423.00 OK

Check Details

Version: 0.2.1
Check: tests
Result: ERROR
     Running ‘testthat.R’ [28s/35s]
    Running the tests in ‘tests/testthat.R’ failed.
    Last 13 lines of output:
     Error: $ operator is invalid for atomic vectors
     Backtrace:
     ▆
     1. ├─stars::st_as_stars(.x = stack)
     2. └─stars:::st_as_stars.SpatRaster(.x = stack)
     ── Error (???): as_task works on stars objects ─────────────────────────────────
     Error: $ operator is invalid for atomic vectors
     Backtrace:
     ▆
     1. ├─stars::st_as_stars(.x = stack)
     2. └─stars:::st_as_stars.SpatRaster(.x = stack)
    
     [ FAIL 2 | WARN 4 | SKIP 1 | PASS 307 ]
     Error: Test failures
     Execution halted
Flavor: r-release-macos-arm64