CRAN Package Check Results for Package mma

Last updated on 2019-03-26 01:51:19 CET.

Flavor Version Tinstall Tcheck Ttotal Status Flags
r-devel-linux-x86_64-debian-clang 7.0-0 18.95 121.89 140.84 OK
r-devel-linux-x86_64-debian-gcc 7.0-0 16.34 93.17 109.51 OK
r-devel-linux-x86_64-fedora-clang 7.0-0 169.54 NOTE
r-devel-linux-x86_64-fedora-gcc 7.0-0 160.80 NOTE
r-devel-windows-ix86+x86_64 7.0-0 42.00 168.00 210.00 OK
r-patched-linux-x86_64 7.0-0 16.04 116.54 132.58 OK
r-patched-solaris-x86 7.0-0 227.80 NOTE
r-release-linux-x86_64 7.0-0 15.60 116.27 131.87 OK
r-release-windows-ix86+x86_64 7.0-0 31.00 131.00 162.00 OK
r-release-osx-x86_64 7.0-0 NOTE
r-oldrel-windows-ix86+x86_64 7.0-0 11.00 208.00 219.00 OK
r-oldrel-osx-x86_64 7.0-0 NOTE

Check Details

Version: 7.0-0
Check: dependencies in R code
Result: NOTE
    Namespace in Imports field not imported from: ‘plotrix’
     All declared Imports should be used.
Flavors: r-devel-linux-x86_64-fedora-clang, r-devel-linux-x86_64-fedora-gcc, r-patched-solaris-x86, r-release-osx-x86_64, r-oldrel-osx-x86_64