CRAN Package Check Results for Package mma

Last updated on 2019-05-20 18:54:12 CEST.

Flavor Version Tinstall Tcheck Ttotal Status Flags
r-devel-linux-x86_64-debian-clang 8.0-0 24.85 137.38 162.23 OK
r-devel-linux-x86_64-debian-gcc 8.0-0 18.36 107.26 125.62 OK
r-devel-linux-x86_64-fedora-clang 8.0-0 187.23 NOTE
r-devel-linux-x86_64-fedora-gcc 8.0-0 178.76 NOTE
r-devel-windows-ix86+x86_64 8.0-0 53.00 179.00 232.00 OK
r-patched-linux-x86_64 8.0-0 25.21 135.19 160.40 OK
r-patched-solaris-x86 8.0-0 257.30 NOTE
r-release-linux-x86_64 8.0-0 21.26 135.39 156.65 OK
r-release-windows-ix86+x86_64 8.0-0 52.00 174.00 226.00 OK
r-release-osx-x86_64 8.0-0 NOTE
r-oldrel-windows-ix86+x86_64 8.0-0 28.00 125.00 153.00 OK
r-oldrel-osx-x86_64 8.0-0 NOTE

Check Details

Version: 8.0-0
Check: dependencies in R code
Result: NOTE
    Namespace in Imports field not imported from: ‘plotrix’
     All declared Imports should be used.
Flavors: r-devel-linux-x86_64-fedora-clang, r-devel-linux-x86_64-fedora-gcc, r-patched-solaris-x86, r-release-osx-x86_64, r-oldrel-osx-x86_64