CRAN Package Check Results for Package mmand

Last updated on 2017-02-20 20:48:01.

Flavor Version Tinstall Tcheck Ttotal Status Flags
r-devel-linux-x86_64-debian-clang 1.4.1 24.25 18.81 43.06 NOTE
r-devel-linux-x86_64-debian-gcc 1.4.1 24.80 18.51 43.32 NOTE
r-devel-linux-x86_64-fedora-clang 1.4.1 85.37 NOTE --no-stop-on-test-error
r-devel-linux-x86_64-fedora-gcc 1.4.1 80.15 NOTE --no-stop-on-test-error
r-devel-macos-x86_64-clang 1.4.1 60.46 NOTE --no-stop-on-test-error
r-devel-windows-ix86+x86_64 1.4.1 116.00 70.00 186.00 OK
r-patched-linux-x86_64 1.4.1 21.49 15.79 37.29 OK
r-patched-solaris-sparc 1.4.1 390.30 OK
r-patched-solaris-x86 1.4.1 83.30 OK
r-release-linux-x86_64 1.4.1 21.56 15.37 36.93 OK
r-release-osx-x86_64-mavericks 1.4.1 OK
r-release-windows-ix86+x86_64 1.4.1 70.00 47.00 117.00 OK
r-oldrel-windows-ix86+x86_64 1.4.1 76.00 65.00 141.00 OK

Check Details

Version: 1.4.1
Check: compiled code
Result: NOTE
    File ‘mmand/libs/mmand.so’:
     Found no calls to: ‘R_registerRoutines’, ‘R_useDynamicSymbols’
    
    It is good practice to register native routines and to disable symbol
    search.
    
    See ‘Writing portable packages’ in the ‘Writing R Extensions’ manual.
Flavors: r-devel-linux-x86_64-debian-clang, r-devel-linux-x86_64-debian-gcc

Version: 1.4.1
Flags: --no-stop-on-test-error
Check: compiled code
Result: NOTE
    File ‘mmand/libs/mmand.so’:
     Found no calls to: ‘R_registerRoutines’, ‘R_useDynamicSymbols’
    
    It is good practice to register native routines and to disable symbol
    search.
    
    See ‘Writing portable packages’ in the ‘Writing R Extensions’ manual.
Flavors: r-devel-linux-x86_64-fedora-clang, r-devel-linux-x86_64-fedora-gcc, r-devel-macos-x86_64-clang