CRAN Package Check Results for Package mmand

Last updated on 2015-01-29 10:48:15.

Flavor Version Tinstall Tcheck Ttotal Status Flags
r-devel-linux-x86_64-debian-clang 1.1.0 21.46 14.14 35.60 NOTE
r-devel-linux-x86_64-debian-gcc 1.1.0 24.96 13.70 38.66 NOTE
r-devel-linux-x86_64-fedora-clang 1.1.0 80.85 NOTE
r-devel-linux-x86_64-fedora-gcc 1.1.0 74.59 NOTE
r-devel-osx-x86_64-clang 1.1.0 62.02 NOTE
r-devel-windows-ix86+x86_64 1.1.0 104.00 35.00 139.00 OK
r-patched-linux-x86_64 1.1.0 23.05 15.48 38.53 OK
r-patched-solaris-sparc 1.1.0 481.60 OK
r-patched-solaris-x86 1.1.0 97.40 OK
r-release-linux-ix86 1.1.0 27.51 22.10 49.61 OK
r-release-linux-x86_64 1.1.0 23.03 15.45 38.48 OK
r-release-osx-x86_64-mavericks 1.1.0 OK
r-release-osx-x86_64-snowleopard 1.1.0 OK
r-release-windows-ix86+x86_64 1.1.0 76.00 40.00 116.00 OK
r-oldrel-windows-ix86+x86_64 1.1.0 77.00 41.00 118.00 OK

Check Details

Version: 1.1.0
Check: S3 generic/method consistency
Result: NOTE
    Found the following apparent S3 methods exported but not registered:
     display.default morph.default resample.default plot.kernelArray
     plot.kernelFunction
    See section ‘Registering S3 methods’ in the ‘Writing R Extensions’
    manual.
Flavors: r-devel-linux-x86_64-debian-clang, r-devel-linux-x86_64-debian-gcc, r-devel-linux-x86_64-fedora-clang, r-devel-linux-x86_64-fedora-gcc, r-devel-osx-x86_64-clang