CRAN Package Check Results for Package mmand

Last updated on 2017-12-15 04:47:27 CET.

Flavor Version Tinstall Tcheck Ttotal Status Flags
r-devel-linux-x86_64-debian-clang 1.5.3 35.10 19.03 54.13 FAIL
r-devel-linux-x86_64-debian-gcc 1.5.3 30.53 22.87 53.40 NOTE
r-devel-linux-x86_64-fedora-clang 1.5.3 94.28 NOTE
r-devel-linux-x86_64-fedora-gcc 1.5.3 82.52 NOTE
r-devel-windows-ix86+x86_64 1.5.3 108.00 54.00 162.00 OK
r-patched-linux-x86_64 1.5.3 33.89 27.37 61.26 OK
r-patched-solaris-x86 1.5.3 86.90 OK
r-release-linux-x86_64 1.5.3 33.38 27.13 60.51 OK
r-release-windows-ix86+x86_64 1.5.3 84.00 55.00 139.00 OK
r-release-osx-x86_64 1.5.3 OK
r-oldrel-windows-ix86+x86_64 1.5.3 99.00 70.00 169.00 OK
r-oldrel-osx-x86_64 1.5.3 OK

Check Details

Version: 1.5.3
Check: pragmas in C/C++ headers and code
Result: FAIL
    
Flavor: r-devel-linux-x86_64-debian-clang

Version: 1.5.3
Check: pragmas in C/C++ headers and code
Result: NOTE
    File which contains pragma(s) suppressing diagnostics:
     ‘src/lemon/core.h’
Flavors: r-devel-linux-x86_64-debian-gcc, r-devel-linux-x86_64-fedora-clang, r-devel-linux-x86_64-fedora-gcc