CRAN Package Check Results for Package mmand

Last updated on 2018-05-23 07:50:14 CEST.

Flavor Version Tinstall Tcheck Ttotal Status Flags
r-devel-linux-x86_64-debian-clang 1.5.3 43.64 29.71 73.35 NOTE
r-devel-linux-x86_64-debian-gcc 1.5.3 33.86 22.62 56.48 NOTE
r-devel-linux-x86_64-fedora-clang 1.5.3 97.98 NOTE
r-devel-linux-x86_64-fedora-gcc 1.5.3 84.04 NOTE
r-devel-windows-ix86+x86_64 1.5.3 108.00 82.00 190.00 NOTE
r-patched-linux-x86_64 1.5.3 43.98 26.87 70.85 NOTE
r-patched-solaris-x86 1.5.3 98.30 OK
r-release-linux-x86_64 1.5.3 43.29 26.61 69.90 NOTE
r-release-windows-ix86+x86_64 1.5.3 103.00 57.00 160.00 NOTE
r-release-osx-x86_64 1.5.3 OK
r-oldrel-windows-ix86+x86_64 1.5.3 99.00 84.00 183.00 OK
r-oldrel-osx-x86_64 1.5.3 OK

Check Details

Version: 1.5.3
Check: pragmas in C/C++ headers and code
Result: NOTE
    File which contains pragma(s) suppressing diagnostics:
     ‘src/lemon/core.h’
Flavors: r-devel-linux-x86_64-debian-clang, r-devel-linux-x86_64-debian-gcc, r-devel-linux-x86_64-fedora-clang, r-devel-linux-x86_64-fedora-gcc, r-devel-windows-ix86+x86_64, r-patched-linux-x86_64, r-release-linux-x86_64, r-release-windows-ix86+x86_64