CRAN Package Check Results for Package mmand

Last updated on 2014-04-25 05:47:19.

Flavor Version Tinstall Tcheck Ttotal Status Flags
r-devel-linux-x86_64-debian-clang 0.1.2 1.06 9.92 10.97 NOTE
r-devel-linux-x86_64-debian-gcc 0.1.2 1.01 9.72 10.73 NOTE
r-devel-linux-x86_64-fedora-clang 0.1.2 19.35 NOTE
r-devel-linux-x86_64-fedora-gcc 0.1.2 18.82 NOTE
r-devel-osx-x86_64-clang 0.1.2 21.36 NOTE
r-devel-osx-x86_64-gcc 0.1.2 NOTE
r-devel-windows-ix86+x86_64 0.1.2 6.00 20.00 26.00 NOTE
r-patched-linux-x86_64 0.1.2 1.03 9.36 10.40 NOTE
r-patched-solaris-sparc 0.1.2 116.50 NOTE
r-patched-solaris-x86 0.1.2 29.90 NOTE
r-release-linux-ix86 0.1.2 2.00 22.00 24.00 NOTE
r-release-linux-x86_64 0.1.2 1.02 9.43 10.44 NOTE
r-release-osx-x86_64-mavericks 0.1.2 NOTE
r-release-osx-x86_64-snowleopard 0.1.2 NOTE
r-release-windows-ix86+x86_64 0.1.2 13.00 26.00 39.00 NOTE
r-oldrel-windows-ix86+x86_64 0.1.2 5.00 20.00 25.00 NOTE

Check Details

Version: 0.1.2
Check: top-level files
Result: NOTE
    File
     LICENCE
    is not mentioned in the DESCRIPTION file.
Flavors: r-devel-linux-x86_64-debian-clang, r-devel-linux-x86_64-debian-gcc, r-devel-linux-x86_64-fedora-clang, r-devel-linux-x86_64-fedora-gcc, r-devel-osx-x86_64-clang, r-devel-osx-x86_64-gcc, r-devel-windows-ix86+x86_64, r-patched-linux-x86_64, r-patched-solaris-sparc, r-patched-solaris-x86, r-release-linux-ix86, r-release-linux-x86_64, r-release-osx-x86_64-mavericks, r-release-osx-x86_64-snowleopard, r-release-windows-ix86+x86_64, r-oldrel-windows-ix86+x86_64