CRAN Package Check Results for Package mmand

Last updated on 2015-06-30 11:48:25.

Flavor Version Tinstall Tcheck Ttotal Status Flags
r-devel-linux-x86_64-debian-clang 1.1.0 22.92 14.03 36.96 NOTE
r-devel-linux-x86_64-debian-gcc 1.1.0 23.88 13.18 37.07 NOTE
r-devel-linux-x86_64-fedora-clang 1.1.0 79.22 NOTE
r-devel-linux-x86_64-fedora-gcc 1.1.0 69.29 NOTE
r-devel-osx-x86_64-clang 1.1.0 63.29 NOTE
r-devel-windows-ix86+x86_64 1.1.0 77.00 38.00 115.00 NOTE
r-patched-linux-x86_64 1.1.0 23.99 14.12 38.11 NOTE
r-patched-solaris-sparc 1.1.0 464.30 NOTE
r-patched-solaris-x86 1.1.0 93.10 NOTE
r-release-linux-x86_64 1.1.0 24.19 13.48 37.66 NOTE
r-release-osx-x86_64-mavericks 1.1.0 OK
r-release-windows-ix86+x86_64 1.1.0 100.00 57.00 157.00 OK
r-oldrel-windows-ix86+x86_64 1.1.0 79.00 44.00 123.00 OK

Check Details

Version: 1.1.0
Check: S3 generic/method consistency
Result: NOTE
    Found the following apparent S3 methods exported but not registered:
     display.default morph.default plot.kernelArray plot.kernelFunction
     resample.default
    See section ‘Registering S3 methods’ in the ‘Writing R Extensions’
    manual.
Flavors: r-devel-linux-x86_64-debian-clang, r-devel-linux-x86_64-debian-gcc, r-devel-linux-x86_64-fedora-clang, r-devel-linux-x86_64-fedora-gcc, r-devel-osx-x86_64-clang, r-patched-linux-x86_64, r-patched-solaris-sparc, r-patched-solaris-x86, r-release-linux-x86_64

Version: 1.1.0
Check: R code for possible problems
Result: NOTE
    .checkDpi: no visible global function definition for ‘dev.new’
    .checkDpi: no visible global function definition for ‘dev.size’
    .checkDpi: no visible global function definition for ‘dev.off’
    display.default: no visible global function definition for ‘grey’
    display.default: no visible global function definition for ‘image’
    display.default: no visible global function definition for ‘dev.new’
    display.default: no visible global function definition for ‘par’
    gameOfLife: no visible global function definition for ‘runif’
    gameOfLife: no visible global function definition for ‘par’
    gameOfLife: no visible global function definition for ‘image’
    gaussianKernel: no visible global function definition for ‘dnorm’
    plot.kernelArray: no visible global function definition for ‘plot’
    plot.kernelArray: no visible global function definition for ‘abline’
    plot.kernelFunction: no visible global function definition for ‘plot’
    plot.kernelFunction: no visible global function definition for ‘abline’
Flavors: r-devel-linux-x86_64-debian-clang, r-devel-linux-x86_64-debian-gcc, r-devel-windows-ix86+x86_64