CRAN Package Check Results for Package mmand

Last updated on 2017-03-29 06:48:19.

Flavor Version Tinstall Tcheck Ttotal Status Flags
r-devel-linux-x86_64-debian-clang 1.4.1 25.68 18.69 44.36 NOTE
r-devel-linux-x86_64-debian-gcc 1.4.1 25.65 17.92 43.57 NOTE
r-devel-linux-x86_64-fedora-clang 1.4.1 92.42 NOTE --no-stop-on-test-error
r-devel-linux-x86_64-fedora-gcc 1.4.1 81.51 NOTE --no-stop-on-test-error
r-devel-macos-x86_64-clang 1.4.1 59.49 NOTE --no-stop-on-test-error
r-devel-windows-ix86+x86_64 1.4.1 81.00 74.00 155.00 OK
r-patched-linux-x86_64 1.4.1 21.04 18.34 39.37 NOTE
r-patched-solaris-sparc 1.4.1 423.50 OK
r-patched-solaris-x86 1.4.1 85.10 OK
r-release-linux-x86_64 1.4.1 21.10 16.18 37.28 OK
r-release-osx-x86_64-mavericks 1.4.1 OK
r-release-windows-ix86+x86_64 1.4.1 102.00 106.00 208.00 OK
r-oldrel-windows-ix86+x86_64 1.4.1 69.00 66.00 135.00 OK

Check Details

Version: 1.4.1
Check: compiled code
Result: NOTE
    File ‘mmand/libs/mmand.so’:
     Found no calls to: ‘R_registerRoutines’, ‘R_useDynamicSymbols’
    
    It is good practice to register native routines and to disable symbol
    search.
    
    See ‘Writing portable packages’ in the ‘Writing R Extensions’ manual.
Flavors: r-devel-linux-x86_64-debian-clang, r-devel-linux-x86_64-debian-gcc, r-patched-linux-x86_64

Version: 1.4.1
Flags: --no-stop-on-test-error
Check: compiled code
Result: NOTE
    File ‘mmand/libs/mmand.so’:
     Found no calls to: ‘R_registerRoutines’, ‘R_useDynamicSymbols’
    
    It is good practice to register native routines and to disable symbol
    search.
    
    See ‘Writing portable packages’ in the ‘Writing R Extensions’ manual.
Flavors: r-devel-linux-x86_64-fedora-clang, r-devel-linux-x86_64-fedora-gcc, r-devel-macos-x86_64-clang