CRAN Package Check Results for Package mmand

Last updated on 2016-07-02 05:48:17.

Flavor Version Tinstall Tcheck Ttotal Status Flags
r-devel-linux-x86_64-debian-gcc 1.3.0 39.37 18.29 57.66 OK
r-devel-linux-x86_64-fedora-clang 1.3.0 92.68 OK
r-devel-linux-x86_64-fedora-gcc 1.3.0 76.47 OK
r-devel-osx-x86_64-clang 1.3.0 63.65 OK
r-devel-windows-ix86+x86_64 1.3.0 125.00 52.00 177.00 OK
r-patched-linux-x86_64 1.3.0 26.13 18.80 44.93 OK
r-patched-solaris-sparc 1.3.0 431.50 NOTE
r-patched-solaris-x86 1.3.0 87.20 OK
r-release-linux-x86_64 1.3.0 23.76 15.21 38.97 OK
r-release-osx-x86_64-mavericks 1.3.0 OK
r-release-windows-ix86+x86_64 1.3.0 127.00 55.00 182.00 OK
r-oldrel-windows-ix86+x86_64 1.3.0 86.00 69.00 155.00 OK

Memtest notes: gcc6-ASAN

Check Details

Version: 1.3.0
Check: installed package size
Result: NOTE
     installed size is 5.4Mb
     sub-directories of 1Mb or more:
     libs 5.0Mb
Flavor: r-patched-solaris-sparc