CRAN Package Check Results for Package mmand

Last updated on 2015-08-01 21:47:23.

Flavor Version Tinstall Tcheck Ttotal Status Flags
r-devel-linux-x86_64-debian-clang 1.1.0 22.07 13.45 35.52 NOTE
r-devel-linux-x86_64-debian-gcc 1.1.0 23.71 13.95 37.66 NOTE
r-devel-linux-x86_64-fedora-clang 1.1.0 79.81 NOTE
r-devel-linux-x86_64-fedora-gcc 1.1.0 68.58 NOTE
r-devel-osx-x86_64-clang 1.1.0 60.85 NOTE
r-devel-windows-ix86+x86_64 1.1.0 99.00 57.00 156.00 NOTE
r-patched-linux-x86_64 1.1.0 23.58 13.59 37.17 NOTE
r-patched-solaris-sparc 1.1.0 413.20 NOTE
r-patched-solaris-x86 1.1.0 86.20 NOTE
r-release-linux-x86_64 1.1.0 23.70 13.08 36.78 NOTE
r-release-osx-x86_64-mavericks 1.1.0 OK
r-release-windows-ix86+x86_64 1.1.0 102.00 39.00 141.00 OK
r-oldrel-windows-ix86+x86_64 1.1.0 105.00 45.00 150.00 OK

Check Details

Version: 1.1.0
Check: S3 generic/method consistency
Result: NOTE
    Found the following apparent S3 methods exported but not registered:
     display.default morph.default plot.kernelArray plot.kernelFunction
     resample.default
    See section ‘Registering S3 methods’ in the ‘Writing R Extensions’
    manual.
Flavors: r-devel-linux-x86_64-debian-clang, r-devel-linux-x86_64-debian-gcc, r-devel-linux-x86_64-fedora-clang, r-devel-linux-x86_64-fedora-gcc, r-devel-osx-x86_64-clang, r-patched-linux-x86_64, r-patched-solaris-sparc, r-patched-solaris-x86, r-release-linux-x86_64

Version: 1.1.0
Check: R code for possible problems
Result: NOTE
    .checkDpi: no visible global function definition for ‘dev.new’
    .checkDpi: no visible global function definition for ‘dev.size’
    .checkDpi: no visible global function definition for ‘dev.off’
    display.default: no visible global function definition for ‘grey’
    display.default: no visible global function definition for ‘image’
    display.default: no visible global function definition for ‘dev.new’
    display.default: no visible global function definition for ‘par’
    gameOfLife: no visible global function definition for ‘runif’
    gameOfLife: no visible global function definition for ‘par’
    gameOfLife: no visible global function definition for ‘image’
    gaussianKernel: no visible global function definition for ‘dnorm’
    plot.kernelArray: no visible global function definition for ‘plot’
    plot.kernelArray: no visible global function definition for ‘abline’
    plot.kernelFunction: no visible global function definition for ‘plot’
    plot.kernelFunction: no visible global function definition for ‘abline’
    Undefined global functions or variables:
     abline dev.new dev.off dev.size dnorm grey image par plot runif
    Consider adding
     importFrom("grDevices", "dev.new", "dev.off", "dev.size", "grey")
     importFrom("graphics", "abline", "image", "par", "plot")
     importFrom("stats", "dnorm", "runif")
    to your NAMESPACE.
Flavors: r-devel-linux-x86_64-debian-clang, r-devel-linux-x86_64-debian-gcc, r-devel-linux-x86_64-fedora-clang, r-devel-linux-x86_64-fedora-gcc, r-devel-windows-ix86+x86_64