CRAN Package Check Results for Package mmand

Last updated on 2015-03-04 06:48:28.

Flavor Version Tinstall Tcheck Ttotal Status Flags
r-devel-linux-x86_64-debian-clang 1.1.0 20.78 14.09 34.87 NOTE
r-devel-linux-x86_64-debian-gcc 1.1.0 22.67 13.48 36.16 NOTE
r-devel-linux-x86_64-fedora-clang 1.1.0 79.98 NOTE
r-devel-linux-x86_64-fedora-gcc 1.1.0 70.13 NOTE
r-devel-osx-x86_64-clang 1.1.0 58.62 NOTE
r-devel-windows-ix86+x86_64 1.1.0 74.00 37.00 111.00 OK
r-patched-linux-x86_64 1.1.0 23.13 15.41 38.54 OK
r-patched-solaris-sparc 1.1.0 492.20 OK
r-patched-solaris-x86 1.1.0 97.10 OK
r-release-linux-ix86 1.1.0 29.65 22.54 52.18 OK
r-release-linux-x86_64 1.1.0 23.34 15.30 38.65 OK
r-release-osx-x86_64-mavericks 1.1.0 OK
r-release-osx-x86_64-snowleopard 1.1.0 OK
r-release-windows-ix86+x86_64 1.1.0 123.00 41.00 164.00 OK
r-oldrel-windows-ix86+x86_64 1.1.0 80.00 39.00 119.00 OK

Check Details

Version: 1.1.0
Check: S3 generic/method consistency
Result: NOTE
    Found the following apparent S3 methods exported but not registered:
     display.default morph.default plot.kernelArray plot.kernelFunction
     resample.default
    See section ‘Registering S3 methods’ in the ‘Writing R Extensions’
    manual.
Flavors: r-devel-linux-x86_64-debian-clang, r-devel-linux-x86_64-debian-gcc, r-devel-linux-x86_64-fedora-clang, r-devel-linux-x86_64-fedora-gcc, r-devel-osx-x86_64-clang