CRAN Package Check Results for Package mmand

Last updated on 2015-05-24 10:47:02.

Flavor Version Tinstall Tcheck Ttotal Status Flags
r-devel-linux-x86_64-debian-clang 1.1.0 22.24 13.60 35.84 NOTE
r-devel-linux-x86_64-debian-gcc 1.1.0 23.90 13.35 37.25 NOTE
r-devel-linux-x86_64-fedora-clang 1.1.0 80.48 NOTE
r-devel-linux-x86_64-fedora-gcc 1.1.0 70.75 NOTE
r-devel-osx-x86_64-clang 1.1.0 60.39 NOTE
r-devel-windows-ix86+x86_64 1.1.0 73.00 36.00 109.00 OK
r-patched-linux-x86_64 1.1.0 23.76 13.29 37.05 NOTE
r-patched-solaris-sparc 1.1.0 464.30 NOTE
r-patched-solaris-x86 1.1.0 93.00 NOTE
r-release-linux-x86_64 1.1.0 23.73 13.80 37.54 NOTE
r-release-osx-x86_64-mavericks 1.1.0 OK
r-release-osx-x86_64-snowleopard 1.1.0 ERROR
r-release-windows-ix86+x86_64 1.1.0 78.00 38.00 116.00 OK
r-oldrel-windows-ix86+x86_64 1.1.0 75.00 40.00 115.00 OK

Check Details

Version: 1.1.0
Check: S3 generic/method consistency
Result: NOTE
    Found the following apparent S3 methods exported but not registered:
     display.default morph.default plot.kernelArray plot.kernelFunction
     resample.default
    See section ‘Registering S3 methods’ in the ‘Writing R Extensions’
    manual.
Flavors: r-devel-linux-x86_64-debian-clang, r-devel-linux-x86_64-debian-gcc, r-devel-linux-x86_64-fedora-clang, r-devel-linux-x86_64-fedora-gcc, r-devel-osx-x86_64-clang, r-patched-linux-x86_64, r-patched-solaris-sparc, r-patched-solaris-x86, r-release-linux-x86_64

Version: 1.1.0
Check: tests
Result: ERROR
    Running the tests in ‘tests/test-all.R’ failed.
    Last 13 lines of output:
     could not find function "equals_reference"
     1: expect_that(erode(fan, kernel), equals_reference("fan_eroded.rds")) at test-10-morph.R:31
    
     5. Error: smoothing and filtering operations work ------------------------------
     could not find function "equals_reference"
     1: expect_that(gaussianSmooth(data, c(1, 1)), equals_reference("2d_smooth_small.rds")) at test-10-morph.R:40
    
     6. Error: cellular automaton simulation works ----------------------------------
     could not find function "equals_reference"
     1: expect_that(gosperGliderGun(), equals_reference("glider_gun_t0.rds")) at test-15-automata.R:4
    
     Error: Test failures
     Execution halted
Flavor: r-release-osx-x86_64-snowleopard