CRAN Package Check Results for Package mmap

Last updated on 2014-04-18 09:49:21.

Flavor Version Tinstall Tcheck Ttotal Status Flags
r-devel-linux-x86_64-debian-clang 0.6-12 2.57 11.10 13.66 OK
r-devel-linux-x86_64-debian-gcc OK
r-devel-linux-x86_64-fedora-clang 0.6-12 26.54 OK
r-devel-linux-x86_64-fedora-gcc 0.6-12 26.44 OK
r-devel-macosx-x86_64-clang 0.6-12 33.43 OK
r-devel-macosx-x86_64-gcc 0.6-12 OK
r-devel-windows-ix86+x86_64 0.6-12 8.00 23.00 31.00 OK
r-patched-linux-x86_64 0.6-12 2.85 11.75 14.60 OK
r-patched-solaris-sparc 0.6-12 133.20 ERROR
r-patched-solaris-x86 0.6-12 43.50 OK
r-release-linux-ix86 0.6-12 10.00 26.00 36.00 OK
r-release-linux-x86_64 0.6-12 2.88 11.72 14.59 OK
r-release-windows-ix86+x86_64 0.6-12 18.00 30.00 48.00 OK
r-oldrel-windows-ix86+x86_64 0.6-12 10.00 23.00 33.00 OK

Memtest notes: UBSAN UBSAN

Check Details

Version: 0.6-12
Check: tests
Result: ERROR
    Running the tests in ‘tests/integers.R’ failed.
    Last 13 lines of output:
     + stop("m[] == 2^40")
     + munmap(m)
     + cat("OK\n")
     + }
     >
     > test.int8()
     > test.uint8()
     > test.int16()
     > test.uint16()
     checking test.uint16...OK
     > test.int24()
     checking test.int24...Error in test.int24() : m[] == ints
     Execution halted
Flavor: r-patched-solaris-sparc