CRAN Package Check Results for Package mmap

Last updated on 2017-07-23 04:48:33.

Flavor Version Tinstall Tcheck Ttotal Status Flags
r-devel-linux-x86_64-debian-clang 0.6-12 3.98 20.70 24.68 WARN
r-devel-linux-x86_64-debian-gcc 0.6-12 3.36 20.40 23.76 WARN
r-devel-linux-x86_64-fedora-clang 0.6-12 29.38 WARN
r-devel-linux-x86_64-fedora-gcc 0.6-12 27.54 WARN
r-devel-windows-ix86+x86_64 0.6-12 10.00 35.00 45.00 WARN
r-patched-linux-x86_64 0.6-12 3.45 20.73 24.17 WARN
r-patched-solaris-x86 0.6-12 46.90 WARN
r-release-linux-x86_64 0.6-12 3.27 20.77 24.04 WARN
r-release-windows-ix86+x86_64 0.6-12 11.00 33.00 44.00 WARN
r-release-osx-x86_64 0.6-12 WARN
r-oldrel-windows-ix86+x86_64 0.6-12 9.00 32.00 41.00 WARN
r-oldrel-osx-x86_64 0.6-12 NOTE

Additional issues

clang-UBSAN gcc-UBSAN rchk

Check Details

Version: 0.6-12
Check: DESCRIPTION meta-information
Result: NOTE
    Malformed Description field: should contain one or more complete sentences.
Flavors: r-devel-linux-x86_64-debian-clang, r-devel-linux-x86_64-debian-gcc, r-devel-linux-x86_64-fedora-clang, r-devel-linux-x86_64-fedora-gcc, r-devel-windows-ix86+x86_64, r-patched-linux-x86_64, r-patched-solaris-x86, r-release-linux-x86_64, r-release-windows-ix86+x86_64, r-release-osx-x86_64, r-oldrel-windows-ix86+x86_64, r-oldrel-osx-x86_64

Version: 0.6-12
Check: S3 generic/method consistency
Result: NOTE
    Found the following apparent S3 methods exported but not registered:
     dim.mmap dim<-.mmap dimnames.mmap dimnames<-.mmap is.array.mmap
    See section ‘Registering S3 methods’ in the ‘Writing R Extensions’
    manual.
Flavors: r-devel-linux-x86_64-debian-clang, r-devel-linux-x86_64-debian-gcc, r-devel-linux-x86_64-fedora-clang, r-devel-linux-x86_64-fedora-gcc, r-patched-linux-x86_64, r-patched-solaris-x86, r-release-linux-x86_64

Version: 0.6-12
Check: R code for possible problems
Result: NOTE
    mmap.csv: no visible global function definition for ‘read.table’
    print.mmap: no visible global function definition for ‘head’
    str.mmap: no visible global function definition for ‘str’
    summary.mmap: no visible global function definition for ‘str’
    Undefined global functions or variables:
     head read.table str
    Consider adding
     importFrom("utils", "head", "read.table", "str")
    to your NAMESPACE file.
Flavors: r-devel-linux-x86_64-debian-clang, r-devel-linux-x86_64-debian-gcc, r-devel-linux-x86_64-fedora-clang, r-devel-linux-x86_64-fedora-gcc, r-devel-windows-ix86+x86_64, r-patched-linux-x86_64, r-patched-solaris-x86, r-release-linux-x86_64, r-release-windows-ix86+x86_64, r-release-osx-x86_64, r-oldrel-windows-ix86+x86_64, r-oldrel-osx-x86_64

Version: 0.6-12
Check: compiled code
Result: NOTE
    File ‘mmap/libs/mmap.so’:
     Found no calls to: ‘R_registerRoutines’, ‘R_useDynamicSymbols’
    
    It is good practice to register native routines and to disable symbol
    search.
    
    See ‘Writing portable packages’ in the ‘Writing R Extensions’ manual.
Flavors: r-devel-linux-x86_64-debian-clang, r-devel-linux-x86_64-debian-gcc, r-devel-linux-x86_64-fedora-clang, r-devel-linux-x86_64-fedora-gcc, r-patched-linux-x86_64, r-release-linux-x86_64

Version: 0.6-12
Check: files in ‘vignettes’
Result: WARN
    Files in the 'vignettes' directory but no files in 'inst/doc':
     ‘doc/mmap.Rnw’, ‘doc/mmap.pdf’
    Package has no Sweave vignette sources and no VignetteBuilder field.
Flavors: r-devel-linux-x86_64-debian-clang, r-devel-linux-x86_64-debian-gcc, r-devel-linux-x86_64-fedora-clang, r-devel-linux-x86_64-fedora-gcc, r-devel-windows-ix86+x86_64, r-patched-linux-x86_64, r-patched-solaris-x86, r-release-linux-x86_64, r-release-windows-ix86+x86_64, r-release-osx-x86_64

Version: 0.6-12
Check: whether package can be installed
Result: WARN
    Found the following significant warnings:
     mmap.c:223:48: warning: cast from pointer to integer of different size [-Wpointer-to-int-cast]
     mmap.c:226:46: warning: cast from pointer to integer of different size [-Wpointer-to-int-cast]
Flavors: r-devel-windows-ix86+x86_64, r-release-windows-ix86+x86_64, r-oldrel-windows-ix86+x86_64