CRAN Package Check Results for Package mmap

Last updated on 2015-07-31 04:48:06.

Flavor Version Tinstall Tcheck Ttotal Status Flags
r-devel-linux-x86_64-debian-clang 0.6-12 2.64 10.58 13.22 NOTE
r-devel-linux-x86_64-debian-gcc 0.6-12 4.08 10.68 14.76 NOTE
r-devel-linux-x86_64-fedora-clang 0.6-12 26.16 NOTE
r-devel-linux-x86_64-fedora-gcc 0.6-12 23.72 NOTE
r-devel-osx-x86_64-clang 0.6-12 28.25 NOTE
r-devel-windows-ix86+x86_64 0.6-12 10.00 39.00 49.00 WARN
r-patched-linux-x86_64 0.6-12 3.01 10.85 13.86 NOTE
r-patched-solaris-sparc 0.6-12 159.30 ERROR
r-patched-solaris-x86 0.6-12 39.70 NOTE
r-release-linux-x86_64 0.6-12 2.86 10.50 13.36 NOTE
r-release-osx-x86_64-mavericks 0.6-12 NOTE
r-release-windows-ix86+x86_64 0.6-12 8.00 29.00 37.00 WARN
r-oldrel-windows-ix86+x86_64 0.6-12 14.00 27.00 41.00 WARN

Memtest notes: UBSAN-gcc UBSAN-gcc UBSAN UBSAN

Check Details

Version: 0.6-12
Check: DESCRIPTION meta-information
Result: NOTE
    Malformed Description field: should contain one or more complete sentences.
Flavors: r-devel-linux-x86_64-debian-clang, r-devel-linux-x86_64-debian-gcc, r-devel-linux-x86_64-fedora-clang, r-devel-linux-x86_64-fedora-gcc, r-devel-osx-x86_64-clang, r-devel-windows-ix86+x86_64, r-patched-linux-x86_64, r-patched-solaris-sparc, r-patched-solaris-x86, r-release-linux-x86_64, r-release-osx-x86_64-mavericks, r-release-windows-ix86+x86_64

Version: 0.6-12
Check: S3 generic/method consistency
Result: NOTE
    Found the following apparent S3 methods exported but not registered:
     dim.mmap dim<-.mmap dimnames.mmap dimnames<-.mmap is.array.mmap
    See section ‘Registering S3 methods’ in the ‘Writing R Extensions’
    manual.
Flavors: r-devel-linux-x86_64-debian-clang, r-devel-linux-x86_64-debian-gcc, r-devel-linux-x86_64-fedora-clang, r-devel-linux-x86_64-fedora-gcc, r-devel-osx-x86_64-clang, r-patched-linux-x86_64, r-patched-solaris-sparc, r-patched-solaris-x86, r-release-linux-x86_64

Version: 0.6-12
Check: R code for possible problems
Result: NOTE
    mmap.csv: no visible global function definition for ‘read.table’
    print.mmap: no visible global function definition for ‘head’
    str.mmap: no visible global function definition for ‘str’
    summary.mmap: no visible global function definition for ‘str’
    Undefined global functions or variables:
     head read.table str
    Consider adding
     importFrom("utils", "head", "read.table", "str")
    to your NAMESPACE.
Flavors: r-devel-linux-x86_64-debian-clang, r-devel-linux-x86_64-debian-gcc, r-devel-linux-x86_64-fedora-clang, r-devel-linux-x86_64-fedora-gcc, r-devel-windows-ix86+x86_64

Version: 0.6-12
Check: whether package can be installed
Result: WARN
    Found the following significant warnings:
     mmap.c:223:48: warning: cast from pointer to integer of different size [-Wpointer-to-int-cast]
     mmap.c:226:46: warning: cast from pointer to integer of different size [-Wpointer-to-int-cast]
Flavors: r-devel-windows-ix86+x86_64, r-release-windows-ix86+x86_64, r-oldrel-windows-ix86+x86_64

Version: 0.6-12
Check: tests
Result: ERROR
    Running the tests in ‘tests/integers.R’ failed.
    Last 13 lines of output:
     + stop("m[] == 2^40")
     + munmap(m)
     + cat("OK\n")
     + }
     >
     > test.int8()
     > test.uint8()
     > test.int16()
     > test.uint16()
     checking test.uint16...OK
     > test.int24()
     checking test.int24...Error in test.int24() : m[] == ints
     Execution halted
Flavor: r-patched-solaris-sparc