CRAN Package Check Results for Package mmap

Last updated on 2017-09-19 21:48:03.

Flavor Version Tinstall Tcheck Ttotal Status Flags
r-devel-linux-x86_64-debian-clang 0.6-15 3.36 18.86 22.22 OK
r-devel-linux-x86_64-debian-gcc 0.6-15 4.00 18.11 22.11 OK
r-devel-linux-x86_64-fedora-clang 0.6-15 38.47 OK
r-devel-linux-x86_64-fedora-gcc 0.6-15 37.28 OK
r-devel-windows-ix86+x86_64 0.6-15 13.00 47.00 60.00 OK
r-patched-linux-x86_64 0.6-15 3.53 18.00 21.53 OK
r-patched-solaris-x86 0.6-15 60.90 OK
r-release-linux-x86_64 0.6-15 3.46 18.29 21.74 OK
r-release-windows-ix86+x86_64 0.6-15 12.00 59.00 71.00 OK
r-release-osx-x86_64 0.6-15 NOTE
r-oldrel-windows-ix86+x86_64 0.6-15 14.00 56.00 70.00 OK
r-oldrel-osx-x86_64 0.6-15 OK

Check Details

Version: 0.6-15
Check: re-building of vignette outputs
Result: NOTE
    Error in re-building vignettes:
     ...
    Error in texi2dvi(file = file, pdf = TRUE, clean = clean, quiet = quiet, :
     Running 'texi2dvi' on 'mmap.tex' failed.
    LaTeX errors:
    ! LaTeX Error: File `fullpage.sty' not found.
    
    Type X to quit or <RETURN> to proceed,
    or enter new name. (Default extension: sty)
    
    ! Emergency stop.
    <read *>
    
    l.8 \hypersetup
     {colorlinks,%^^M
    ! ==> Fatal error occurred, no output PDF file produced!
    Calls: buildVignettes -> texi2pdf -> texi2dvi
    Execution halted
Flavor: r-release-osx-x86_64