CRAN Package Check Results for Package mmap

Last updated on 2014-10-23 03:48:51.

Flavor Version Tinstall Tcheck Ttotal Status Flags
r-devel-linux-x86_64-debian-clang 0.6-12 2.87 11.53 14.40 OK
r-devel-linux-x86_64-debian-gcc 0.6-12 2.94 11.50 14.44 OK
r-devel-linux-x86_64-fedora-clang 0.6-12 27.10 OK
r-devel-linux-x86_64-fedora-gcc 0.6-12 25.55 OK
r-devel-osx-x86_64-clang 0.6-12 34.94 OK
r-devel-windows-ix86+x86_64 0.6-12 9.00 23.00 32.00 WARN
r-patched-linux-x86_64 0.6-12 3.08 11.54 14.62 OK
r-patched-solaris-sparc 0.6-12 164.20 ERROR
r-patched-solaris-x86 0.6-12 43.10 OK
r-release-linux-ix86 0.6-12 4.74 18.30 23.04 OK
r-release-linux-x86_64 0.6-12 2.97 11.51 14.48 OK
r-release-osx-x86_64-mavericks 0.6-12 OK
r-release-windows-ix86+x86_64 0.6-12 14.00 23.00 37.00 WARN
r-oldrel-windows-ix86+x86_64 0.6-12 10.00 23.00 33.00 OK

Memtest notes: UBSAN-gcc UBSAN-gcc UBSAN UBSAN

Check Details

Version: 0.6-12
Check: whether package can be installed
Result: WARN
    Found the following significant warnings:
     mmap.c:223:48: warning: cast from pointer to integer of different size [-Wpointer-to-int-cast]
     mmap.c:226:46: warning: cast from pointer to integer of different size [-Wpointer-to-int-cast]
Flavors: r-devel-windows-ix86+x86_64, r-release-windows-ix86+x86_64

Version: 0.6-12
Check: tests
Result: ERROR
    Running the tests in ‘tests/integers.R’ failed.
    Last 13 lines of output:
     + stop("m[] == 2^40")
     + munmap(m)
     + cat("OK\n")
     + }
     >
     > test.int8()
     > test.uint8()
     > test.int16()
     > test.uint16()
     checking test.uint16...OK
     > test.int24()
     checking test.int24...Error in test.int24() : m[] == ints
     Execution halted
Flavor: r-patched-solaris-sparc