CRAN Package Check Results for Package mmap

Last updated on 2015-03-27 07:48:51.

Flavor Version Tinstall Tcheck Ttotal Status Flags
r-devel-linux-x86_64-debian-clang 0.6-12 2.82 11.57 14.39 NOTE
r-devel-linux-x86_64-debian-gcc 0.6-12 3.16 10.60 13.76 NOTE
r-devel-linux-x86_64-fedora-clang 0.6-12 26.79 NOTE
r-devel-linux-x86_64-fedora-gcc 0.6-12 26.27 NOTE
r-devel-osx-x86_64-clang 0.6-12 38.19 NOTE
r-prerel-windows-ix86+x86_64 0.6-12 9.00 26.00 35.00 WARN
r-prerel-linux-x86_64 0.6-12 2.87 10.60 13.48 NOTE
r-prerel-solaris-sparc 0.6-12 176.70 ERROR
r-prerel-solaris-x86 0.6-12 39.60 NOTE
r-release-linux-x86_64 0.6-12 2.99 11.88 14.88 OK
r-release-osx-x86_64-mavericks 0.6-12 OK
r-release-windows-ix86+x86_64 0.6-12 14.00 27.00 41.00 WARN
r-oldrel-windows-ix86+x86_64 0.6-12 10.00 23.00 33.00 OK

Memtest notes: UBSAN-gcc UBSAN-gcc UBSAN UBSAN

Check Details

Version: 0.6-12
Check: DESCRIPTION meta-information
Result: NOTE
    Malformed Description field: should contain one or more complete sentences.
Flavors: r-devel-linux-x86_64-debian-clang, r-devel-linux-x86_64-debian-gcc, r-devel-linux-x86_64-fedora-clang, r-devel-linux-x86_64-fedora-gcc, r-devel-osx-x86_64-clang, r-prerel-windows-ix86+x86_64, r-prerel-linux-x86_64, r-prerel-solaris-sparc, r-prerel-solaris-x86

Version: 0.6-12
Check: S3 generic/method consistency
Result: NOTE
    Found the following apparent S3 methods exported but not registered:
     dim.mmap dim<-.mmap dimnames.mmap dimnames<-.mmap is.array.mmap
    See section ‘Registering S3 methods’ in the ‘Writing R Extensions’
    manual.
Flavors: r-devel-linux-x86_64-debian-clang, r-devel-linux-x86_64-debian-gcc, r-devel-linux-x86_64-fedora-clang, r-devel-linux-x86_64-fedora-gcc, r-devel-osx-x86_64-clang, r-prerel-linux-x86_64

Version: 0.6-12
Check: whether package can be installed
Result: WARN
    Found the following significant warnings:
     mmap.c:223:48: warning: cast from pointer to integer of different size [-Wpointer-to-int-cast]
     mmap.c:226:46: warning: cast from pointer to integer of different size [-Wpointer-to-int-cast]
Flavors: r-prerel-windows-ix86+x86_64, r-release-windows-ix86+x86_64

Version: 0.6-12
Check: tests
Result: ERROR
    Running the tests in ‘tests/integers.R’ failed.
    Last 13 lines of output:
     + stop("m[] == 2^40")
     + munmap(m)
     + cat("OK\n")
     + }
     >
     > test.int8()
     > test.uint8()
     > test.int16()
     > test.uint16()
     checking test.uint16...OK
     > test.int24()
     checking test.int24...Error in test.int24() : m[] == ints
     Execution halted
Flavor: r-prerel-solaris-sparc