CRAN Package Check Results for Package mmap

Last updated on 2017-11-25 09:49:44 CET.

Flavor Version Tinstall Tcheck Ttotal Status Flags
r-devel-linux-x86_64-debian-clang 0.6-15 4.44 52.14 56.59 OK
r-devel-linux-x86_64-debian-gcc 0.6-15 4.48 50.33 54.81 OK
r-devel-linux-x86_64-fedora-clang 0.6-15 36.33 OK
r-devel-linux-x86_64-fedora-gcc 0.6-15 34.32 OK
r-devel-windows-ix86+x86_64 0.6-15 19.00 48.00 67.00 OK
r-patched-linux-x86_64 0.6-15 4.46 52.68 57.14 OK
r-patched-solaris-x86 0.6-15 58.80 OK
r-release-linux-x86_64 0.6-15 4.40 55.19 59.59 OK
r-release-windows-ix86+x86_64 0.6-15 12.00 59.00 71.00 OK
r-release-osx-x86_64 0.6-15 NOTE
r-oldrel-windows-ix86+x86_64 0.6-15 14.00 56.00 70.00 OK
r-oldrel-osx-x86_64 0.6-15 OK

Check Details

Version: 0.6-15
Check: re-building of vignette outputs
Result: NOTE
    Error in re-building vignettes:
     ...
    Error in texi2dvi(file = file, pdf = TRUE, clean = clean, quiet = quiet, :
     Running 'texi2dvi' on 'mmap.tex' failed.
    LaTeX errors:
    ! LaTeX Error: File `fullpage.sty' not found.
    
    Type X to quit or <RETURN> to proceed,
    or enter new name. (Default extension: sty)
    
    ! Emergency stop.
    <read *>
    
    l.8 \hypersetup
     {colorlinks,%^^M
    ! ==> Fatal error occurred, no output PDF file produced!
    Calls: buildVignettes -> texi2pdf -> texi2dvi
    Execution halted
Flavor: r-release-osx-x86_64