CRAN Package Check Results for Package mmap

Last updated on 2018-04-26 00:47:30 CEST.

Flavor Version Tinstall Tcheck Ttotal Status Flags
r-devel-linux-x86_64-debian-clang 0.6-15 5.80 25.28 31.08 OK
r-devel-linux-x86_64-debian-gcc 0.6-15 4.56 21.52 26.08 OK
r-devel-linux-x86_64-fedora-clang 0.6-15 40.32 OK
r-devel-linux-x86_64-fedora-gcc 0.6-15 38.72 OK
r-devel-windows-ix86+x86_64 0.6-15 20.00 47.00 67.00 OK
r-patched-linux-x86_64 0.6-15 4.98 26.47 31.45 OK
r-patched-solaris-x86 0.6-15 72.80 OK
r-release-linux-x86_64 0.6-15 4.61 26.81 31.42 OK
r-release-windows-ix86+x86_64 0.6-15 20.00 47.00 67.00 OK
r-release-osx-x86_64 0.6-15 OK
r-oldrel-windows-ix86+x86_64 0.6-15 12.00 59.00 71.00 OK
r-oldrel-osx-x86_64 0.6-15 NOTE

Check Details

Version: 0.6-15
Check: re-building of vignette outputs
Result: NOTE
    Error in re-building vignettes:
     ...
    Error in texi2dvi(file = file, pdf = TRUE, clean = clean, quiet = quiet, :
     Running 'texi2dvi' on 'mmap.tex' failed.
    LaTeX errors:
    ! LaTeX Error: File `fullpage.sty' not found.
    
    Type X to quit or <RETURN> to proceed,
    or enter new name. (Default extension: sty)
    
    ! Emergency stop.
    <read *>
    
    l.8 \hypersetup
     {colorlinks,%^^M
    ! ==> Fatal error occurred, no output PDF file produced!
    Calls: buildVignettes -> texi2pdf -> texi2dvi
    Execution halted
Flavor: r-oldrel-osx-x86_64