CRAN Package Check Results for Package mmap

Last updated on 2015-02-27 23:47:54.

Flavor Version Tinstall Tcheck Ttotal Status Flags
r-devel-linux-x86_64-debian-clang 0.6-12 2.66 10.81 13.46 NOTE
r-devel-linux-x86_64-debian-gcc 0.6-12 2.86 10.92 13.78 NOTE
r-devel-linux-x86_64-fedora-clang 0.6-12 26.20 NOTE
r-devel-linux-x86_64-fedora-gcc 0.6-12 25.11 NOTE
r-devel-osx-x86_64-clang 0.6-12 32.67 NOTE
r-devel-windows-ix86+x86_64 0.6-12 10.00 25.00 35.00 WARN
r-patched-linux-x86_64 0.6-12 2.86 12.19 15.04 OK
r-patched-solaris-sparc 0.6-12 164.70 ERROR
r-release-linux-ix86 0.6-12 4.64 18.32 22.96 OK
r-release-linux-x86_64 0.6-12 3.18 11.64 14.82 OK
r-release-osx-x86_64-mavericks 0.6-12 OK
r-release-windows-ix86+x86_64 0.6-12 9.00 24.00 33.00 WARN
r-oldrel-windows-ix86+x86_64 0.6-12 10.00 23.00 33.00 OK

Memtest notes: UBSAN-clang-trunk UBSAN-clang-trunk UBSAN-gcc UBSAN-gcc UBSAN UBSAN

Check Details

Version: 0.6-12
Check: DESCRIPTION meta-information
Result: NOTE
    Malformed Description field: should contain one or more complete sentences.
Flavors: r-devel-linux-x86_64-debian-clang, r-devel-linux-x86_64-debian-gcc, r-devel-linux-x86_64-fedora-clang, r-devel-linux-x86_64-fedora-gcc, r-devel-osx-x86_64-clang, r-devel-windows-ix86+x86_64

Version: 0.6-12
Check: S3 generic/method consistency
Result: NOTE
    Found the following apparent S3 methods exported but not registered:
     dim.mmap dim<-.mmap dimnames.mmap dimnames<-.mmap is.array.mmap
    See section ‘Registering S3 methods’ in the ‘Writing R Extensions’
    manual.
Flavors: r-devel-linux-x86_64-debian-clang, r-devel-linux-x86_64-debian-gcc, r-devel-linux-x86_64-fedora-clang, r-devel-linux-x86_64-fedora-gcc, r-devel-osx-x86_64-clang

Version: 0.6-12
Check: whether package can be installed
Result: WARN
    Found the following significant warnings:
     mmap.c:223:48: warning: cast from pointer to integer of different size [-Wpointer-to-int-cast]
     mmap.c:226:46: warning: cast from pointer to integer of different size [-Wpointer-to-int-cast]
Flavors: r-devel-windows-ix86+x86_64, r-release-windows-ix86+x86_64

Version: 0.6-12
Check: tests
Result: ERROR
    Running the tests in ‘tests/integers.R’ failed.
    Last 13 lines of output:
     + stop("m[] == 2^40")
     + munmap(m)
     + cat("OK\n")
     + }
     >
     > test.int8()
     > test.uint8()
     > test.int16()
     > test.uint16()
     checking test.uint16...OK
     > test.int24()
     checking test.int24...Error in test.int24() : m[] == ints
     Execution halted
Flavor: r-patched-solaris-sparc