CRAN Package Check Results for Package mmap

Last updated on 2014-07-28 15:49:22.

Flavor Version Tinstall Tcheck Ttotal Status Flags
r-devel-linux-x86_64-debian-clang 0.6-12 2.62 10.90 13.52 OK
r-devel-linux-x86_64-debian-gcc 0.6-12 2.89 10.78 13.68 OK
r-devel-linux-x86_64-fedora-clang 0.6-12 26.12 OK
r-devel-linux-x86_64-fedora-gcc 0.6-12 24.59 OK
r-devel-osx-x86_64-clang 0.6-12 33.95 OK
r-devel-windows-ix86+x86_64 0.6-12 9.00 23.00 32.00 WARN
r-patched-linux-x86_64 0.6-12 2.91 10.75 13.66 OK
r-patched-solaris-sparc 0.6-12 133.20 ERROR
r-patched-solaris-x86 0.6-12 42.10 OK
r-release-linux-ix86 0.6-12 4.68 17.58 22.26 OK
r-release-linux-x86_64 0.6-12 2.91 10.99 13.90 OK
r-release-osx-x86_64-mavericks 0.6-12 OK
r-release-windows-ix86+x86_64 0.6-12 14.00 23.00 37.00 WARN
r-oldrel-windows-ix86+x86_64 0.6-12 10.00 23.00 33.00 OK

Memtest notes: UBSAN UBSAN

Check Details

Version: 0.6-12
Check: whether package can be installed
Result: WARNING
    Found the following significant warnings:
     mmap.c:223:48: warning: cast from pointer to integer of different size [-Wpointer-to-int-cast]
     mmap.c:226:46: warning: cast from pointer to integer of different size [-Wpointer-to-int-cast]
    See 'd:/Rcompile/CRANpkg/local/3.2/mmap.Rcheck/00install.out' for details.
Flavor: r-devel-windows-ix86+x86_64

Version: 0.6-12
Check: tests
Result: ERROR
    Running the tests in tests/integers.R failed.
    Last 13 lines of output:
     + stop("m[] == 2^40")
     + munmap(m)
     + cat("OK\n")
     + }
     >
     > test.int8()
     > test.uint8()
     > test.int16()
     > test.uint16()
     checking test.uint16...OK
     > test.int24()
     checking test.int24...Error in test.int24() : m[] == ints
     Execution halted
Flavor: r-patched-solaris-sparc

Version: 0.6-12
Check: whether package can be installed
Result: WARNING
    Found the following significant warnings:
     mmap.c:223:48: warning: cast from pointer to integer of different size [-Wpointer-to-int-cast]
     mmap.c:226:46: warning: cast from pointer to integer of different size [-Wpointer-to-int-cast]
    See 'd:/Rcompile/CRANpkg/local/3.1/mmap.Rcheck/00install.out' for details.
Flavor: r-release-windows-ix86+x86_64