CRAN Package Check Results for Package mmap

Last updated on 2015-01-29 10:48:15.

Flavor Version Tinstall Tcheck Ttotal Status Flags
r-devel-linux-x86_64-debian-clang 0.6-12 2.74 11.70 14.44 NOTE
r-devel-linux-x86_64-debian-gcc 0.6-12 2.88 11.02 13.90 NOTE
r-devel-linux-x86_64-fedora-clang 0.6-12 29.04 NOTE
r-devel-linux-x86_64-fedora-gcc 0.6-12 27.45 NOTE
r-devel-osx-x86_64-clang 0.6-12 34.13 NOTE
r-devel-windows-ix86+x86_64 0.6-12 9.00 24.00 33.00 WARN
r-patched-linux-x86_64 0.6-12 2.95 12.05 15.00 OK
r-patched-solaris-sparc 0.6-12 164.70 ERROR
r-patched-solaris-x86 0.6-12 46.20 OK
r-release-linux-ix86 0.6-12 4.65 17.93 22.58 OK
r-release-linux-x86_64 0.6-12 2.91 11.48 14.39 OK
r-release-osx-x86_64-mavericks 0.6-12 OK
r-release-windows-ix86+x86_64 0.6-12 9.00 24.00 33.00 WARN
r-oldrel-windows-ix86+x86_64 0.6-12 10.00 23.00 33.00 OK

Memtest notes: UBSAN-clang-trunk UBSAN-clang-trunk UBSAN-gcc UBSAN-gcc UBSAN UBSAN

Check Details

Version: 0.6-12
Check: S3 generic/method consistency
Result: NOTE
    Found the following apparent S3 methods exported but not registered:
     dim.mmap dim<-.mmap dimnames.mmap dimnames<-.mmap is.array.mmap
    See section ‘Registering S3 methods’ in the ‘Writing R Extensions’
    manual.
Flavors: r-devel-linux-x86_64-debian-clang, r-devel-linux-x86_64-debian-gcc, r-devel-linux-x86_64-fedora-clang, r-devel-linux-x86_64-fedora-gcc, r-devel-osx-x86_64-clang

Version: 0.6-12
Check: whether package can be installed
Result: WARN
    Found the following significant warnings:
     mmap.c:223:48: warning: cast from pointer to integer of different size [-Wpointer-to-int-cast]
     mmap.c:226:46: warning: cast from pointer to integer of different size [-Wpointer-to-int-cast]
Flavors: r-devel-windows-ix86+x86_64, r-release-windows-ix86+x86_64

Version: 0.6-12
Check: tests
Result: ERROR
    Running the tests in ‘tests/integers.R’ failed.
    Last 13 lines of output:
     + stop("m[] == 2^40")
     + munmap(m)
     + cat("OK\n")
     + }
     >
     > test.int8()
     > test.uint8()
     > test.int16()
     > test.uint16()
     checking test.uint16...OK
     > test.int24()
     checking test.int24...Error in test.int24() : m[] == ints
     Execution halted
Flavor: r-patched-solaris-sparc