CRAN Package Check Results for Package mmap

Last updated on 2015-04-27 17:48:23.

Flavor Version Tinstall Tcheck Ttotal Status Flags
r-devel-linux-x86_64-debian-clang 0.6-12 2.65 11.11 13.76 NOTE
r-devel-linux-x86_64-debian-gcc 0.6-12 2.82 10.73 13.56 NOTE
r-devel-linux-x86_64-fedora-clang 0.6-12 26.94 NOTE
r-devel-linux-x86_64-fedora-gcc 0.6-12 24.93 NOTE
r-devel-osx-x86_64-clang 0.6-12 32.95 NOTE
r-devel-windows-ix86+x86_64 0.6-12 10.00 25.00 35.00 WARN
r-patched-linux-x86_64 0.6-12 2.88 10.84 13.72 NOTE
r-patched-solaris-sparc 0.6-12 176.70 ERROR
r-patched-solaris-x86 0.6-12 39.80 NOTE
r-release-linux-x86_64 0.6-12 2.84 10.73 13.57 NOTE
r-release-osx-x86_64-mavericks 0.6-12 NOTE
r-release-osx-x86_64-snowleopard 0.6-12 NOTE
r-release-windows-ix86+x86_64 0.6-12 8.00 27.00 35.00 WARN
r-oldrel-windows-ix86+x86_64 0.6-12 14.00 27.00 41.00 WARN

Memtest notes: UBSAN-gcc UBSAN-gcc UBSAN UBSAN

Check Details

Version: 0.6-12
Check: DESCRIPTION meta-information
Result: NOTE
    Malformed Description field: should contain one or more complete sentences.
Flavors: r-devel-linux-x86_64-debian-clang, r-devel-linux-x86_64-debian-gcc, r-devel-linux-x86_64-fedora-clang, r-devel-linux-x86_64-fedora-gcc, r-devel-osx-x86_64-clang, r-devel-windows-ix86+x86_64, r-patched-solaris-sparc, r-patched-solaris-x86, r-release-linux-x86_64, r-release-osx-x86_64-mavericks, r-release-osx-x86_64-snowleopard, r-release-windows-ix86+x86_64

Version: 0.6-12
Check: S3 generic/method consistency
Result: NOTE
    Found the following apparent S3 methods exported but not registered:
     dim.mmap dim<-.mmap dimnames.mmap dimnames<-.mmap is.array.mmap
    See section ‘Registering S3 methods’ in the ‘Writing R Extensions’
    manual.
Flavors: r-devel-linux-x86_64-debian-clang, r-devel-linux-x86_64-debian-gcc, r-devel-linux-x86_64-fedora-clang, r-devel-linux-x86_64-fedora-gcc, r-devel-osx-x86_64-clang, r-patched-solaris-x86, r-release-linux-x86_64

Version: 0.6-12
Check: whether package can be installed
Result: WARN
    Found the following significant warnings:
     mmap.c:223:48: warning: cast from pointer to integer of different size [-Wpointer-to-int-cast]
     mmap.c:226:46: warning: cast from pointer to integer of different size [-Wpointer-to-int-cast]
Flavors: r-devel-windows-ix86+x86_64, r-release-windows-ix86+x86_64, r-oldrel-windows-ix86+x86_64

Version: 0.6-12
Check: tests
Result: ERROR
    Running the tests in ‘tests/integers.R’ failed.
    Last 13 lines of output:
     + stop("m[] == 2^40")
     + munmap(m)
     + cat("OK\n")
     + }
     >
     > test.int8()
     > test.uint8()
     > test.int16()
     > test.uint16()
     checking test.uint16...OK
     > test.int24()
     checking test.int24...Error in test.int24() : m[] == ints
     Execution halted
Flavor: r-patched-solaris-sparc