CRAN Package Check Results for Package mmap

Last updated on 2014-11-28 03:47:38.

Flavor Version Tinstall Tcheck Ttotal Status Flags
r-devel-linux-x86_64-debian-clang 0.6-12 2.69 11.74 14.44 OK
r-devel-linux-x86_64-debian-gcc 0.6-12 3.00 12.48 15.48 OK
r-devel-linux-x86_64-fedora-clang 0.6-12 28.84 OK
r-devel-linux-x86_64-fedora-gcc 0.6-12 28.53 OK
r-devel-osx-x86_64-clang 0.6-12 33.83 OK
r-devel-windows-ix86+x86_64 0.6-12 8.00 22.00 30.00 WARN
r-patched-linux-x86_64 0.6-12 2.93 11.49 14.42 OK
r-patched-solaris-sparc 0.6-12 164.20 ERROR
r-patched-solaris-x86 0.6-12 45.00 OK
r-release-linux-ix86 0.6-12 4.62 17.79 22.41 OK
r-release-linux-x86_64 0.6-12 2.92 11.48 14.41 OK
r-release-osx-x86_64-mavericks 0.6-12 OK
r-release-windows-ix86+x86_64 0.6-12 9.00 24.00 33.00 WARN
r-oldrel-windows-ix86+x86_64 0.6-12 10.00 23.00 33.00 OK

Memtest notes: UBSAN-gcc UBSAN-gcc UBSAN UBSAN

Check Details

Version: 0.6-12
Check: whether package can be installed
Result: WARN
    Found the following significant warnings:
     mmap.c:223:48: warning: cast from pointer to integer of different size [-Wpointer-to-int-cast]
     mmap.c:226:46: warning: cast from pointer to integer of different size [-Wpointer-to-int-cast]
Flavors: r-devel-windows-ix86+x86_64, r-release-windows-ix86+x86_64

Version: 0.6-12
Check: tests
Result: ERROR
    Running the tests in ‘tests/integers.R’ failed.
    Last 13 lines of output:
     + stop("m[] == 2^40")
     + munmap(m)
     + cat("OK\n")
     + }
     >
     > test.int8()
     > test.uint8()
     > test.int16()
     > test.uint16()
     checking test.uint16...OK
     > test.int24()
     checking test.int24...Error in test.int24() : m[] == ints
     Execution halted
Flavor: r-patched-solaris-sparc