CRAN Package Check Results for Package mmap

Last updated on 2014-12-20 08:51:05.

Flavor Version Tinstall Tcheck Ttotal Status Flags
r-devel-linux-x86_64-debian-clang 0.6-12 2.78 11.82 14.60 OK
r-devel-linux-x86_64-debian-gcc 0.6-12 2.92 11.33 14.26 OK
r-devel-linux-x86_64-fedora-clang 0.6-12 28.65 OK
r-devel-linux-x86_64-fedora-gcc 0.6-12 27.17 OK
r-devel-osx-x86_64-clang 0.6-12 34.18 OK
r-devel-windows-ix86+x86_64 0.6-12 10.00 48.00 58.00 WARN
r-patched-linux-x86_64 0.6-12 2.89 11.96 14.84 OK
r-patched-solaris-sparc 0.6-12 164.20 ERROR
r-patched-solaris-x86 0.6-12 44.00 OK
r-release-linux-ix86 0.6-12 4.57 17.80 22.37 OK
r-release-linux-x86_64 0.6-12 3.04 11.51 14.55 OK
r-release-osx-x86_64-mavericks 0.6-12 OK
r-release-windows-ix86+x86_64 0.6-12 9.00 24.00 33.00 WARN
r-oldrel-windows-ix86+x86_64 0.6-12 10.00 23.00 33.00 OK

Memtest notes: UBSAN-clang-trunk UBSAN-clang-trunk UBSAN-gcc UBSAN-gcc UBSAN UBSAN

Check Details

Version: 0.6-12
Check: whether package can be installed
Result: WARN
    Found the following significant warnings:
     mmap.c:223:48: warning: cast from pointer to integer of different size [-Wpointer-to-int-cast]
     mmap.c:226:46: warning: cast from pointer to integer of different size [-Wpointer-to-int-cast]
Flavors: r-devel-windows-ix86+x86_64, r-release-windows-ix86+x86_64

Version: 0.6-12
Check: tests
Result: ERROR
    Running the tests in ‘tests/integers.R’ failed.
    Last 13 lines of output:
     + stop("m[] == 2^40")
     + munmap(m)
     + cat("OK\n")
     + }
     >
     > test.int8()
     > test.uint8()
     > test.int16()
     > test.uint16()
     checking test.uint16...OK
     > test.int24()
     checking test.int24...Error in test.int24() : m[] == ints
     Execution halted
Flavor: r-patched-solaris-sparc