Last updated on 2025-01-19 06:48:28 CET.
Flavor | Version | Tinstall | Tcheck | Ttotal | Status | Flags |
---|---|---|---|---|---|---|
r-devel-linux-x86_64-debian-clang | 0.3.0 | 18.32 | 25.07 | 43.39 | NOTE | |
r-devel-linux-x86_64-debian-gcc | 0.3.0 | 12.16 | 19.61 | 31.77 | NOTE | |
r-devel-linux-x86_64-fedora-clang | 0.3.0 | 79.62 | NOTE | |||
r-devel-linux-x86_64-fedora-gcc | 0.3.0 | 86.56 | NOTE | |||
r-devel-windows-x86_64 | 0.3.0 | 31.00 | 65.00 | 96.00 | NOTE | |
r-patched-linux-x86_64 | 0.3.0 | 20.52 | 23.88 | 44.40 | NOTE | |
r-release-linux-x86_64 | 0.3.0 | 18.21 | 23.74 | 41.95 | NOTE | |
r-release-macos-arm64 | 0.3.0 | 26.00 | NOTE | |||
r-release-macos-x86_64 | 0.3.0 | 35.00 | NOTE | |||
r-release-windows-x86_64 | 0.3.0 | 32.00 | 63.00 | 95.00 | NOTE | |
r-oldrel-macos-arm64 | 0.3.0 | 29.00 | NOTE | |||
r-oldrel-macos-x86_64 | 0.3.0 | 45.00 | NOTE | |||
r-oldrel-windows-x86_64 | 0.3.0 | 37.00 | 77.00 | 114.00 | NOTE |
Version: 0.3.0
Check: C++ specification
Result: NOTE
Specified C++11: please drop specification unless essential
Flavors: r-devel-linux-x86_64-debian-clang, r-devel-linux-x86_64-debian-gcc, r-devel-linux-x86_64-fedora-clang, r-devel-linux-x86_64-fedora-gcc, r-devel-windows-x86_64, r-patched-linux-x86_64, r-release-linux-x86_64, r-release-macos-arm64, r-release-macos-x86_64, r-release-windows-x86_64, r-oldrel-macos-arm64, r-oldrel-macos-x86_64, r-oldrel-windows-x86_64
Version: 0.3.0
Check: LazyData
Result: NOTE
'LazyData' is specified without a 'data' directory
Flavors: r-patched-linux-x86_64, r-release-linux-x86_64, r-release-macos-arm64, r-release-macos-x86_64, r-release-windows-x86_64, r-oldrel-macos-arm64, r-oldrel-macos-x86_64, r-oldrel-windows-x86_64