CRAN Package Check Results for Package mmcm

Last updated on 2017-04-24 12:47:44.

Flavor Version Tinstall Tcheck Ttotal Status Flags
r-devel-linux-x86_64-debian-clang 1.2-6 1.24 14.59 15.84 NOTE
r-devel-linux-x86_64-debian-gcc 1.2-6 1.04 13.95 14.99 NOTE
r-devel-linux-x86_64-fedora-clang 1.2-6 29.54 NOTE --no-stop-on-test-error
r-devel-linux-x86_64-fedora-gcc 1.2-6 27.37 NOTE --no-stop-on-test-error
r-devel-windows-ix86+x86_64 1.2-6 6.00 39.00 45.00 OK
r-patched-linux-x86_64 1.2-6 1.04 13.99 15.03 NOTE
r-patched-solaris-sparc 1.2-6 168.30 OK
r-patched-solaris-x86 1.2-6 38.30 OK
r-release-linux-x86_64 1.2-6 1.06 13.88 14.93 NOTE
r-release-windows-ix86+x86_64 1.2-6 5.00 36.00 41.00 OK
r-release-osx-x86_64 1.2-6 OK
r-oldrel-windows-ix86+x86_64 1.2-6 11.00 48.00 59.00 OK
r-oldrel-osx-x86_64 1.2-6 OK

Check Details

Version: 1.2-6
Check: compiled code
Result: NOTE
    File ‘mmcm/libs/mmcm.so’:
     Found no calls to: ‘R_registerRoutines’, ‘R_useDynamicSymbols’
    
    It is good practice to register native routines and to disable symbol
    search.
    
    See ‘Writing portable packages’ in the ‘Writing R Extensions’ manual.
Flavors: r-devel-linux-x86_64-debian-clang, r-devel-linux-x86_64-debian-gcc, r-patched-linux-x86_64, r-release-linux-x86_64

Version: 1.2-6
Flags: --no-stop-on-test-error
Check: compiled code
Result: NOTE
    File ‘mmcm/libs/mmcm.so’:
     Found no calls to: ‘R_registerRoutines’, ‘R_useDynamicSymbols’
    
    It is good practice to register native routines and to disable symbol
    search.
    
    See ‘Writing portable packages’ in the ‘Writing R Extensions’ manual.
Flavors: r-devel-linux-x86_64-fedora-clang, r-devel-linux-x86_64-fedora-gcc