CRAN Package Check Results for Package mmcm

Last updated on 2017-09-22 02:47:39.

Flavor Version Tinstall Tcheck Ttotal Status Flags
r-devel-linux-x86_64-debian-clang 1.2-6 1.25 14.29 15.55 NOTE
r-devel-linux-x86_64-debian-gcc 1.2-6 1.08 14.30 15.39 NOTE
r-devel-linux-x86_64-fedora-clang 1.2-6 28.93 NOTE
r-devel-linux-x86_64-fedora-gcc 1.2-6 26.89 NOTE
r-devel-windows-ix86+x86_64 1.2-6 6.00 41.00 47.00 OK
r-patched-linux-x86_64 1.2-6 1.05 14.44 15.49 NOTE
r-patched-solaris-x86 1.2-6 43.10 OK
r-release-linux-x86_64 1.2-6 1.21 14.36 15.57 NOTE
r-release-windows-ix86+x86_64 1.2-6 6.00 37.00 43.00 OK
r-release-osx-x86_64 1.2-6 OK
r-oldrel-windows-ix86+x86_64 1.2-6 11.00 48.00 59.00 OK
r-oldrel-osx-x86_64 1.2-6 OK

Check Details

Version: 1.2-6
Check: compiled code
Result: NOTE
    File ‘mmcm/libs/mmcm.so’:
     Found no calls to: ‘R_registerRoutines’, ‘R_useDynamicSymbols’
    
    It is good practice to register native routines and to disable symbol
    search.
    
    See ‘Writing portable packages’ in the ‘Writing R Extensions’ manual.
Flavors: r-devel-linux-x86_64-debian-clang, r-devel-linux-x86_64-debian-gcc, r-devel-linux-x86_64-fedora-clang, r-devel-linux-x86_64-fedora-gcc, r-patched-linux-x86_64, r-release-linux-x86_64