CRAN Package Check Results for Package mmcm

Last updated on 2018-02-22 16:47:50 CET.

Flavor Version Tinstall Tcheck Ttotal Status Flags
r-devel-linux-x86_64-debian-clang 1.2-6 1.83 21.31 23.14 NOTE
r-devel-linux-x86_64-debian-gcc 1.2-6 1.41 17.48 18.89 NOTE
r-devel-linux-x86_64-fedora-clang 1.2-6 29.40 NOTE
r-devel-linux-x86_64-fedora-gcc 1.2-6 27.12 NOTE
r-devel-windows-ix86+x86_64 1.2-6 9.00 38.00 47.00 OK
r-patched-linux-x86_64 1.2-6 1.42 21.86 23.28 NOTE
r-patched-solaris-x86 1.2-6 38.00 OK
r-release-linux-x86_64 1.2-6 1.49 21.78 23.27 NOTE
r-release-windows-ix86+x86_64 1.2-6 6.00 37.00 43.00 OK
r-release-osx-x86_64 1.2-6 OK
r-oldrel-windows-ix86+x86_64 1.2-6 5.00 45.00 50.00 OK
r-oldrel-osx-x86_64 1.2-6 OK

Check Details

Version: 1.2-6
Check: compiled code
Result: NOTE
    File ‘mmcm/libs/mmcm.so’:
     Found no calls to: ‘R_registerRoutines’, ‘R_useDynamicSymbols’
    
    It is good practice to register native routines and to disable symbol
    search.
    
    See ‘Writing portable packages’ in the ‘Writing R Extensions’ manual.
Flavors: r-devel-linux-x86_64-debian-clang, r-devel-linux-x86_64-debian-gcc, r-devel-linux-x86_64-fedora-clang, r-devel-linux-x86_64-fedora-gcc, r-patched-linux-x86_64, r-release-linux-x86_64