CRAN Package Check Results for Package mmcm

Last updated on 2014-07-24 19:49:05.

Flavor Version Tinstall Tcheck Ttotal Status Flags
r-devel-linux-x86_64-debian-clang 1.2-4 0.88 12.26 13.14 NOTE
r-devel-linux-x86_64-debian-gcc 1.2-4 0.95 10.52 11.47 NOTE
r-devel-linux-x86_64-fedora-clang 1.2-4 25.56 NOTE
r-devel-linux-x86_64-fedora-gcc 1.2-4 24.29 NOTE
r-devel-osx-x86_64-clang 1.2-4 27.69 NOTE
r-devel-windows-ix86+x86_64 1.2-4 6.00 24.00 30.00 NOTE
r-patched-linux-x86_64 1.2-4 1.04 10.38 11.42 NOTE
r-patched-solaris-sparc 1.2-4 153.20 NOTE
r-patched-solaris-x86 1.2-4 36.00 NOTE
r-release-linux-ix86 1.2-4 1.50 18.37 19.86 NOTE
r-release-linux-x86_64 1.2-4 1.06 10.92 11.98 NOTE
r-release-osx-x86_64-mavericks 1.2-4 NOTE
r-release-osx-x86_64-snowleopard 1.2-4 OK
r-release-windows-ix86+x86_64 1.2-4 9.00 25.00 34.00 NOTE
r-oldrel-windows-ix86+x86_64 1.2-4 6.00 26.00 32.00 NOTE

Check Details

Version: 1.2-4
Check: dependencies in R code
Result: NOTE
    Package in Depends field not imported from: ‘mvtnorm’
     These packages need to be imported from (in the NAMESPACE file)
     for when this namespace is loaded but not attached.
    See the information on DESCRIPTION files in the chapter ‘Creating R
    packages’ of the ‘Writing R Extensions’ manual.
Flavors: r-devel-linux-x86_64-debian-clang, r-devel-linux-x86_64-debian-gcc, r-devel-linux-x86_64-fedora-clang, r-devel-linux-x86_64-fedora-gcc, r-devel-osx-x86_64-clang, r-devel-windows-ix86+x86_64, r-patched-linux-x86_64, r-patched-solaris-sparc, r-patched-solaris-x86, r-release-linux-ix86, r-release-linux-x86_64, r-release-osx-x86_64-mavericks, r-release-windows-ix86+x86_64, r-oldrel-windows-ix86+x86_64