CRAN Package Check Results for Package mmcm

Last updated on 2014-09-03 01:47:52.

Flavor Version Tinstall Tcheck Ttotal Status Flags
r-devel-linux-x86_64-debian-clang 1.2-4 0.87 11.72 12.60 NOTE
r-devel-linux-x86_64-debian-gcc 1.2-4 0.94 10.64 11.59 NOTE
r-devel-linux-x86_64-fedora-clang 1.2-4 24.65 NOTE
r-devel-linux-x86_64-fedora-gcc 1.2-4 23.18 NOTE
r-devel-osx-x86_64-clang 1.2-4 26.66 NOTE
r-devel-windows-ix86+x86_64 1.2-4 6.00 23.00 29.00 NOTE
r-patched-linux-x86_64 1.2-4 1.01 10.67 11.68 NOTE
r-patched-solaris-sparc 1.2-4 172.40 NOTE
r-patched-solaris-x86 1.2-4 36.90 NOTE
r-release-linux-ix86 1.2-4 1.52 18.78 20.30 NOTE
r-release-linux-x86_64 1.2-4 1.00 10.94 11.94 NOTE
r-release-osx-x86_64-mavericks 1.2-4 NOTE
r-release-osx-x86_64-snowleopard 1.2-4 OK
r-release-windows-ix86+x86_64 1.2-4 9.00 25.00 34.00 NOTE
r-oldrel-windows-ix86+x86_64 1.2-4 6.00 26.00 32.00 NOTE

Check Details

Version: 1.2-4
Check: dependencies in R code
Result: NOTE
    Package in Depends field not imported from: ‘mvtnorm’
     These packages need to be imported from (in the NAMESPACE file)
     for when this namespace is loaded but not attached.
    See the information on DESCRIPTION files in the chapter ‘Creating R
    packages’ of the ‘Writing R Extensions’ manual.
Flavors: r-devel-linux-x86_64-debian-clang, r-devel-linux-x86_64-debian-gcc, r-devel-linux-x86_64-fedora-clang, r-devel-linux-x86_64-fedora-gcc, r-devel-osx-x86_64-clang, r-devel-windows-ix86+x86_64, r-patched-linux-x86_64, r-patched-solaris-sparc, r-patched-solaris-x86, r-release-linux-ix86, r-release-linux-x86_64, r-release-osx-x86_64-mavericks, r-release-windows-ix86+x86_64, r-oldrel-windows-ix86+x86_64

Version: 1.2-4
Check: R code for possible problems
Result: NOTE
    mcm.mvt: no visible global function definition for ‘GenzBretz’
    mcm.mvt: no visible global function definition for ‘pmvt’
    mmcm.mvt: no visible global function definition for ‘GenzBretz’
    mmcm.mvt: no visible global function definition for ‘pmvt’
Flavors: r-devel-linux-x86_64-debian-clang, r-devel-linux-x86_64-debian-gcc, r-devel-linux-x86_64-fedora-clang, r-devel-linux-x86_64-fedora-gcc, r-devel-osx-x86_64-clang, r-devel-windows-ix86+x86_64