CRAN Package Check Results for Package mmcm

Last updated on 2014-04-23 20:47:16.

Flavor Version Tinstall Tcheck Ttotal Status Flags
r-devel-linux-x86_64-debian-clang 1.2-4 0.98 12.89 13.87 NOTE
r-devel-linux-x86_64-debian-gcc 1.2-4 1.10 11.61 12.71 NOTE
r-devel-linux-x86_64-fedora-clang 1.2-4 26.12 NOTE
r-devel-linux-x86_64-fedora-gcc 1.2-4 24.68 NOTE
r-devel-osx-x86_64-clang 1.2-4 26.51 NOTE
r-devel-osx-x86_64-gcc 1.2-4 NOTE
r-devel-windows-ix86+x86_64 1.2-4 5.00 24.00 29.00 NOTE
r-patched-linux-x86_64 1.2-4 1.05 11.83 12.88 NOTE
r-patched-solaris-sparc 1.2-4 153.20 NOTE
r-patched-solaris-x86 1.2-4 37.20 NOTE
r-release-linux-ix86 1.2-4 2.00 26.00 28.00 NOTE
r-release-linux-x86_64 1.2-4 1.05 11.71 12.76 NOTE
r-release-osx-x86_64-mavericks 1.2-4 NOTE
r-release-osx-x86_64-snowleopard 1.2-4 OK
r-release-windows-ix86+x86_64 1.2-4 8.00 23.00 31.00 NOTE
r-oldrel-windows-ix86+x86_64 1.2-4 6.00 23.00 29.00 NOTE

Check Details

Version: 1.2-4
Check: dependencies in R code
Result: NOTE
    Package in Depends field not imported from: ‘mvtnorm’
     These packages need to be imported from (in the NAMESPACE file)
     for when this namespace is loaded but not attached.
    See the information on DESCRIPTION files in the chapter ‘Creating R
    packages’ of the ‘Writing R Extensions’ manual.
Flavors: r-devel-linux-x86_64-debian-clang, r-devel-linux-x86_64-debian-gcc, r-devel-linux-x86_64-fedora-clang, r-devel-linux-x86_64-fedora-gcc, r-devel-osx-x86_64-clang, r-devel-osx-x86_64-gcc, r-devel-windows-ix86+x86_64, r-patched-linux-x86_64, r-patched-solaris-sparc, r-patched-solaris-x86, r-release-linux-ix86, r-release-linux-x86_64, r-release-osx-x86_64-mavericks, r-release-windows-ix86+x86_64, r-oldrel-windows-ix86+x86_64