CRAN Package Check Results for Package mmcm

Last updated on 2017-02-24 23:52:38.

Flavor Version Tinstall Tcheck Ttotal Status Flags
r-devel-linux-x86_64-debian-clang 1.2-6 1.36 15.56 16.92 NOTE
r-devel-linux-x86_64-debian-gcc 1.2-6 1.12 14.47 15.59 NOTE
r-devel-linux-x86_64-fedora-clang 1.2-6 32.00 NOTE --no-stop-on-test-error
r-devel-linux-x86_64-fedora-gcc 1.2-6 26.66 NOTE --no-stop-on-test-error
r-devel-macos-x86_64-clang 1.2-6 24.80 NOTE --no-stop-on-test-error
r-devel-windows-ix86+x86_64 1.2-6 6.00 48.00 54.00 OK
r-patched-linux-x86_64 1.2-6 1.07 12.15 13.21 OK
r-patched-solaris-sparc 1.2-6 135.80 OK
r-patched-solaris-x86 1.2-6 33.80 OK
r-release-linux-x86_64 1.2-6 1.04 11.89 12.93 OK
r-release-osx-x86_64-mavericks 1.2-6 OK
r-release-windows-ix86+x86_64 1.2-6 5.00 33.00 38.00 OK
r-oldrel-windows-ix86+x86_64 1.2-6 6.00 34.00 40.00 OK

Check Details

Version: 1.2-6
Check: compiled code
Result: NOTE
    File ‘mmcm/libs/mmcm.so’:
     Found no calls to: ‘R_registerRoutines’, ‘R_useDynamicSymbols’
    
    It is good practice to register native routines and to disable symbol
    search.
    
    See ‘Writing portable packages’ in the ‘Writing R Extensions’ manual.
Flavors: r-devel-linux-x86_64-debian-clang, r-devel-linux-x86_64-debian-gcc

Version: 1.2-6
Flags: --no-stop-on-test-error
Check: compiled code
Result: NOTE
    File ‘mmcm/libs/mmcm.so’:
     Found no calls to: ‘R_registerRoutines’, ‘R_useDynamicSymbols’
    
    It is good practice to register native routines and to disable symbol
    search.
    
    See ‘Writing portable packages’ in the ‘Writing R Extensions’ manual.
Flavors: r-devel-linux-x86_64-fedora-clang, r-devel-linux-x86_64-fedora-gcc, r-devel-macos-x86_64-clang