CRAN Package Check Results for Package mmcm

Last updated on 2017-05-27 05:54:33.

Flavor Version Tinstall Tcheck Ttotal Status Flags
r-devel-linux-x86_64-debian-clang 1.2-6 1.42 15.53 16.95 NOTE
r-devel-linux-x86_64-debian-gcc 1.2-6 1.22 15.48 16.70 NOTE
r-devel-linux-x86_64-fedora-clang 1.2-6 29.13 NOTE
r-devel-linux-x86_64-fedora-gcc 1.2-6 26.73 NOTE
r-devel-windows-ix86+x86_64 1.2-6 12.00 36.00 48.00 OK
r-patched-linux-x86_64 1.2-6 1.23 14.35 15.58 NOTE
r-patched-solaris-sparc 1.2-6 168.30 OK
r-patched-solaris-x86 1.2-6 37.50 OK
r-release-linux-x86_64 1.2-6 1.16 14.10 15.26 NOTE
r-release-windows-ix86+x86_64 1.2-6 5.00 36.00 41.00 OK
r-release-osx-x86_64 1.2-6 OK
r-oldrel-windows-ix86+x86_64 1.2-6 11.00 48.00 59.00 OK
r-oldrel-osx-x86_64 1.2-6 OK

Check Details

Version: 1.2-6
Check: compiled code
Result: NOTE
    File ‘mmcm/libs/mmcm.so’:
     Found no calls to: ‘R_registerRoutines’, ‘R_useDynamicSymbols’
    
    It is good practice to register native routines and to disable symbol
    search.
    
    See ‘Writing portable packages’ in the ‘Writing R Extensions’ manual.
Flavors: r-devel-linux-x86_64-debian-clang, r-devel-linux-x86_64-debian-gcc, r-devel-linux-x86_64-fedora-clang, r-devel-linux-x86_64-fedora-gcc, r-patched-linux-x86_64, r-release-linux-x86_64