CRAN Package Check Results for Package mmcm

Last updated on 2017-03-27 03:49:52.

Flavor Version Tinstall Tcheck Ttotal Status Flags
r-devel-linux-x86_64-debian-clang 1.2-6 1.21 14.97 16.18 NOTE
r-devel-linux-x86_64-debian-gcc 1.2-6 1.22 14.37 15.58 NOTE
r-devel-linux-x86_64-fedora-clang 1.2-6 28.68 NOTE --no-stop-on-test-error
r-devel-linux-x86_64-fedora-gcc 1.2-6 27.52 NOTE --no-stop-on-test-error
r-devel-macos-x86_64-clang 1.2-6 24.41 NOTE --no-stop-on-test-error
r-devel-windows-ix86+x86_64 1.2-6 6.00 35.00 41.00 OK
r-patched-linux-x86_64 1.2-6 1.05 14.03 15.08 NOTE
r-patched-solaris-sparc 1.2-6 168.30 OK
r-patched-solaris-x86 1.2-6 38.50 OK
r-release-linux-x86_64 1.2-6 1.07 11.29 12.36 OK
r-release-osx-x86_64-mavericks 1.2-6 OK
r-release-windows-ix86+x86_64 1.2-6 11.00 48.00 59.00 OK
r-oldrel-windows-ix86+x86_64 1.2-6 10.00 32.00 42.00 OK

Check Details

Version: 1.2-6
Check: compiled code
Result: NOTE
    File ‘mmcm/libs/mmcm.so’:
     Found no calls to: ‘R_registerRoutines’, ‘R_useDynamicSymbols’
    
    It is good practice to register native routines and to disable symbol
    search.
    
    See ‘Writing portable packages’ in the ‘Writing R Extensions’ manual.
Flavors: r-devel-linux-x86_64-debian-clang, r-devel-linux-x86_64-debian-gcc, r-patched-linux-x86_64

Version: 1.2-6
Flags: --no-stop-on-test-error
Check: compiled code
Result: NOTE
    File ‘mmcm/libs/mmcm.so’:
     Found no calls to: ‘R_registerRoutines’, ‘R_useDynamicSymbols’
    
    It is good practice to register native routines and to disable symbol
    search.
    
    See ‘Writing portable packages’ in the ‘Writing R Extensions’ manual.
Flavors: r-devel-linux-x86_64-fedora-clang, r-devel-linux-x86_64-fedora-gcc, r-devel-macos-x86_64-clang