CRAN Package Check Results for Package mmcm

Last updated on 2015-07-07 21:46:41.

Flavor Version Tinstall Tcheck Ttotal Status Flags
r-devel-linux-x86_64-debian-clang 1.2-5 0.92 11.92 12.84 NOTE
r-devel-linux-x86_64-debian-gcc 1.2-5 1.01 10.87 11.88 NOTE
r-devel-linux-x86_64-fedora-clang 1.2-5 22.75 NOTE
r-devel-linux-x86_64-fedora-gcc 1.2-5 21.35 NOTE
r-devel-osx-x86_64-clang 1.2-5 24.65 OK
r-devel-windows-ix86+x86_64 1.2-5 6.00 34.00 40.00 NOTE
r-patched-linux-x86_64 1.2-5 0.99 10.58 11.57 OK
r-patched-solaris-sparc 1.2-5 185.30 OK
r-patched-solaris-x86 1.2-5 35.90 OK
r-release-linux-x86_64 1.2-5 0.96 10.76 11.72 OK
r-release-osx-x86_64-mavericks 1.2-5 OK
r-release-windows-ix86+x86_64 1.2-5 5.00 28.00 33.00 OK
r-oldrel-windows-ix86+x86_64 1.2-5 10.00 27.00 37.00 OK

Check Details

Version: 1.2-5
Check: R code for possible problems
Result: NOTE
    mcm.mvt: no visible binding for global variable ‘var’
    mmcm.mvt: no visible binding for global variable ‘var’
    mmcm.resamp: no visible binding for global variable ‘var’
    Undefined global functions or variables:
     var
Flavors: r-devel-linux-x86_64-debian-clang, r-devel-linux-x86_64-debian-gcc, r-devel-linux-x86_64-fedora-clang, r-devel-linux-x86_64-fedora-gcc, r-devel-windows-ix86+x86_64