CRAN Package Check Results for Package mmcm

Last updated on 2015-08-02 03:48:16.

Flavor Version Tinstall Tcheck Ttotal Status Flags
r-devel-linux-x86_64-debian-clang 1.2-5 0.92 12.40 13.32 NOTE
r-devel-linux-x86_64-debian-gcc 1.2-5 0.98 11.15 12.13 NOTE
r-devel-linux-x86_64-fedora-clang 1.2-5 24.90 NOTE
r-devel-linux-x86_64-fedora-gcc 1.2-5 22.81 NOTE
r-devel-osx-x86_64-clang 1.2-5 25.39 OK
r-devel-windows-ix86+x86_64 1.2-5 6.00 27.00 33.00 NOTE
r-patched-linux-x86_64 1.2-5 1.06 12.14 13.20 OK
r-patched-solaris-sparc 1.2-5 162.80 OK
r-patched-solaris-x86 1.2-5 37.60 OK
r-release-linux-x86_64 1.2-5 1.00 11.40 12.40 OK
r-release-osx-x86_64-mavericks 1.2-5 OK
r-release-windows-ix86+x86_64 1.2-5 10.00 24.00 34.00 OK
r-oldrel-windows-ix86+x86_64 1.2-5 11.00 28.00 39.00 OK

Check Details

Version: 1.2-5
Check: R code for possible problems
Result: NOTE
    mcm.mvt: no visible binding for global variable ‘var’
    mmcm.mvt: no visible binding for global variable ‘var’
    mmcm.resamp: no visible binding for global variable ‘var’
    Undefined global functions or variables:
     var
    Consider adding
     importFrom("stats", "var")
    to your NAMESPACE.
Flavors: r-devel-linux-x86_64-debian-clang, r-devel-linux-x86_64-debian-gcc, r-devel-linux-x86_64-fedora-clang, r-devel-linux-x86_64-fedora-gcc, r-devel-windows-ix86+x86_64