CRAN Package Check Results for Package mmetrics

Last updated on 2020-02-18 18:51:32 CET.

Flavor Version Tinstall Tcheck Ttotal Status Flags
r-devel-linux-x86_64-debian-clang 0.3.0 2.35 27.74 30.09 OK
r-devel-linux-x86_64-debian-gcc 0.3.0 1.73 22.14 23.87 OK
r-devel-linux-x86_64-fedora-clang 0.3.0 38.06 NOTE
r-devel-linux-x86_64-fedora-gcc 0.3.0 37.04 NOTE
r-devel-windows-ix86+x86_64 0.3.0 5.00 44.00 49.00 OK
r-devel-windows-ix86+x86_64-gcc8 0.3.0 8.00 59.00 67.00 OK
r-patched-linux-x86_64 0.3.0 1.81 24.95 26.76 OK
r-patched-solaris-x86 0.3.0 54.20 NOTE
r-release-linux-x86_64 0.3.0 1.77 25.85 27.62 OK
r-release-windows-ix86+x86_64 0.3.0 4.00 38.00 42.00 OK
r-release-osx-x86_64 0.3.0 NOTE
r-oldrel-windows-ix86+x86_64 0.3.0 2.00 41.00 43.00 OK
r-oldrel-osx-x86_64 0.3.0 NOTE

Check Details

Version: 0.3.0
Check: dependencies in R code
Result: NOTE
    Namespaces in Imports field not imported from:
     ‘magrittr’ ‘stringr’
     All declared Imports should be used.
Flavors: r-devel-linux-x86_64-fedora-clang, r-devel-linux-x86_64-fedora-gcc, r-patched-solaris-x86, r-release-osx-x86_64, r-oldrel-osx-x86_64