CRAN Package Check Results for Package mmmgee

Last updated on 2021-12-04 04:52:30 CET.

Flavor Version Tinstall Tcheck Ttotal Status Flags
r-devel-linux-x86_64-debian-clang 1.20 8.97 74.14 83.11 OK
r-devel-linux-x86_64-debian-gcc 1.20 7.66 57.40 65.06 OK
r-devel-linux-x86_64-fedora-clang 1.20 111.94 NOTE
r-devel-linux-x86_64-fedora-gcc 1.20 99.88 OK
r-devel-windows-x86_64-new-UL 1.20 14.00 112.00 126.00 OK
r-devel-windows-x86_64-new-TK 1.20 OK
r-devel-windows-x86_64-old 1.20 13.00 70.00 83.00 OK
r-patched-linux-x86_64 1.20 8.55 73.75 82.30 OK
r-release-linux-x86_64 1.20 8.37 72.18 80.55 OK
r-release-macos-arm64 1.20 OK
r-release-macos-x86_64 1.20 OK
r-release-windows-ix86+x86_64 1.20 18.00 101.00 119.00 OK
r-oldrel-macos-x86_64 1.20 OK
r-oldrel-windows-ix86+x86_64 1.20 19.00 97.00 116.00 OK

Check Details

Version: 1.20
Check: Rd cross-references
Result: NOTE
    Undeclared package ‘geeM’ in Rd xrefs
Flavor: r-devel-linux-x86_64-fedora-clang