CRAN Package Check Results for Package mmod

Last updated on 2015-04-21 12:48:47.

Flavor Version Tinstall Tcheck Ttotal Status Flags
r-devel-linux-x86_64-debian-clang 1.2.1 2.02 49.99 52.01 NOTE
r-devel-linux-x86_64-debian-gcc 1.2.1 1.86 49.68 51.54 NOTE
r-devel-linux-x86_64-fedora-clang 1.2.1 107.34 NOTE
r-devel-linux-x86_64-fedora-gcc 1.2.1 100.76 NOTE
r-devel-osx-x86_64-clang 1.2.1 93.23 NOTE
r-devel-windows-ix86+x86_64 1.2.1 9.00 93.00 102.00 NOTE
r-patched-linux-x86_64 1.2.1 1.98 49.13 51.12 NOTE
r-patched-solaris-sparc 1.2.1 703.50 NOTE
r-patched-solaris-x86 1.2.1 131.00 NOTE
r-release-linux-x86_64 1.2.1 1.82 48.35 50.18 NOTE
r-release-osx-x86_64-mavericks 1.2.1 NOTE
r-release-osx-x86_64-snowleopard 1.2.1 ERROR
r-release-windows-ix86+x86_64 1.2.1 4.00 75.00 79.00 NOTE
r-oldrel-windows-ix86+x86_64 1.2.1 11.00 109.00 120.00 OK

Check Details

Version: 1.2.1
Check: DESCRIPTION meta-information
Result: NOTE
    Malformed Description field: should contain one or more complete sentences.
Flavors: r-devel-linux-x86_64-debian-clang, r-devel-linux-x86_64-debian-gcc, r-devel-linux-x86_64-fedora-clang, r-devel-linux-x86_64-fedora-gcc, r-devel-osx-x86_64-clang, r-devel-windows-ix86+x86_64, r-patched-linux-x86_64, r-patched-solaris-sparc, r-patched-solaris-x86, r-release-linux-x86_64, r-release-osx-x86_64-mavericks, r-release-windows-ix86+x86_64

Version: 1.2.1
Check: package dependencies
Result: ERROR
    Packages required but not available: ‘adegenet’ ‘pegas’
    
    See section ‘The DESCRIPTION file’ in the ‘Writing R Extensions’
    manual.
Flavor: r-release-osx-x86_64-snowleopard