CRAN Package Check Results for Package mmod

Last updated on 2015-02-26 23:47:48.

Flavor Version Tinstall Tcheck Ttotal Status Flags
r-devel-linux-x86_64-debian-clang 1.2.1 1.93 50.04 51.97 NOTE
r-devel-linux-x86_64-debian-gcc 1.2.1 1.74 48.38 50.12 NOTE
r-devel-linux-x86_64-fedora-clang 1.2.1 106.53 NOTE
r-devel-linux-x86_64-fedora-gcc 1.2.1 99.14 NOTE
r-devel-osx-x86_64-clang 1.2.1 94.34 NOTE
r-devel-windows-ix86+x86_64 1.2.1 9.00 84.00 93.00 NOTE
r-patched-linux-x86_64 1.2.1 3.91 68.07 71.98 OK
r-patched-solaris-sparc 1.2.1 813.80 OK
r-patched-solaris-x86 1.2.1 172.20 OK
r-release-linux-ix86 1.2.1 2.96 79.61 82.57 OK
r-release-linux-x86_64 1.2.1 3.86 0.26 4.12 OK
r-release-osx-x86_64-mavericks 1.2.1 OK
r-release-osx-x86_64-snowleopard 1.2.1 OK
r-release-windows-ix86+x86_64 1.2.1 14.00 118.00 132.00 OK
r-oldrel-windows-ix86+x86_64 1.2.1 12.00 115.00 127.00 OK

Check Details

Version: 1.2.1
Check: DESCRIPTION meta-information
Result: NOTE
    Malformed Description field: should contain one or more complete sentences.
Flavors: r-devel-linux-x86_64-debian-clang, r-devel-linux-x86_64-debian-gcc, r-devel-linux-x86_64-fedora-clang, r-devel-linux-x86_64-fedora-gcc, r-devel-osx-x86_64-clang, r-devel-windows-ix86+x86_64