CRAN Package Check Results for Package mmod

Last updated on 2014-04-17 02:47:49.

Flavor Version Tinstall Tcheck Ttotal Status Flags
r-devel-linux-x86_64-debian-clang 1.2 3.04 37.76 40.81 NOTE
r-devel-linux-x86_64-debian-gcc 1.2 2.79 36.83 39.62 NOTE
r-devel-linux-x86_64-fedora-clang 1.2 83.25 NOTE
r-devel-linux-x86_64-fedora-gcc 1.2 78.70 NOTE
r-devel-macosx-x86_64-clang 1.2 84.59 NOTE
r-devel-macosx-x86_64-gcc 1.2 ERROR
r-devel-windows-ix86+x86_64 1.2 12.00 52.00 64.00 NOTE
r-patched-linux-x86_64 1.2 2.85 36.84 39.69 NOTE
r-patched-solaris-sparc 1.2 406.40 NOTE
r-patched-solaris-x86 1.2 104.80 NOTE
r-release-linux-ix86 1.2 7.00 69.00 76.00 NOTE
r-release-linux-x86_64 1.2 3.01 37.44 40.46 NOTE
r-release-macosx-x86_64 1.2 NOTE
r-release-windows-ix86+x86_64 1.2 11.00 58.00 69.00 NOTE
r-oldrel-windows-ix86+x86_64 1.2 12.00 98.00 110.00 NOTE

Check Details

Version: 1.2
Check: DESCRIPTION meta-information
Result: NOTE
    License components which are templates and need '+ file LICENSE':
     MIT
Flavors: r-devel-linux-x86_64-debian-clang, r-devel-linux-x86_64-debian-gcc, r-devel-linux-x86_64-fedora-clang, r-devel-linux-x86_64-fedora-gcc, r-devel-macosx-x86_64-clang, r-patched-linux-x86_64, r-patched-solaris-sparc, r-patched-solaris-x86, r-release-linux-ix86, r-release-linux-x86_64

Version: 1.2
Check: dependencies in R code
Result: NOTE
    Packages in Depends field not imported from:
     ‘adegenet’ ‘pegas’
     These packages need to be imported from (in the NAMESPACE file)
     for when this namespace is loaded but not attached.
    See the information on DESCRIPTION files in the chapter ‘Creating R
    packages’ of the ‘Writing R Extensions’ manual.
Flavors: r-devel-linux-x86_64-debian-clang, r-devel-linux-x86_64-debian-gcc, r-devel-linux-x86_64-fedora-clang, r-devel-linux-x86_64-fedora-gcc, r-devel-macosx-x86_64-clang, r-devel-windows-ix86+x86_64, r-patched-linux-x86_64, r-patched-solaris-sparc, r-patched-solaris-x86, r-release-linux-ix86, r-release-linux-x86_64, r-release-windows-ix86+x86_64, r-oldrel-windows-ix86+x86_64

Version: 1.2
Check: for old-style vignette sources
Result: NOTE
    Vignette sources only in ‘inst/doc’:
     ‘mmod-demo.Rnw’
    A ‘vignettes’ directory is required as from R 3.1.0
    and these will not be indexed nor checked
Flavors: r-devel-linux-x86_64-debian-clang, r-devel-linux-x86_64-debian-gcc, r-devel-linux-x86_64-fedora-clang, r-devel-linux-x86_64-fedora-gcc, r-devel-macosx-x86_64-clang, r-devel-windows-ix86+x86_64, r-patched-linux-x86_64, r-patched-solaris-sparc, r-patched-solaris-x86, r-release-linux-ix86, r-release-linux-x86_64, r-release-macosx-x86_64, r-release-windows-ix86+x86_64

Version: 1.2
Check: package dependencies
Result: ERROR
    Packages required but not available: ‘adegenet’ ‘pegas’
    
    See the information on DESCRIPTION files in the chapter ‘Creating R
    packages’ of the ‘Writing R Extensions’ manual.
Flavor: r-devel-macosx-x86_64-gcc

Version: 1.2
Check: DESCRIPTION meta-information
Result: NOTE
    Licenses which are templates and need '+ file LICENSE':
     MIT
Flavor: r-release-macosx-x86_64

Version: 1.2
Check: for old-style vignette sources
Result: NOTE
    Vignette sources only in 'inst/doc':
     'mmod-demo.Rnw'
    A 'vignettes' directory will be required as from R 3.1.0
Flavor: r-oldrel-windows-ix86+x86_64