CRAN Package Check Results for Package mmod

Last updated on 2015-03-27 03:47:49.

Flavor Version Tinstall Tcheck Ttotal Status Flags
r-devel-linux-x86_64-debian-clang 1.2.1 1.92 53.47 55.40 NOTE
r-devel-linux-x86_64-debian-gcc 1.2.1 1.72 47.98 49.70 NOTE
r-devel-linux-x86_64-fedora-clang 1.2.1 106.54 NOTE
r-devel-linux-x86_64-fedora-gcc 1.2.1 100.66 NOTE
r-devel-osx-x86_64-clang 1.2.1 100.97 NOTE
r-prerel-windows-ix86+x86_64 1.2.1 8.00 79.00 87.00 NOTE
r-prerel-linux-x86_64 1.2.1 1.83 47.82 49.65 NOTE
r-prerel-solaris-sparc 1.2.1 703.50 NOTE
r-prerel-solaris-x86 1.2.1 133.70 NOTE
r-release-linux-x86_64 1.2.1 3.56 66.05 69.60 OK
r-release-osx-x86_64-mavericks 1.2.1 OK
r-release-osx-x86_64-snowleopard 1.2.1 OK
r-release-windows-ix86+x86_64 1.2.1 13.00 110.00 123.00 OK
r-oldrel-windows-ix86+x86_64 1.2.1 12.00 118.00 130.00 OK

Check Details

Version: 1.2.1
Check: DESCRIPTION meta-information
Result: NOTE
    Malformed Description field: should contain one or more complete sentences.
Flavors: r-devel-linux-x86_64-debian-clang, r-devel-linux-x86_64-debian-gcc, r-devel-linux-x86_64-fedora-clang, r-devel-linux-x86_64-fedora-gcc, r-devel-osx-x86_64-clang, r-prerel-windows-ix86+x86_64, r-prerel-linux-x86_64, r-prerel-solaris-sparc, r-prerel-solaris-x86