CRAN Package Check Results for Package mmrm

Last updated on 2024-02-26 21:52:57 CET.

Flavor Version Tinstall Tcheck Ttotal Status Flags
r-devel-linux-x86_64-debian-clang 0.3.10 573.32 241.61 814.93 OK
r-devel-linux-x86_64-debian-gcc 0.3.10 512.83 198.78 711.61 OK
r-devel-linux-x86_64-fedora-clang 0.3.10 1023.16 NOTE
r-devel-linux-x86_64-fedora-gcc 0.3.10 1330.07 OK
r-devel-windows-x86_64 0.3.10 420.00 282.00 702.00 NOTE
r-patched-linux-x86_64 0.3.10 471.89 249.31 721.20 OK
r-release-linux-x86_64 0.3.10 452.69 248.36 701.05 OK
r-release-macos-arm64 0.3.10 270.00 NOTE
r-release-macos-x86_64 0.3.10 419.00 NOTE
r-release-windows-x86_64 0.3.10 537.00 363.00 900.00 NOTE
r-oldrel-macos-arm64 0.3.10 267.00 NOTE
r-oldrel-windows-x86_64 0.3.10 498.00 323.00 821.00 NOTE

Check Details

Version: 0.3.10
Check: installed package size
Result: NOTE installed size is 7.2Mb sub-directories of 1Mb or more: libs 5.4Mb Flavors: r-devel-linux-x86_64-fedora-clang, r-devel-windows-x86_64, r-release-macos-arm64, r-release-macos-x86_64, r-release-windows-x86_64, r-oldrel-macos-arm64, r-oldrel-windows-x86_64