Last updated on 2023-06-07 17:55:43 CEST.
Flavor | Version | Tinstall | Tcheck | Ttotal | Status | Flags |
---|---|---|---|---|---|---|
r-devel-linux-x86_64-debian-clang | 1.0.9 | 3.03 | 56.62 | 59.65 | OK | |
r-devel-linux-x86_64-debian-gcc | 1.0.9 | 2.44 | 42.95 | 45.39 | OK | |
r-devel-linux-x86_64-fedora-clang | 1.0.9 | 75.53 | NOTE | |||
r-devel-linux-x86_64-fedora-gcc | 1.0.9 | 73.03 | NOTE | |||
r-devel-windows-x86_64 | 1.0.9 | 5.00 | 66.00 | 71.00 | OK | |
r-patched-linux-x86_64 | 1.0.9 | 3.46 | 54.52 | 57.98 | OK | |
r-release-linux-x86_64 | 1.0.9 | 1.90 | 53.97 | 55.87 | OK | |
r-release-macos-arm64 | 1.0.9 | 26.00 | OK | |||
r-release-macos-x86_64 | 1.0.9 | 37.00 | OK | |||
r-release-windows-x86_64 | 1.0.9 | 6.00 | 74.00 | 80.00 | OK | |
r-oldrel-macos-arm64 | 1.0.9 | 21.00 | OK | |||
r-oldrel-macos-x86_64 | 1.0.9 | 34.00 | OK | |||
r-oldrel-windows-x86_64 | 1.0.9 | 5.00 | 77.00 | 82.00 | OK |
Version: 1.0.9
Check: dependencies in R code
Result: NOTE
Namespaces in Imports field not imported from:
‘MASS’ ‘Matrix’ ‘magrittr’ ‘reticulate’ ‘tensorflow’ ‘usethis’
All declared Imports should be used.
Flavors: r-devel-linux-x86_64-fedora-clang, r-devel-linux-x86_64-fedora-gcc