CRAN Package Check Results for Package mnorm

Last updated on 2022-12-08 04:57:09 CET.

Flavor Version Tinstall Tcheck Ttotal Status Flags
r-devel-linux-x86_64-debian-clang 1.0.1 134.89 31.37 166.26 OK
r-devel-linux-x86_64-debian-gcc 1.0.1 107.84 24.84 132.68 OK
r-devel-linux-x86_64-fedora-clang 1.0.1 250.75 OK
r-devel-linux-x86_64-fedora-gcc 1.0.1 233.40 OK
r-devel-windows-x86_64 1.0.1 109.00 86.00 195.00 OK
r-patched-linux-x86_64 1.0.1 114.13 27.82 141.95 OK
r-release-linux-x86_64 1.0.1 114.78 29.00 143.78 OK
r-release-macos-arm64 1.0.1 63.00 NOTE
r-release-macos-x86_64 1.0.1 74.00 NOTE
r-release-windows-x86_64 1.0.1 112.00 81.00 193.00 OK
r-oldrel-macos-arm64 1.0.1 57.00 NOTE
r-oldrel-macos-x86_64 1.0.1 74.00 NOTE
r-oldrel-windows-ix86+x86_64 1.0.1 311.00 87.00 398.00 OK

Check Details

Version: 1.0.1
Check: installed package size
Result: NOTE
     installed size is 6.9Mb
     sub-directories of 1Mb or more:
     libs 6.8Mb
Flavors: r-release-macos-arm64, r-release-macos-x86_64, r-oldrel-macos-arm64, r-oldrel-macos-x86_64