CRAN Package Check Results for Package mnormt

Last updated on 2017-05-24 07:49:54.

Flavor Version Tinstall Tcheck Ttotal Status Flags
r-devel-linux-x86_64-debian-clang 1.5-5 2.02 11.58 13.60 NOTE
r-devel-linux-x86_64-debian-gcc 1.5-5 1.93 11.42 13.35 NOTE
r-devel-linux-x86_64-fedora-clang 1.5-5 21.91 NOTE --no-stop-on-test-error
r-devel-linux-x86_64-fedora-gcc 1.5-5 20.84 NOTE --no-stop-on-test-error
r-devel-windows-ix86+x86_64 1.5-5 17.00 29.00 46.00 OK
r-patched-linux-x86_64 1.5-5 2.30 11.58 13.89 NOTE
r-patched-solaris-sparc 1.5-5 135.40 OK
r-patched-solaris-x86 1.5-5 30.20 OK
r-release-linux-x86_64 1.5-5 1.96 11.44 13.40 NOTE
r-release-windows-ix86+x86_64 1.5-5 9.00 28.00 37.00 OK
r-release-osx-x86_64 1.5-5 OK
r-oldrel-windows-ix86+x86_64 1.5-5 7.00 28.00 35.00 OK
r-oldrel-osx-x86_64 1.5-5 OK

Additional issues

valgrind

Check Details

Version: 1.5-5
Check: compiled code
Result: NOTE
    File ‘mnormt/libs/mnormt.so’:
     Found no calls to: ‘R_registerRoutines’, ‘R_useDynamicSymbols’
    
    It is good practice to register native routines and to disable symbol
    search.
    
    See ‘Writing portable packages’ in the ‘Writing R Extensions’ manual.
Flavors: r-devel-linux-x86_64-debian-clang, r-devel-linux-x86_64-debian-gcc, r-patched-linux-x86_64, r-release-linux-x86_64

Version: 1.5-5
Flags: --no-stop-on-test-error
Check: compiled code
Result: NOTE
    File ‘mnormt/libs/mnormt.so’:
     Found no calls to: ‘R_registerRoutines’, ‘R_useDynamicSymbols’
    
    It is good practice to register native routines and to disable symbol
    search.
    
    See ‘Writing portable packages’ in the ‘Writing R Extensions’ manual.
Flavors: r-devel-linux-x86_64-fedora-clang, r-devel-linux-x86_64-fedora-gcc