CRAN Package Check Results for Package mnormt

Last updated on 2018-01-18 02:52:05 CET.

Flavor Version Tinstall Tcheck Ttotal Status Flags
r-devel-linux-x86_64-debian-clang 1.5-5 2.45 16.44 18.89 NOTE
r-devel-linux-x86_64-debian-gcc 1.5-5 1.98 14.39 16.37 NOTE
r-devel-linux-x86_64-fedora-clang 1.5-5 23.74 NOTE
r-devel-linux-x86_64-fedora-gcc 1.5-5 22.51 NOTE
r-devel-windows-ix86+x86_64 1.5-5 11.00 50.00 61.00 OK
r-patched-linux-x86_64 1.5-5 2.31 16.64 18.95 NOTE
r-patched-solaris-x86 1.5-5 34.60 OK
r-release-linux-x86_64 1.5-5 2.57 16.72 19.29 NOTE
r-release-windows-ix86+x86_64 1.5-5 9.00 31.00 40.00 OK
r-release-osx-x86_64 1.5-5 OK
r-oldrel-windows-ix86+x86_64 1.5-5 7.00 28.00 35.00 OK
r-oldrel-osx-x86_64 1.5-5 OK

Additional issues

valgrind

Check Details

Version: 1.5-5
Check: compiled code
Result: NOTE
    File ‘mnormt/libs/mnormt.so’:
     Found no calls to: ‘R_registerRoutines’, ‘R_useDynamicSymbols’
    
    It is good practice to register native routines and to disable symbol
    search.
    
    See ‘Writing portable packages’ in the ‘Writing R Extensions’ manual.
Flavors: r-devel-linux-x86_64-debian-clang, r-devel-linux-x86_64-debian-gcc, r-devel-linux-x86_64-fedora-clang, r-devel-linux-x86_64-fedora-gcc, r-patched-linux-x86_64, r-release-linux-x86_64