CRAN Package Check Results for Package mnormt

Last updated on 2015-07-01 21:46:40.

Flavor Version Tinstall Tcheck Ttotal Status Flags
r-devel-linux-x86_64-debian-clang 1.5-3 1.83 9.26 11.09 NOTE
r-devel-linux-x86_64-debian-gcc 1.5-3 1.90 8.85 10.76 NOTE
r-devel-linux-x86_64-fedora-clang 1.5-3 19.46 NOTE
r-devel-linux-x86_64-fedora-gcc 1.5-3 18.44 NOTE
r-devel-osx-x86_64-clang 1.5-3 22.39 OK
r-devel-windows-ix86+x86_64 1.5-3 11.00 27.00 38.00 OK
r-patched-linux-x86_64 1.5-3 1.89 9.22 11.10 OK
r-patched-solaris-sparc 1.5-3 112.00 OK
r-patched-solaris-x86 1.5-3 30.50 OK
r-release-linux-x86_64 1.5-3 1.88 9.02 10.90 OK
r-release-osx-x86_64-mavericks 1.5-3 OK
r-release-windows-ix86+x86_64 1.5-3 7.00 22.00 29.00 OK
r-oldrel-windows-ix86+x86_64 1.5-3 9.00 23.00 32.00 OK

Memtest notes: valgrind

Check Details

Version: 1.5-3
Check: R code for possible problems
Result: NOTE
    biv.nt.prob: no visible global function definition for ‘cov2cor’
    biv.nt.prob: no visible global function definition for ‘pt’
    dmnorm: no visible global function definition for ‘dnorm’
    dmt: no visible global function definition for ‘dt’
    pmnorm: no visible global function definition for ‘pnorm’
    pmt: no visible global function definition for ‘pt’
    rmnorm: no visible global function definition for ‘rnorm’
    rmt: no visible global function definition for ‘rchisq’
    sadmvn: no visible global function definition for ‘cov2cor’
    sadmvn: no visible global function definition for ‘pnorm’
    sadmvt: no visible global function definition for ‘cov2cor’
    sadmvt: no visible global function definition for ‘pt’
Flavors: r-devel-linux-x86_64-debian-clang, r-devel-linux-x86_64-debian-gcc, r-devel-linux-x86_64-fedora-clang, r-devel-linux-x86_64-fedora-gcc