CRAN Package Check Results for Package mnormt

Last updated on 2019-05-22 02:51:59 CEST.

Flavor Version Tinstall Tcheck Ttotal Status Flags
r-devel-linux-x86_64-debian-clang 1.5-5 3.46 18.25 21.71 OK
r-devel-linux-x86_64-debian-gcc 1.5-5 3.00 14.90 17.90 OK
r-devel-linux-x86_64-fedora-clang 1.5-5 27.10 NOTE
r-devel-linux-x86_64-fedora-gcc 1.5-5 26.02 NOTE
r-devel-windows-ix86+x86_64 1.5-5 18.00 36.00 54.00 OK
r-patched-linux-x86_64 1.5-5 3.52 18.46 21.98 OK
r-patched-solaris-x86 1.5-5 43.40 OK
r-release-linux-x86_64 1.5-5 3.55 18.41 21.96 OK
r-release-windows-ix86+x86_64 1.5-5 19.00 38.00 57.00 OK
r-release-osx-x86_64 1.5-5 OK
r-oldrel-windows-ix86+x86_64 1.5-5 10.00 31.00 41.00 OK
r-oldrel-osx-x86_64 1.5-5 OK

Additional issues

valgrind

Check Details

Version: 1.5-5
Check: compiled code
Result: NOTE
    File ‘mnormt/libs/mnormt.so’:
     Found no calls to: ‘R_registerRoutines’, ‘R_useDynamicSymbols’
    
    It is good practice to register native routines and to disable symbol
    search.
    
    See ‘Writing portable packages’ in the ‘Writing R Extensions’ manual.
Flavors: r-devel-linux-x86_64-fedora-clang, r-devel-linux-x86_64-fedora-gcc