CRAN Package Check Results for Package mnormt

Last updated on 2017-02-22 23:54:05.

Flavor Version Tinstall Tcheck Ttotal Status Flags
r-devel-linux-x86_64-debian-clang 1.5-5 2.11 11.79 13.91 NOTE
r-devel-linux-x86_64-debian-gcc 1.5-5 2.09 11.47 13.56 NOTE
r-devel-linux-x86_64-fedora-clang 1.5-5 24.03 NOTE --no-stop-on-test-error
r-devel-linux-x86_64-fedora-gcc 1.5-5 20.55 NOTE --no-stop-on-test-error
r-devel-macos-x86_64-clang 1.5-5 20.45 NOTE --no-stop-on-test-error
r-devel-windows-ix86+x86_64 1.5-5 13.00 40.00 53.00 OK
r-patched-linux-x86_64 1.5-5 1.84 9.39 11.23 OK
r-patched-solaris-sparc 1.5-5 121.70 OK
r-patched-solaris-x86 1.5-5 27.10 OK
r-release-linux-x86_64 1.5-5 1.87 9.64 11.51 OK
r-release-osx-x86_64-mavericks 1.5-5 OK
r-release-windows-ix86+x86_64 1.5-5 7.00 28.00 35.00 OK
r-oldrel-windows-ix86+x86_64 1.5-5 7.00 27.00 34.00 OK

Memtest notes: valgrind

Check Details

Version: 1.5-5
Check: compiled code
Result: NOTE
    File ‘mnormt/libs/mnormt.so’:
     Found no calls to: ‘R_registerRoutines’, ‘R_useDynamicSymbols’
    
    It is good practice to register native routines and to disable symbol
    search.
    
    See ‘Writing portable packages’ in the ‘Writing R Extensions’ manual.
Flavors: r-devel-linux-x86_64-debian-clang, r-devel-linux-x86_64-debian-gcc

Version: 1.5-5
Flags: --no-stop-on-test-error
Check: compiled code
Result: NOTE
    File ‘mnormt/libs/mnormt.so’:
     Found no calls to: ‘R_registerRoutines’, ‘R_useDynamicSymbols’
    
    It is good practice to register native routines and to disable symbol
    search.
    
    See ‘Writing portable packages’ in the ‘Writing R Extensions’ manual.
Flavors: r-devel-linux-x86_64-fedora-clang, r-devel-linux-x86_64-fedora-gcc, r-devel-macos-x86_64-clang