CRAN Package Check Results for Package mnormt

Last updated on 2019-10-18 18:47:57 CEST.

Flavor Version Tinstall Tcheck Ttotal Status Flags
r-devel-linux-x86_64-debian-clang 1.5-5 3.77 17.97 21.74 OK
r-devel-linux-x86_64-debian-gcc 1.5-5 3.07 14.68 17.75 OK
r-devel-linux-x86_64-fedora-clang 1.5-5 28.56 NOTE
r-devel-linux-x86_64-fedora-gcc 1.5-5 27.88 NOTE
r-devel-windows-ix86+x86_64 1.5-5 18.00 35.00 53.00 OK
r-patched-linux-x86_64 1.5-5 3.46 17.69 21.15 OK
r-patched-solaris-x86 1.5-5 40.40 OK
r-release-linux-x86_64 1.5-5 3.68 17.49 21.17 OK
r-release-windows-ix86+x86_64 1.5-5 11.00 49.00 60.00 OK
r-release-osx-x86_64 1.5-5 OK
r-oldrel-windows-ix86+x86_64 1.5-5 10.00 31.00 41.00 OK
r-oldrel-osx-x86_64 1.5-5 OK

Additional issues

valgrind

Check Details

Version: 1.5-5
Check: compiled code
Result: NOTE
    File ‘mnormt/libs/mnormt.so’:
     Found no calls to: ‘R_registerRoutines’, ‘R_useDynamicSymbols’
    
    It is good practice to register native routines and to disable symbol
    search.
    
    See ‘Writing portable packages’ in the ‘Writing R Extensions’ manual.
Flavors: r-devel-linux-x86_64-fedora-clang, r-devel-linux-x86_64-fedora-gcc