CRAN Package Check Results for Package mnormt

Last updated on 2017-03-29 20:49:37.

Flavor Version Tinstall Tcheck Ttotal Status Flags
r-devel-linux-x86_64-debian-clang 1.5-5 2.06 11.77 13.83 NOTE
r-devel-linux-x86_64-debian-gcc 1.5-5 2.03 11.50 13.53 NOTE
r-devel-linux-x86_64-fedora-clang 1.5-5 22.12 NOTE --no-stop-on-test-error
r-devel-linux-x86_64-fedora-gcc 1.5-5 21.20 NOTE --no-stop-on-test-error
r-devel-macos-x86_64-clang 1.5-5 20.30 NOTE --no-stop-on-test-error
r-devel-windows-ix86+x86_64 1.5-5 9.00 46.00 55.00 OK
r-patched-linux-x86_64 1.5-5 1.98 11.68 13.65 NOTE
r-patched-solaris-sparc 1.5-5 135.40 OK
r-patched-solaris-x86 1.5-5 31.20 OK
r-release-linux-x86_64 1.5-5 1.90 9.51 11.41 OK
r-release-osx-x86_64-mavericks 1.5-5 OK
r-release-windows-ix86+x86_64 1.5-5 7.00 28.00 35.00 OK
r-oldrel-windows-ix86+x86_64 1.5-5 7.00 27.00 34.00 OK

Memtest notes: valgrind

Check Details

Version: 1.5-5
Check: compiled code
Result: NOTE
    File ‘mnormt/libs/mnormt.so’:
     Found no calls to: ‘R_registerRoutines’, ‘R_useDynamicSymbols’
    
    It is good practice to register native routines and to disable symbol
    search.
    
    See ‘Writing portable packages’ in the ‘Writing R Extensions’ manual.
Flavors: r-devel-linux-x86_64-debian-clang, r-devel-linux-x86_64-debian-gcc, r-patched-linux-x86_64

Version: 1.5-5
Flags: --no-stop-on-test-error
Check: compiled code
Result: NOTE
    File ‘mnormt/libs/mnormt.so’:
     Found no calls to: ‘R_registerRoutines’, ‘R_useDynamicSymbols’
    
    It is good practice to register native routines and to disable symbol
    search.
    
    See ‘Writing portable packages’ in the ‘Writing R Extensions’ manual.
Flavors: r-devel-linux-x86_64-fedora-clang, r-devel-linux-x86_64-fedora-gcc, r-devel-macos-x86_64-clang