CRAN Package Check Results for Package mnormt

Last updated on 2017-08-17 00:56:27.

Flavor Version Tinstall Tcheck Ttotal Status Flags
r-devel-linux-x86_64-debian-clang 1.5-5 1.88 13.28 15.17 NOTE
r-devel-linux-x86_64-debian-gcc 1.5-5 2.10 11.84 13.93 NOTE
r-devel-linux-x86_64-fedora-clang 1.5-5 21.76 NOTE
r-devel-linux-x86_64-fedora-gcc 1.5-5 20.78 NOTE
r-devel-windows-ix86+x86_64 1.5-5 16.00 29.00 45.00 OK
r-patched-linux-x86_64 1.5-5 1.79 11.53 13.31 NOTE
r-patched-solaris-x86 1.5-5 31.90 OK
r-release-linux-x86_64 1.5-5 1.78 12.12 13.91 NOTE
r-release-windows-ix86+x86_64 1.5-5 9.00 31.00 40.00 OK
r-release-osx-x86_64 1.5-5 OK
r-oldrel-windows-ix86+x86_64 1.5-5 7.00 28.00 35.00 OK
r-oldrel-osx-x86_64 1.5-5 OK

Additional issues

valgrind

Check Details

Version: 1.5-5
Check: compiled code
Result: NOTE
    File ‘mnormt/libs/mnormt.so’:
     Found no calls to: ‘R_registerRoutines’, ‘R_useDynamicSymbols’
    
    It is good practice to register native routines and to disable symbol
    search.
    
    See ‘Writing portable packages’ in the ‘Writing R Extensions’ manual.
Flavors: r-devel-linux-x86_64-debian-clang, r-devel-linux-x86_64-debian-gcc, r-devel-linux-x86_64-fedora-clang, r-devel-linux-x86_64-fedora-gcc, r-patched-linux-x86_64, r-release-linux-x86_64