CRAN Package Check Results for Package mnormt

Last updated on 2017-06-28 20:48:39.

Flavor Version Tinstall Tcheck Ttotal Status Flags
r-devel-linux-x86_64-debian-clang 1.5-5 2.03 11.80 13.83 NOTE
r-devel-linux-x86_64-debian-gcc 1.5-5 2.09 11.26 13.35 NOTE
r-devel-linux-x86_64-fedora-clang 1.5-5 22.06 NOTE
r-devel-linux-x86_64-fedora-gcc 1.5-5 21.03 NOTE
r-devel-windows-ix86+x86_64 1.5-5 18.00 31.00 49.00 OK
r-patched-linux-x86_64 1.5-5 1.98 12.04 14.01 NOTE
r-patched-solaris-sparc 1.5-5 135.40 OK
r-patched-solaris-x86 1.5-5 29.90 OK
r-release-linux-x86_64 1.5-5 5.97 11.71 17.69 NOTE
r-release-windows-ix86+x86_64 1.5-5 9.00 28.00 37.00 OK
r-release-osx-x86_64 1.5-5 OK
r-oldrel-windows-ix86+x86_64 1.5-5 7.00 28.00 35.00 OK
r-oldrel-osx-x86_64 1.5-5 OK

Additional issues

valgrind

Check Details

Version: 1.5-5
Check: compiled code
Result: NOTE
    File ‘mnormt/libs/mnormt.so’:
     Found no calls to: ‘R_registerRoutines’, ‘R_useDynamicSymbols’
    
    It is good practice to register native routines and to disable symbol
    search.
    
    See ‘Writing portable packages’ in the ‘Writing R Extensions’ manual.
Flavors: r-devel-linux-x86_64-debian-clang, r-devel-linux-x86_64-debian-gcc, r-devel-linux-x86_64-fedora-clang, r-devel-linux-x86_64-fedora-gcc, r-patched-linux-x86_64, r-release-linux-x86_64