CRAN Package Check Results for Package mnormt

Last updated on 2015-08-05 06:47:48.

Flavor Version Tinstall Tcheck Ttotal Status Flags
r-devel-linux-x86_64-debian-clang 1.5-3 1.88 8.96 10.84 NOTE
r-devel-linux-x86_64-debian-gcc 1.5-3 1.87 9.47 11.34 NOTE
r-devel-linux-x86_64-fedora-clang 1.5-3 20.10 NOTE
r-devel-linux-x86_64-fedora-gcc 1.5-3 18.66 NOTE
r-devel-osx-x86_64-clang 1.5-3 21.94 OK
r-devel-windows-ix86+x86_64 1.5-3 8.00 19.00 27.00 NOTE
r-patched-linux-x86_64 1.5-3 1.92 9.54 11.46 OK
r-patched-solaris-sparc 1.5-3 124.10 OK
r-patched-solaris-x86 1.5-3 30.30 OK
r-release-linux-x86_64 1.5-3 1.91 9.54 11.45 OK
r-release-osx-x86_64-mavericks 1.5-3 OK
r-release-windows-ix86+x86_64 1.5-3 7.00 22.00 29.00 OK
r-oldrel-windows-ix86+x86_64 1.5-3 9.00 23.00 32.00 OK

Memtest notes: valgrind

Check Details

Version: 1.5-3
Check: R code for possible problems
Result: NOTE
    biv.nt.prob: no visible global function definition for ‘cov2cor’
    biv.nt.prob: no visible global function definition for ‘pt’
    dmnorm: no visible global function definition for ‘dnorm’
    dmt: no visible global function definition for ‘dt’
    pmnorm: no visible global function definition for ‘pnorm’
    pmt: no visible global function definition for ‘pt’
    rmnorm: no visible global function definition for ‘rnorm’
    rmt: no visible global function definition for ‘rchisq’
    sadmvn: no visible global function definition for ‘cov2cor’
    sadmvn: no visible global function definition for ‘pnorm’
    sadmvt: no visible global function definition for ‘cov2cor’
    sadmvt: no visible global function definition for ‘pt’
    Undefined global functions or variables:
     cov2cor dnorm dt pnorm pt rchisq rnorm
    Consider adding
     importFrom("stats", "cov2cor", "dnorm", "dt", "pnorm", "pt", "rchisq",
     "rnorm")
    to your NAMESPACE.
Flavors: r-devel-linux-x86_64-debian-clang, r-devel-linux-x86_64-debian-gcc, r-devel-linux-x86_64-fedora-clang, r-devel-linux-x86_64-fedora-gcc, r-devel-windows-ix86+x86_64