CRAN Package Check Results for Package mnormt

Last updated on 2016-02-13 07:49:52.

Flavor Version Tinstall Tcheck Ttotal Status Flags
r-devel-linux-x86_64-debian-gcc 1.5-3 1.80 8.53 10.32 NOTE
r-devel-linux-x86_64-fedora-clang 1.5-3 17.99 NOTE
r-devel-linux-x86_64-fedora-gcc 1.5-3 17.14 NOTE
r-devel-osx-x86_64-clang 1.5-3 22.53 NOTE
r-devel-windows-ix86+x86_64 1.5-3 11.00 21.00 32.00 NOTE
r-patched-linux-x86_64 1.5-3 1.97 8.81 10.78 OK
r-patched-solaris-sparc 1.5-3 120.60 OK
r-patched-solaris-x86 1.5-3 26.30 OK
r-release-linux-x86_64 1.5-3 1.96 8.93 10.88 OK
r-release-osx-x86_64-mavericks 1.5-3 OK
r-release-windows-ix86+x86_64 1.5-3 9.00 19.00 28.00 OK
r-oldrel-windows-ix86+x86_64 1.5-3 9.00 23.00 32.00 OK

Memtest notes: valgrind

Check Details

Version: 1.5-3
Check: R code for possible problems
Result: NOTE
    biv.nt.prob: no visible global function definition for ‘cov2cor’
    biv.nt.prob: no visible global function definition for ‘pt’
    dmnorm: no visible global function definition for ‘dnorm’
    dmt: no visible global function definition for ‘dt’
    pmnorm: no visible global function definition for ‘pnorm’
    pmt: no visible global function definition for ‘pt’
    rmnorm: no visible global function definition for ‘rnorm’
    rmt: no visible global function definition for ‘rchisq’
    sadmvn: no visible global function definition for ‘cov2cor’
    sadmvn: no visible global function definition for ‘pnorm’
    sadmvt: no visible global function definition for ‘cov2cor’
    sadmvt: no visible global function definition for ‘pt’
    Undefined global functions or variables:
     cov2cor dnorm dt pnorm pt rchisq rnorm
    Consider adding
     importFrom("stats", "cov2cor", "dnorm", "dt", "pnorm", "pt", "rchisq",
     "rnorm")
    to your NAMESPACE file.
Flavors: r-devel-linux-x86_64-debian-gcc, r-devel-linux-x86_64-fedora-clang, r-devel-linux-x86_64-fedora-gcc, r-devel-osx-x86_64-clang, r-devel-windows-ix86+x86_64