CRAN Package Check Results for Package mobForest

Last updated on 2014-07-23 15:47:48.

Flavor Version Tinstall Tcheck Ttotal Status Flags
r-devel-linux-x86_64-debian-clang 1.2 1.98 31.55 33.53 NOTE
r-devel-linux-x86_64-debian-gcc 1.2 1.96 32.12 34.08 NOTE
r-devel-linux-x86_64-fedora-clang 1.2 63.01 NOTE
r-devel-linux-x86_64-fedora-gcc 1.2 60.31 NOTE
r-devel-osx-x86_64-clang 1.2 67.96 NOTE
r-devel-windows-ix86+x86_64 1.2 8.00 51.00 59.00 NOTE
r-patched-linux-x86_64 1.2 1.96 32.08 34.04 NOTE
r-patched-solaris-sparc 1.2 389.00 NOTE
r-patched-solaris-x86 1.2 94.50 NOTE
r-release-linux-ix86 1.2 2.55 41.49 44.04 NOTE
r-release-linux-x86_64 1.2 2.49 34.39 36.88 NOTE
r-release-osx-x86_64-mavericks 1.2 NOTE
r-release-osx-x86_64-snowleopard 1.2 NOTE
r-release-windows-ix86+x86_64 1.2 7.00 50.00 57.00 NOTE
r-oldrel-windows-ix86+x86_64 1.2 8.00 50.00 58.00 NOTE

Check Details

Version: 1.2
Check: dependencies in R code
Result: NOTE
    'library' or 'require' calls to packages already attached by Depends:
     ‘lattice’ ‘party’
     Please remove these calls from your code.
    Namespace in Imports field not imported from: ‘methods’
     All declared Imports should be used.
    Packages in Depends field not imported from:
     ‘lattice’ ‘party’
     These packages need to be imported from (in the NAMESPACE file)
     for when this namespace is loaded but not attached.
    ':::' call which should be '::': ‘modeltools:::ParseFormula’
     See the note in ?`:::` about the use of this operator.
    Unexported objects imported by ':::' calls:
     ‘party:::mob_fit_childweights’ ‘party:::mob_fit_setupnode’
     See the note in ?`:::` about the use of this operator.
    See the information on DESCRIPTION files in the chapter ‘Creating R
    packages’ of the ‘Writing R Extensions’ manual.
Flavors: r-devel-linux-x86_64-debian-clang, r-devel-linux-x86_64-debian-gcc, r-devel-linux-x86_64-fedora-clang, r-devel-linux-x86_64-fedora-gcc, r-devel-osx-x86_64-clang, r-devel-windows-ix86+x86_64, r-patched-linux-x86_64, r-patched-solaris-sparc, r-patched-solaris-x86, r-release-linux-ix86, r-release-linux-x86_64, r-release-osx-x86_64-mavericks, r-release-windows-ix86+x86_64, r-oldrel-windows-ix86+x86_64

Version: 1.2
Check: Rd line widths
Result: NOTE
    Rd file 'mobForestAnalysis.Rd':
     \usage lines wider than 90 characters:
     mobForestAnalysis(formula, partitionVariables, data, mobForest.controls = mobForest_control(), newTestData = as.data.frame(matrix(0, 0, ... [TRUNCATED]
    
    These lines will be truncated in the PDF manual.
Flavors: r-devel-linux-x86_64-fedora-clang, r-devel-linux-x86_64-fedora-gcc

Version: 1.2
Check: dependencies in R code
Result: NOTE
    'library' or 'require' calls to packages already attached by Depends:
     'lattice' 'party'
     Please remove these calls from your code.
    ':::' call which should be '::': 'modeltools:::ParseFormula'
     See the note in ?`:::` about the use of this operator.
    Unexported objects imported by ':::' calls:
     'party:::mob_fit_childweights' 'party:::mob_fit_setupnode'
     See the note in ?`:::` about the use of this operator.
    See the information on DESCRIPTION files in the chapter 'Creating R
    packages' of the 'Writing R Extensions' manual.
Flavor: r-release-osx-x86_64-snowleopard