CRAN Package Check Results for Package mobForest

Last updated on 2014-04-21 09:48:04.

Flavor Version Tinstall Tcheck Ttotal Status Flags
r-devel-linux-x86_64-debian-clang 1.2 2.11 33.54 35.66 NOTE
r-devel-linux-x86_64-debian-gcc 1.2 2.14 34.10 36.24 NOTE
r-devel-linux-x86_64-fedora-clang 1.2 62.48 NOTE
r-devel-linux-x86_64-fedora-gcc 1.2 59.84 NOTE
r-devel-macosx-x86_64-clang 1.2 64.01 NOTE
r-devel-macosx-x86_64-gcc 1.2 ERROR
r-devel-windows-ix86+x86_64 1.2 8.00 48.00 56.00 NOTE
r-patched-linux-x86_64 1.2 2.09 33.90 35.99 NOTE
r-patched-solaris-sparc 1.2 389.00 NOTE
r-patched-solaris-x86 1.2 97.30 NOTE
r-release-linux-ix86 NOTE
r-release-linux-x86_64 1.2 2.12 32.47 34.59 NOTE
r-release-macosx-x86_64 1.2 NOTE
r-release-windows-ix86+x86_64 1.2 9.00 46.00 55.00 NOTE
r-oldrel-windows-ix86+x86_64 1.2 8.00 50.00 58.00 NOTE

Check Details

Version: 1.2
Check: dependencies in R code
Result: NOTE
    'library' or 'require' calls to packages already attached by Depends:
     ‘lattice’ ‘party’
     Please remove these calls from your code.
    Namespace in Imports field not imported from: ‘methods’
     All declared Imports should be used.
    Packages in Depends field not imported from:
     ‘lattice’ ‘party’
     These packages need to be imported from (in the NAMESPACE file)
     for when this namespace is loaded but not attached.
    ':::' call which should be '::': ‘modeltools:::ParseFormula’
     See the note in ?`:::` about the use of this operator.
    Unexported objects imported by ':::' calls:
     ‘party:::mob_fit_childweights’ ‘party:::mob_fit_setupnode’
     See the note in ?`:::` about the use of this operator.
    See the information on DESCRIPTION files in the chapter ‘Creating R
    packages’ of the ‘Writing R Extensions’ manual.
Flavors: r-devel-linux-x86_64-debian-clang, r-devel-linux-x86_64-debian-gcc, r-devel-linux-x86_64-fedora-clang, r-devel-linux-x86_64-fedora-gcc, r-devel-macosx-x86_64-clang, r-devel-windows-ix86+x86_64, r-patched-linux-x86_64, r-patched-solaris-sparc, r-patched-solaris-x86, r-release-linux-ix86, r-release-linux-x86_64, r-release-windows-ix86+x86_64, r-oldrel-windows-ix86+x86_64

Version: 1.2
Check: Rd line widths
Result: NOTE
    Rd file 'mobForestAnalysis.Rd':
     \usage lines wider than 90 characters:
     mobForestAnalysis(formula, partitionVariables, data, mobForest.controls = mobForest_control(), newTestData = as.data.frame(matrix(0, 0, ... [TRUNCATED]
    
    These lines will be truncated in the PDF manual.
Flavors: r-devel-linux-x86_64-fedora-clang, r-devel-linux-x86_64-fedora-gcc

Version: 1.2
Check: package dependencies
Result: ERROR
    Package required but not available: ‘party’
    
    See the information on DESCRIPTION files in the chapter ‘Creating R
    packages’ of the ‘Writing R Extensions’ manual.
Flavor: r-devel-macosx-x86_64-gcc

Version: 1.2
Check: dependencies in R code
Result: NOTE
    'library' or 'require' calls to packages already attached by Depends:
     'lattice' 'party'
     Please remove these calls from your code.
    ':::' call which should be '::': 'modeltools:::ParseFormula'
     See the note in ?`:::` about the use of this operator.
    Unexported objects imported by ':::' calls:
     'party:::mob_fit_childweights' 'party:::mob_fit_setupnode'
     See the note in ?`:::` about the use of this operator.
    See the information on DESCRIPTION files in the chapter 'Creating R
    packages' of the 'Writing R Extensions' manual.
Flavor: r-release-macosx-x86_64