CRAN Package Check Results for Package mobirep

Last updated on 2021-10-26 21:51:09 CEST.

Flavor Version Tinstall Tcheck Ttotal Status Flags
r-devel-linux-x86_64-debian-clang 0.2.3 11.33 174.53 185.86 OK
r-devel-linux-x86_64-debian-gcc 0.2.3 9.14 128.36 137.50 OK
r-devel-linux-x86_64-fedora-clang 0.2.3 233.82 NOTE
r-devel-linux-x86_64-fedora-gcc 0.2.3 225.37 OK
r-devel-windows-x86_64 0.2.3 18.00 209.00 227.00 OK
r-devel-windows-x86_64-gcc10-UCRT 0.2.3 OK
r-patched-linux-x86_64 0.2.3 10.34 164.12 174.46 OK
r-patched-solaris-x86 0.2.3 318.00 OK
r-release-linux-x86_64 0.2.3 11.77 165.02 176.79 OK
r-release-macos-arm64 0.2.3 OK
r-release-macos-x86_64 0.2.3 OK
r-release-windows-ix86+x86_64 0.2.3 20.00 216.00 236.00 OK
r-oldrel-macos-x86_64 0.2.3 OK
r-oldrel-windows-ix86+x86_64 0.2.3 30.00 218.00 248.00 OK

Check Details

Version: 0.2.3
Check: Rd cross-references
Result: NOTE
    Undeclared package ‘geomorph’ in Rd xrefs
Flavor: r-devel-linux-x86_64-fedora-clang