CRAN Package Check Results for Package mod

Last updated on 2024-03-01 13:54:28 CET.

Flavor Version Tinstall Tcheck Ttotal Status Flags
r-devel-linux-x86_64-debian-clang 0.1.3 1.85 25.22 27.07 NOTE
r-devel-linux-x86_64-debian-gcc 0.1.3 1.78 19.69 21.47 NOTE
r-devel-linux-x86_64-fedora-clang 0.1.3 34.22 NOTE
r-devel-linux-x86_64-fedora-gcc 0.1.3 32.53 NOTE
r-devel-windows-x86_64 0.1.3 4.00 44.00 48.00 NOTE
r-patched-linux-x86_64 0.1.3 1.93 24.86 26.79 NOTE
r-release-linux-x86_64 0.1.3 1.98 24.33 26.31 NOTE
r-release-macos-arm64 0.1.3 18.00 NOTE
r-release-macos-x86_64 0.1.3 22.00 NOTE
r-release-windows-x86_64 0.1.3 2.00 45.00 47.00 NOTE
r-oldrel-macos-arm64 0.1.3 17.00 NOTE
r-oldrel-windows-x86_64 0.1.3 4.00 46.00 50.00 NOTE

Check Details

Version: 0.1.3
Check: LazyData
Result: NOTE 'LazyData' is specified without a 'data' directory Flavors: r-devel-linux-x86_64-debian-clang, r-devel-linux-x86_64-debian-gcc, r-devel-linux-x86_64-fedora-clang, r-devel-linux-x86_64-fedora-gcc, r-devel-windows-x86_64, r-patched-linux-x86_64, r-release-linux-x86_64, r-release-macos-arm64, r-release-macos-x86_64, r-release-windows-x86_64, r-oldrel-macos-arm64, r-oldrel-windows-x86_64