CRAN Package Check Results for Package modTempEff

Last updated on 2014-08-21 01:47:46.

Flavor Version Tinstall Tcheck Ttotal Status Flags
r-devel-linux-x86_64-debian-clang 1.5.1 3.50 39.76 43.26 NOTE
r-devel-linux-x86_64-debian-gcc 1.5.1 3.35 38.98 42.33 NOTE
r-devel-linux-x86_64-fedora-clang 1.5.1 113.43 NOTE
r-devel-linux-x86_64-fedora-gcc 1.5.1 107.73 NOTE
r-devel-osx-x86_64-clang 1.5.1 83.06 NOTE
r-devel-windows-ix86+x86_64 1.5.1 8.00 58.00 66.00 NOTE
r-patched-linux-x86_64 1.5.1 3.47 40.73 44.20 NOTE
r-patched-solaris-sparc 1.5.1 577.00 NOTE --no-vignettes
r-patched-solaris-x86 1.5.1 141.60 NOTE
r-release-linux-ix86 1.5.1 4.16 50.83 54.98 NOTE
r-release-linux-x86_64 1.5.1 3.59 44.39 47.98 NOTE
r-release-osx-x86_64-mavericks 1.5.1 NOTE
r-release-osx-x86_64-snowleopard 1.5.1 ERROR
r-release-windows-ix86+x86_64 1.5.1 10.00 62.00 72.00 NOTE
r-oldrel-windows-ix86+x86_64 1.5.1 10.00 247.00 257.00 NOTE

Check Details

Version: 1.5.1
Check: R code for possible problems
Result: NOTE
    Found an obsolete/platform-specific call in the following function:
     ‘plot.modTempEff’
    Found the platform-specific device:
     ‘x11’
    dev.new() is the preferred way to open a new device, in the unlikely
    event one is needed.
    anova.modTempEff : anova.glmlist1: no visible global function
     definition for ‘anova.glm’
Flavors: r-devel-linux-x86_64-debian-clang, r-devel-linux-x86_64-debian-gcc, r-devel-linux-x86_64-fedora-clang, r-devel-linux-x86_64-fedora-gcc, r-devel-osx-x86_64-clang, r-patched-linux-x86_64, r-patched-solaris-x86, r-release-linux-ix86, r-release-linux-x86_64

Version: 1.5.1
Check: for old-style vignette sources
Result: NOTE
    Vignette sources only in ‘inst/doc’:
     ‘modTempEff.Rnw’
    A ‘vignettes’ directory is required as from R 3.1.0
    and these will not be indexed nor checked
Flavors: r-devel-linux-x86_64-debian-clang, r-devel-linux-x86_64-debian-gcc, r-devel-linux-x86_64-fedora-clang, r-devel-linux-x86_64-fedora-gcc, r-devel-osx-x86_64-clang, r-devel-windows-ix86+x86_64, r-patched-linux-x86_64, r-patched-solaris-x86, r-release-linux-ix86, r-release-linux-x86_64, r-release-osx-x86_64-mavericks, r-release-windows-ix86+x86_64

Version: 1.5.1
Check: R code for possible problems
Result: NOTE
    anova.modTempEff : anova.glmlist1: no visible global function
     definition for 'anova.glm'
Flavors: r-devel-windows-ix86+x86_64, r-release-osx-x86_64-mavericks, r-release-windows-ix86+x86_64

Version: 1.5.1
Flags: --no-vignettes
Check: R code for possible problems
Result: NOTE
    Found an obsolete/platform-specific call in the following function:
     ‘plot.modTempEff’
    Found the platform-specific device:
     ‘x11’
    dev.new() is the preferred way to open a new device, in the unlikely
    event one is needed.
    anova.modTempEff : anova.glmlist1: no visible global function
     definition for ‘anova.glm’
Flavor: r-patched-solaris-sparc

Version: 1.5.1
Flags: --no-vignettes
Check: for old-style vignette sources
Result: NOTE
    Vignette sources only in ‘inst/doc’:
     ‘modTempEff.Rnw’
    A ‘vignettes’ directory is required as from R 3.1.0
    and these will not be indexed nor checked
Flavor: r-patched-solaris-sparc

Version: 1.5.1
Check: whether package can be installed
Result: ERROR
    Installation failed.
Flavor: r-release-osx-x86_64-snowleopard

Version: 1.5.1
Check: for old-style vignette sources
Result: NOTE
    Vignette sources only in 'inst/doc':
     'modTempEff.Rnw'
    A 'vignettes' directory will be required as from R 3.1.0
Flavor: r-oldrel-windows-ix86+x86_64