CRAN Package Check Results for Package modTempEff

Last updated on 2018-04-21 10:47:10 CEST.

Flavor Version Tinstall Tcheck Ttotal Status Flags
r-devel-linux-x86_64-debian-clang 1.5.2 4.16 161.04 165.20 NOTE
r-devel-linux-x86_64-debian-gcc 1.5.2 4.37 125.55 129.92 NOTE
r-devel-linux-x86_64-fedora-clang 1.5.2 202.66 NOTE
r-devel-linux-x86_64-fedora-gcc 1.5.2 197.99 NOTE
r-devel-windows-ix86+x86_64 1.5.2 11.00 215.00 226.00 NOTE
r-devel-osx-x86_64 1.5.2 NOTE
r-patched-linux-x86_64 1.5.2 5.08 159.16 164.24 NOTE
r-patched-solaris-x86 1.5.2 322.40 NOTE
r-release-linux-x86_64 1.5.2 2.87 171.45 174.32 NOTE
r-release-windows-ix86+x86_64 1.5.2 10.00 164.00 174.00 NOTE
r-release-osx-x86_64 1.5.2 NOTE
r-oldrel-windows-ix86+x86_64 1.5.2 11.00 203.00 214.00 NOTE

Check Details

Version: 1.5.2
Check: R code for possible problems
Result: NOTE
    anova.modTempEff : anova.glmlist1 : <anonymous>: no visible global
     function definition for ‘formula’
    anova.modTempEff : stat.anova1: no visible global function definition
     for ‘pchisq’
    anova.modTempEff : stat.anova1: no visible global function definition
     for ‘pf’
    plot.modTempEff: no visible global function definition for ‘lines’
    plot.modTempEff: no visible global function definition for ‘plot’
    plot.modTempEff: no visible global function definition for ‘dev.new’
    plot.modTempEff: no visible global function definition for ‘par’
    plot.modTempEff: no visible global function definition for ‘qnorm’
    plot.modTempEff: no visible global function definition for ‘matplot’
    plot.modTempEff: no visible global function definition for ‘polygon’
    plot.modTempEff: no visible global function definition for ‘abline’
    plot.modTempEff: no visible global function definition for ‘legend’
    plot.modTempEff: no visible global function definition for ‘matlines’
    summary.modTempEff: no visible global function definition for ‘terms’
    tempeff: no visible global function definition for ‘model.response’
    tempeff: no visible global function definition for ‘model.matrix’
    tempeff: no visible binding for global variable ‘contrasts’
    tempeff: no visible global function definition for ‘terms’
    tempeff: no visible global function definition for ‘update.formula’
    tempeff: no visible global function definition for ‘as.formula’
    tempeff: no visible global function definition for ‘glm.fit’
    tempeff: no visible global function definition for ‘poisson’
    tempeff: no visible global function definition for ‘coef’
    tempeff: no visible global function definition for ‘glm.control’
    tempeff: no visible global function definition for ‘flush.console’
    tempeff.fit: no visible global function definition for ‘poisson’
    Undefined global functions or variables:
     abline as.formula coef contrasts dev.new flush.console formula
     glm.control glm.fit legend lines matlines matplot model.matrix
     model.response par pchisq pf plot poisson polygon qnorm terms
     update.formula
    Consider adding
     importFrom("grDevices", "dev.new")
     importFrom("graphics", "abline", "legend", "lines", "matlines",
     "matplot", "par", "plot", "polygon")
     importFrom("stats", "as.formula", "coef", "contrasts", "formula",
     "glm.control", "glm.fit", "model.matrix", "model.response",
     "pchisq", "pf", "poisson", "qnorm", "terms",
     "update.formula")
     importFrom("utils", "flush.console")
    to your NAMESPACE file.
Flavors: r-devel-linux-x86_64-debian-clang, r-devel-linux-x86_64-debian-gcc, r-devel-linux-x86_64-fedora-clang, r-devel-linux-x86_64-fedora-gcc, r-devel-windows-ix86+x86_64, r-devel-osx-x86_64, r-patched-linux-x86_64, r-patched-solaris-x86, r-release-linux-x86_64, r-release-windows-ix86+x86_64, r-release-osx-x86_64, r-oldrel-windows-ix86+x86_64

Version: 1.5.2
Check: re-building of vignette outputs
Result: NOTE
    Error in re-building vignettes:
     ...
    Loading required package: mgcv
    Loading required package: nlme
    This is mgcv 1.8-17. For overview type 'help("mgcv-package")'.
    Loading required package: splines
    Warning: max number of iterations attained
    Warning: max number of iterations attained
    Error in texi2dvi(file = file, pdf = TRUE, clean = clean, quiet = quiet, :
     Running 'texi2dvi' on 'modTempEff.tex' failed.
    LaTeX errors:
    ! LaTeX Error: File `comment.sty' not found.
    
    Type X to quit or <RETURN> to proceed,
    or enter new name. (Default extension: sty)
    
    ! Emergency stop.
    <read *>
    
    l.70 ^^M
    
    ! ==> Fatal error occurred, no output PDF file produced!
    Calls: buildVignettes -> texi2pdf -> texi2dvi
    Execution halted
Flavor: r-release-osx-x86_64