CRAN Package Check Results for Package modTempEff

Last updated on 2014-04-16 18:47:50.

Flavor Version Tinstall Tcheck Ttotal Status Flags
r-devel-linux-x86_64-debian-clang 1.5.1 3.63 43.53 47.16 NOTE
r-devel-linux-x86_64-debian-gcc 1.5.1 3.66 42.95 46.61 NOTE
r-devel-linux-x86_64-fedora-clang 1.5.1 108.71 NOTE
r-devel-linux-x86_64-fedora-gcc 1.5.1 104.77 NOTE
r-devel-macosx-x86_64-clang 1.5.1 87.24 NOTE
r-devel-macosx-x86_64-gcc 1.5.1 NOTE
r-devel-windows-ix86+x86_64 1.5.1 8.00 58.00 66.00 NOTE
r-patched-linux-x86_64 1.5.1 4.06 43.15 47.20 NOTE
r-patched-solaris-sparc 1.5.1 557.40 NOTE --no-vignettes
r-patched-solaris-x86 1.5.1 138.40 NOTE
r-release-linux-ix86 1.5.1 8.00 68.00 76.00 NOTE
r-release-linux-x86_64 1.5.1 3.71 43.30 47.01 NOTE
r-release-macosx-x86_64 1.5.1 ERROR
r-release-windows-ix86+x86_64 1.5.1 8.00 57.00 65.00 NOTE
r-oldrel-windows-ix86+x86_64 1.5.1 9.00 252.00 261.00 NOTE

Check Details

Version: 1.5.1
Check: R code for possible problems
Result: NOTE
    Found an obsolete/platform-specific call in the following function:
     ‘plot.modTempEff’
    Found the platform-specific device:
     ‘x11’
    dev.new() is the preferred way to open a new device, in the unlikely
    event one is needed.
    anova.modTempEff : anova.glmlist1: no visible global function
     definition for ‘anova.glm’
Flavors: r-devel-linux-x86_64-debian-clang, r-devel-linux-x86_64-debian-gcc, r-devel-linux-x86_64-fedora-clang, r-devel-linux-x86_64-fedora-gcc, r-devel-macosx-x86_64-clang, r-patched-linux-x86_64, r-patched-solaris-x86, r-release-linux-ix86, r-release-linux-x86_64

Version: 1.5.1
Check: for old-style vignette sources
Result: NOTE
    Vignette sources only in ‘inst/doc’:
     ‘modTempEff.Rnw’
    A ‘vignettes’ directory is required as from R 3.1.0
    and these will not be indexed nor checked
Flavors: r-devel-linux-x86_64-debian-clang, r-devel-linux-x86_64-debian-gcc, r-devel-linux-x86_64-fedora-clang, r-devel-linux-x86_64-fedora-gcc, r-devel-macosx-x86_64-clang, r-devel-macosx-x86_64-gcc, r-devel-windows-ix86+x86_64, r-patched-linux-x86_64, r-patched-solaris-x86, r-release-linux-ix86, r-release-linux-x86_64, r-release-windows-ix86+x86_64

Version: 1.5.1
Check: R code for possible problems
Result: NOTE
    anova.modTempEff : anova.glmlist1: no visible global function
     definition for ‘anova.glm’
Flavors: r-devel-macosx-x86_64-gcc, r-devel-windows-ix86+x86_64, r-release-windows-ix86+x86_64

Version: 1.5.1
Flags: --no-vignettes
Check: R code for possible problems
Result: NOTE
    Found an obsolete/platform-specific call in the following function:
     ‘plot.modTempEff’
    Found the platform-specific device:
     ‘x11’
    dev.new() is the preferred way to open a new device, in the unlikely
    event one is needed.
    anova.modTempEff : anova.glmlist1: no visible global function
     definition for ‘anova.glm’
Flavor: r-patched-solaris-sparc

Version: 1.5.1
Flags: --no-vignettes
Check: for old-style vignette sources
Result: NOTE
    Vignette sources only in ‘inst/doc’:
     ‘modTempEff.Rnw’
    A ‘vignettes’ directory is required as from R 3.1.0
    and these will not be indexed nor checked
Flavor: r-patched-solaris-sparc

Version: 1.5.1
Check: whether package can be installed
Result: ERROR
    Installation failed.
    See ‘/Volumes/XT3/Builds/R-dev-web/QA/Simon/packages/snowleopard-x86_64/results/3.1/modTempEff.Rcheck/00install.out’ for details.
Flavor: r-release-macosx-x86_64

Version: 1.5.1
Check: for old-style vignette sources
Result: NOTE
    Vignette sources only in 'inst/doc':
     'modTempEff.Rnw'
    A 'vignettes' directory will be required as from R 3.1.0
Flavor: r-oldrel-windows-ix86+x86_64