CRAN Package Check Results for Package modTempEff

Last updated on 2014-07-24 15:52:22.

Flavor Version Tinstall Tcheck Ttotal Status Flags
r-devel-linux-x86_64-debian-clang 1.5.1 3.72 42.77 46.49 NOTE
r-devel-linux-x86_64-debian-gcc 1.5.1 4.07 39.87 43.94 NOTE
r-devel-linux-x86_64-fedora-clang 1.5.1 109.74 NOTE
r-devel-linux-x86_64-fedora-gcc 1.5.1 104.64 NOTE
r-devel-osx-x86_64-clang 1.5.1 86.38 NOTE
r-devel-windows-ix86+x86_64 1.5.1 10.00 54.00 64.00 NOTE
r-patched-linux-x86_64 1.5.1 3.47 40.62 44.10 NOTE
r-patched-solaris-sparc 1.5.1 557.40 NOTE --no-vignettes
r-patched-solaris-x86 1.5.1 144.20 NOTE
r-release-linux-ix86 1.5.1 4.22 50.50 54.73 NOTE
r-release-linux-x86_64 1.5.1 3.56 42.10 45.66 NOTE
r-release-osx-x86_64-mavericks 1.5.1 NOTE
r-release-osx-x86_64-snowleopard 1.5.1 ERROR
r-release-windows-ix86+x86_64 1.5.1 10.00 59.00 69.00 NOTE
r-oldrel-windows-ix86+x86_64 1.5.1 9.00 251.00 260.00 NOTE

Check Details

Version: 1.5.1
Check: R code for possible problems
Result: NOTE
    Found an obsolete/platform-specific call in the following function:
     ‘plot.modTempEff’
    Found the platform-specific device:
     ‘x11’
    dev.new() is the preferred way to open a new device, in the unlikely
    event one is needed.
    anova.modTempEff : anova.glmlist1: no visible global function
     definition for ‘anova.glm’
Flavors: r-devel-linux-x86_64-debian-clang, r-devel-linux-x86_64-debian-gcc, r-devel-linux-x86_64-fedora-clang, r-devel-linux-x86_64-fedora-gcc, r-devel-osx-x86_64-clang, r-patched-linux-x86_64, r-patched-solaris-x86, r-release-linux-ix86, r-release-linux-x86_64

Version: 1.5.1
Check: for old-style vignette sources
Result: NOTE
    Vignette sources only in ‘inst/doc’:
     ‘modTempEff.Rnw’
    A ‘vignettes’ directory is required as from R 3.1.0
    and these will not be indexed nor checked
Flavors: r-devel-linux-x86_64-debian-clang, r-devel-linux-x86_64-debian-gcc, r-devel-linux-x86_64-fedora-clang, r-devel-linux-x86_64-fedora-gcc, r-devel-osx-x86_64-clang, r-devel-windows-ix86+x86_64, r-patched-linux-x86_64, r-patched-solaris-x86, r-release-linux-ix86, r-release-linux-x86_64, r-release-osx-x86_64-mavericks, r-release-windows-ix86+x86_64

Version: 1.5.1
Check: R code for possible problems
Result: NOTE
    anova.modTempEff : anova.glmlist1: no visible global function
     definition for 'anova.glm'
Flavors: r-devel-windows-ix86+x86_64, r-release-osx-x86_64-mavericks, r-release-windows-ix86+x86_64

Version: 1.5.1
Flags: --no-vignettes
Check: R code for possible problems
Result: NOTE
    Found an obsolete/platform-specific call in the following function:
     ‘plot.modTempEff’
    Found the platform-specific device:
     ‘x11’
    dev.new() is the preferred way to open a new device, in the unlikely
    event one is needed.
    anova.modTempEff : anova.glmlist1: no visible global function
     definition for ‘anova.glm’
Flavor: r-patched-solaris-sparc

Version: 1.5.1
Flags: --no-vignettes
Check: for old-style vignette sources
Result: NOTE
    Vignette sources only in ‘inst/doc’:
     ‘modTempEff.Rnw’
    A ‘vignettes’ directory is required as from R 3.1.0
    and these will not be indexed nor checked
Flavor: r-patched-solaris-sparc

Version: 1.5.1
Check: whether package can be installed
Result: ERROR
    Installation failed.
    See ‘/Volumes/XT3/Builds/R-dev-web/QA/Simon/packages/snowleopard-x86_64/results/3.1/modTempEff.Rcheck/00install.out’ for details.
Flavor: r-release-osx-x86_64-snowleopard

Version: 1.5.1
Check: for old-style vignette sources
Result: NOTE
    Vignette sources only in 'inst/doc':
     'modTempEff.Rnw'
    A 'vignettes' directory will be required as from R 3.1.0
Flavor: r-oldrel-windows-ix86+x86_64