CRAN Package Check Results for Package modTempEff

Last updated on 2016-09-27 18:47:54.

Flavor Version Tinstall Tcheck Ttotal Status Flags
r-devel-linux-x86_64-debian-clang 1.5.2 2.28 116.80 119.08 NOTE
r-devel-linux-x86_64-debian-gcc 1.5.2 2.36 116.42 118.78 NOTE
r-devel-linux-x86_64-fedora-clang 1.5.2 224.22 NOTE
r-devel-linux-x86_64-fedora-gcc 1.5.2 216.48 NOTE
r-devel-macos-x86_64-clang 1.5.2 164.00 NOTE
r-devel-windows-ix86+x86_64 1.5.2 10.00 202.00 212.00 NOTE
r-patched-linux-x86_64 1.5.2 2.24 110.62 112.86 NOTE
r-patched-solaris-sparc 1.5.2 414.20 NOTE --no-vignettes
r-patched-solaris-x86 1.5.2 309.40 NOTE
r-release-linux-x86_64 1.5.2 2.33 113.68 116.01 NOTE
r-release-osx-x86_64-mavericks 1.5.2 NOTE
r-release-windows-ix86+x86_64 1.5.2 10.00 153.00 163.00 NOTE
r-oldrel-windows-ix86+x86_64 1.5.2 11.00 340.00 351.00 OK

Check Details

Version: 1.5.2
Check: R code for possible problems
Result: NOTE
    anova.modTempEff : anova.glmlist1 : <anonymous>: no visible global
     function definition for ‘formula’
    anova.modTempEff : stat.anova1: no visible global function definition
     for ‘pchisq’
    anova.modTempEff : stat.anova1: no visible global function definition
     for ‘pf’
    plot.modTempEff: no visible global function definition for ‘lines’
    plot.modTempEff: no visible global function definition for ‘plot’
    plot.modTempEff: no visible global function definition for ‘dev.new’
    plot.modTempEff: no visible global function definition for ‘par’
    plot.modTempEff: no visible global function definition for ‘qnorm’
    plot.modTempEff: no visible global function definition for ‘matplot’
    plot.modTempEff: no visible global function definition for ‘polygon’
    plot.modTempEff: no visible global function definition for ‘abline’
    plot.modTempEff: no visible global function definition for ‘legend’
    plot.modTempEff: no visible global function definition for ‘matlines’
    summary.modTempEff: no visible global function definition for ‘terms’
    tempeff: no visible global function definition for ‘model.response’
    tempeff: no visible global function definition for ‘model.matrix’
    tempeff: no visible binding for global variable ‘contrasts’
    tempeff: no visible global function definition for ‘terms’
    tempeff: no visible global function definition for ‘update.formula’
    tempeff: no visible global function definition for ‘as.formula’
    tempeff: no visible global function definition for ‘glm.fit’
    tempeff: no visible global function definition for ‘poisson’
    tempeff: no visible global function definition for ‘coef’
    tempeff: no visible global function definition for ‘glm.control’
    tempeff: no visible global function definition for ‘flush.console’
    tempeff.fit: no visible global function definition for ‘poisson’
    Undefined global functions or variables:
     abline as.formula coef contrasts dev.new flush.console formula
     glm.control glm.fit legend lines matlines matplot model.matrix
     model.response par pchisq pf plot poisson polygon qnorm terms
     update.formula
    Consider adding
     importFrom("grDevices", "dev.new")
     importFrom("graphics", "abline", "legend", "lines", "matlines",
     "matplot", "par", "plot", "polygon")
     importFrom("stats", "as.formula", "coef", "contrasts", "formula",
     "glm.control", "glm.fit", "model.matrix", "model.response",
     "pchisq", "pf", "poisson", "qnorm", "terms",
     "update.formula")
     importFrom("utils", "flush.console")
    to your NAMESPACE file.
Flavors: r-devel-linux-x86_64-debian-clang, r-devel-linux-x86_64-debian-gcc, r-devel-linux-x86_64-fedora-clang, r-devel-linux-x86_64-fedora-gcc, r-devel-macos-x86_64-clang, r-devel-windows-ix86+x86_64, r-patched-linux-x86_64, r-patched-solaris-x86, r-release-linux-x86_64, r-release-osx-x86_64-mavericks, r-release-windows-ix86+x86_64

Version: 1.5.2
Flags: --no-vignettes
Check: R code for possible problems
Result: NOTE
    anova.modTempEff : anova.glmlist1 : <anonymous>: no visible global
     function definition for ‘formula’
    anova.modTempEff : stat.anova1: no visible global function definition
     for ‘pchisq’
    anova.modTempEff : stat.anova1: no visible global function definition
     for ‘pf’
    plot.modTempEff: no visible global function definition for ‘lines’
    plot.modTempEff: no visible global function definition for ‘plot’
    plot.modTempEff: no visible global function definition for ‘dev.new’
    plot.modTempEff: no visible global function definition for ‘par’
    plot.modTempEff: no visible global function definition for ‘qnorm’
    plot.modTempEff: no visible global function definition for ‘matplot’
    plot.modTempEff: no visible global function definition for ‘polygon’
    plot.modTempEff: no visible global function definition for ‘abline’
    plot.modTempEff: no visible global function definition for ‘legend’
    plot.modTempEff: no visible global function definition for ‘matlines’
    summary.modTempEff: no visible global function definition for ‘terms’
    tempeff: no visible global function definition for ‘model.response’
    tempeff: no visible global function definition for ‘model.matrix’
    tempeff: no visible binding for global variable ‘contrasts’
    tempeff: no visible global function definition for ‘terms’
    tempeff: no visible global function definition for ‘update.formula’
    tempeff: no visible global function definition for ‘as.formula’
    tempeff: no visible global function definition for ‘glm.fit’
    tempeff: no visible global function definition for ‘poisson’
    tempeff: no visible global function definition for ‘coef’
    tempeff: no visible global function definition for ‘glm.control’
    tempeff: no visible global function definition for ‘flush.console’
    tempeff.fit: no visible global function definition for ‘poisson’
    Undefined global functions or variables:
     abline as.formula coef contrasts dev.new flush.console formula
     glm.control glm.fit legend lines matlines matplot model.matrix
     model.response par pchisq pf plot poisson polygon qnorm terms
     update.formula
    Consider adding
     importFrom("grDevices", "dev.new")
     importFrom("graphics", "abline", "legend", "lines", "matlines",
     "matplot", "par", "plot", "polygon")
     importFrom("stats", "as.formula", "coef", "contrasts", "formula",
     "glm.control", "glm.fit", "model.matrix", "model.response",
     "pchisq", "pf", "poisson", "qnorm", "terms",
     "update.formula")
     importFrom("utils", "flush.console")
    to your NAMESPACE file.
Flavor: r-patched-solaris-sparc

Version: 1.5.2
Check: re-building of vignette outputs
Result: NOTE
    Error in re-building vignettes:
     ...
     input string 341 is invalid in this locale
    Warning in grepl("(Rerun to get|biblatex.*\\(re\\)run)", readLines(log, :
     input string 342 is invalid in this locale
    Warning in grepl("(Rerun to get|biblatex.*\\(re\\)run)", readLines(log, :
     input string 350 is invalid in this locale
    Error in texi2dvi(file = file, pdf = TRUE, clean = clean, quiet = quiet, :
     Running 'texi2dvi' on 'modTempEff.tex' failed.
    LaTeX errors:
    ! Undefined control sequence.
    l.16 ...2^^F<e2><f5>2^^F<e2><f5>2<9e>m񤔏<bd>TJ<f1><cd>t:<dd>V<ad><c3><e3><96>eI)q<ff><e0>S<b9>\<ce>
     ^^?<93><ab>^^U<8b>E^^?5<a5>^^T^^Z<f1>w<e3><b1>x...
    The control sequence at the end of the top line
    of your error message was never \def'ed. If you have
    ! Undefined control sequence.
    l.17 ...<a5>¯l^^S<d2><ff><e0><c1>^^V<b8>p<f0><92><db><d9><da>ڪxxR<b3><a8>ӹ<e7><dd><c9> ~^^RQ<b9>\<fe>
     <ec><b3><cf><c0>7"<92>R~<f7><dd>w<df>|<f3><cd>G^^_}t<fd><fa>u<d3>...
    The control sequence at the end of the top line
    of your error message was never \def'ed. If you have
    ! Undefined control sequence.
    l.18 <84>L<a7>Ӧi<82><a5>^^_~<f8><e1><b5>k<d7>r<b9><9c>a^^XB^^H"<ca>f<b3>^^W.\^^X
     ^^Y^^Y<d1>4
    The control sequence at the end of the top line
    of your error message w
    Calls: buildVignettes -> texi2pdf -> texi2dvi
    Execution halted
Flavor: r-release-osx-x86_64-mavericks