CRAN Package Check Results for Package modTempEff

Last updated on 2014-10-23 11:49:34.

Flavor Version Tinstall Tcheck Ttotal Status Flags
r-devel-linux-x86_64-debian-clang 1.5.2 3.36 193.68 197.04 OK
r-devel-linux-x86_64-debian-gcc 1.5.2 3.47 215.63 219.10 OK
r-devel-linux-x86_64-fedora-clang 1.5.2 422.86 OK
r-devel-linux-x86_64-fedora-gcc 1.5.2 419.52 OK
r-devel-osx-x86_64-clang 1.5.2 345.57 OK
r-devel-windows-ix86+x86_64 1.5.2 10.00 250.00 260.00 OK
r-patched-linux-x86_64 1.5.2 3.52 195.95 199.46 OK
r-patched-solaris-sparc 1.5.2 506.80 OK --no-vignettes
r-patched-solaris-x86 1.5.2 552.30 OK
r-release-linux-ix86 1.5.2 4.30 235.59 239.88 OK
r-release-linux-x86_64 1.5.2 4.27 198.01 202.28 OK
r-release-osx-x86_64-mavericks 1.5.2 NOTE
r-release-osx-x86_64-snowleopard 1.5.2 OK
r-release-windows-ix86+x86_64 1.5.2 9.00 252.00 261.00 OK
r-oldrel-windows-ix86+x86_64 1.5.2 9.00 249.00 258.00 OK

Check Details

Version: 1.5.2
Check: re-building of vignette outputs
Result: NOTE
    Error in re-building vignettes:
     ...
    Loading required package: mgcv
    Loading required package: nlme
    This is mgcv 1.8-3. For overview type 'help("mgcv-package")'.
    Loading required package: splines
    Warning: max number of iterations attained
    Warning: max number of iterations attained
    Error in texi2dvi(file = file, pdf = TRUE, clean = clean, quiet = quiet, :
     Running 'texi2dvi' on 'modTempEff.tex' failed.
    LaTeX errors:
    ! LaTeX Error: File `comment.sty' not found.
    
    Type X to quit or <RETURN> to proceed,
    or enter new name. (Default extension: sty)
    
    ign_test/modTempEff/vignettes/modTempEff.tex:70: ==> Fatal error occurred, no
    output PDF file produced!
    Calls: buildVignettes -> texi2pdf -> texi2dvi
    Execution halted
Flavor: r-release-osx-x86_64-mavericks