CRAN Package Check Results for Package modTempEff

Last updated on 2015-03-30 00:48:24.

Flavor Version Tinstall Tcheck Ttotal Status Flags
r-devel-linux-x86_64-debian-clang 1.5.2 2.87 182.14 185.01 OK
r-devel-linux-x86_64-debian-gcc 1.5.2 2.83 179.96 182.79 OK
r-devel-linux-x86_64-fedora-clang 1.5.2 365.11 OK
r-devel-linux-x86_64-fedora-gcc 1.5.2 391.71 OK
r-devel-osx-x86_64-clang 1.5.2 302.98 OK
r-prerel-windows-ix86+x86_64 1.5.2 8.00 246.00 254.00 OK
r-prerel-linux-x86_64 1.5.2 3.61 178.66 182.26 OK
r-prerel-solaris-sparc 1.5.2 462.40 OK --no-vignettes
r-prerel-solaris-x86 1.5.2 504.40 OK
r-release-linux-x86_64 1.5.2 3.76 198.40 202.17 OK
r-release-osx-x86_64-mavericks 1.5.2 NOTE
r-release-osx-x86_64-snowleopard 1.5.2 OK
r-release-windows-ix86+x86_64 1.5.2 10.00 257.00 267.00 OK
r-oldrel-windows-ix86+x86_64 1.5.2 11.00 350.00 361.00 OK

Check Details

Version: 1.5.2
Check: re-building of vignette outputs
Result: NOTE
    Error in re-building vignettes:
     ...
    Loading required package: nlme
    This is mgcv 1.8-4. For overview type 'help("mgcv-package")'.
    Loading required package: splines
    Warning: max number of iterations attained
    Warning: max number of iterations attained
    Error in texi2dvi(file = file, pdf = TRUE, clean = clean, quiet = quiet, :
     Running 'texi2dvi' on 'modTempEff.tex' failed.
    LaTeX errors:
    ! Undefined control sequence.
    l.16 ...2^^F<e2><f5>2^^F<e2><f5>2<9e>m񤔏<bd>TJ<f1><cd>t:<dd>V<ad><c3><e3><96>eI)q<ff><e0>S<b9>\<ce>
     ^^?<93><ab>^^U<8b>E^^?5<a5>^^T^^Z<f1>w<e3><b1>x...
    The control sequence at the end of the top line
    of your error message was never \def'ed. If you have
    ! Undefined control sequence.
    l.17 ...<a5>¯l^^S<d2><ff><e0><c1>^^V<b8>p<f0><92><db><d9><da>ڪxxR<b3><a8>ӹ<e7><dd><c9> ~^^RQ<b9>\<fe>
     <ec><b3><cf><c0>7"<92>R~<f7><dd>w<df>|<f3><cd>G^^_}t<fd><fa>u<d3>...
    The control sequence at the end of the top line
    of your error message was never \def'ed. If you have
    ! Undefined control sequence.
    l.18 <84>L<a7>Ӧi<82><a5>^^_~<f8><e1><b5>k<d7>r<b9><9c>a^^XB^^H"<ca>f<b3>^^W.\^^X
     ^^Y^^Y<d1>4
    The control sequence at the end of the top line
    of your error message w
    Calls: buildVignettes -> texi2pdf -> texi2dvi
    Execution halted
Flavor: r-release-osx-x86_64-mavericks