CRAN Package Check Results for Package modTempEff

Last updated on 2014-11-20 19:48:23.

Flavor Version Tinstall Tcheck Ttotal Status Flags
r-devel-linux-x86_64-debian-clang 1.5.2 3.40 193.64 197.04 OK
r-devel-linux-x86_64-debian-gcc 1.5.2 3.31 194.04 197.35 OK
r-devel-linux-x86_64-fedora-clang 1.5.2 424.77 OK
r-devel-linux-x86_64-fedora-gcc 1.5.2 410.52 OK
r-devel-osx-x86_64-clang 1.5.2 327.87 OK
r-devel-windows-ix86+x86_64 1.5.2 10.00 338.00 348.00 OK
r-patched-linux-x86_64 1.5.2 3.51 195.39 198.90 OK
r-patched-solaris-sparc 1.5.2 506.80 OK --no-vignettes
r-patched-solaris-x86 1.5.2 573.60 OK
r-release-linux-ix86 1.5.2 4.04 235.20 239.24 OK
r-release-linux-x86_64 1.5.2 3.49 201.25 204.74 OK
r-release-osx-x86_64-mavericks 1.5.2 NOTE
r-release-osx-x86_64-snowleopard 1.5.2 OK
r-release-windows-ix86+x86_64 1.5.2 12.00 263.00 275.00 OK
r-oldrel-windows-ix86+x86_64 1.5.2 9.00 255.00 264.00 OK

Check Details

Version: 1.5.2
Check: re-building of vignette outputs
Result: NOTE
    Error in re-building vignettes:
     ...
    Loading required package: mgcv
    Loading required package: nlme
    This is mgcv 1.8-3. For overview type 'help("mgcv-package")'.
    Loading required package: splines
    Warning: max number of iterations attained
    Warning: max number of iterations attained
    Error in texi2dvi(file = file, pdf = TRUE, clean = clean, quiet = quiet, :
     Running 'texi2dvi' on 'modTempEff.tex' failed.
    LaTeX errors:
    ! LaTeX Error: File `comment.sty' not found.
    
    Type X to quit or <RETURN> to proceed,
    or enter new name. (Default extension: sty)
    
    ign_test/modTempEff/vignettes/modTempEff.tex:70: ==> Fatal error occurred, no
    output PDF file produced!
    Calls: buildVignettes -> texi2pdf -> texi2dvi
    Execution halted
Flavor: r-release-osx-x86_64-mavericks