CRAN Package Check Results for Package modeest

Last updated on 2015-03-28 16:47:15.

Flavor Version Tinstall Tcheck Ttotal Status Flags
r-devel-linux-x86_64-debian-clang 2.1 1.22 15.73 16.95 NOTE
r-devel-linux-x86_64-debian-gcc 2.1 1.25 15.89 17.14 NOTE
r-devel-linux-x86_64-fedora-clang 2.1 33.10 NOTE
r-devel-linux-x86_64-fedora-gcc 2.1 33.25 NOTE
r-devel-osx-x86_64-clang 2.1 36.28 NOTE
r-prerel-windows-ix86+x86_64 2.1 6.00 33.00 39.00 NOTE
r-prerel-linux-x86_64 2.1 1.26 15.38 16.64 NOTE
r-prerel-solaris-sparc 2.1 233.70 NOTE
r-prerel-solaris-x86 2.1 43.80 NOTE
r-release-linux-x86_64 2.1 1.32 16.77 18.09 NOTE
r-release-osx-x86_64-mavericks 2.1 NOTE
r-release-windows-ix86+x86_64 2.1 6.00 35.00 41.00 NOTE
r-oldrel-windows-ix86+x86_64 2.1 5.00 47.00 52.00 NOTE

Check Details

Version: 2.1
Check: DESCRIPTION meta-information
Result: NOTE
    Malformed Description field: should contain one or more complete sentences.
Flavors: r-devel-linux-x86_64-debian-clang, r-devel-linux-x86_64-debian-gcc, r-devel-linux-x86_64-fedora-clang, r-devel-linux-x86_64-fedora-gcc, r-devel-osx-x86_64-clang, r-prerel-windows-ix86+x86_64, r-prerel-linux-x86_64, r-prerel-solaris-sparc, r-prerel-solaris-x86

Version: 2.1
Check: R code for possible problems
Result: NOTE
    File ‘modeest/R/zzz.R’:
     .onLoad calls:
     packageStartupMessage("\nThis is package 'modeest' written by P. PONCET.\nFor a complete list of functions, use 'library(help = \"modeest\")' or 'help.start()'.\n")
    
    See section ‘Good practice’ in '?.onAttach'.
    
    .mlv.fisk: no visible global function definition for ‘pfisk’
    .mlv.frechet: no visible global function definition for ‘pfrechet’
    .mlv.gev: no visible global function definition for ‘pgev’
    .mlv.gh: no visible global function definition for ‘pgh’
    .mlv.gompertz: no visible global function definition for ‘pgompertz’
    .mlv.gpd: no visible global function definition for ‘pgpd’
    .mlv.gumbel: no visible global function definition for ‘pgumbel’
    .mlv.hyp: no visible global function definition for ‘phyp’
    .mlv.koenker: no visible global function definition for ‘pkoenker’
    .mlv.kumar: no visible global function definition for ‘pkumar’
    .mlv.laplace: no visible global function definition for ‘plaplace’
    .mlv.nig: no visible global function definition for ‘pnig’
    .mlv.paralogistic: no visible global function definition for
     ‘pparalogistic’
    .mlv.pareto: no visible global function definition for ‘ppareto’
    .mlv.rayleigh: no visible global function definition for ‘prayleigh’
    .mlv.rweibull: no visible global function definition for ‘prweibull’
    .mlv.stable: no visible global function definition for ‘pstable’
    ghMode: no visible global function definition for ‘qgh’
    ghMode: no visible binding for global variable ‘dgh’
    nigMode: no visible global function definition for ‘qnig’
    nigMode: no visible binding for global variable ‘dnig’
    stableMode: no visible binding for global variable ‘dstable’
Flavors: r-devel-linux-x86_64-debian-clang, r-devel-linux-x86_64-debian-gcc, r-devel-linux-x86_64-fedora-clang, r-devel-linux-x86_64-fedora-gcc, r-devel-osx-x86_64-clang, r-prerel-windows-ix86+x86_64, r-prerel-linux-x86_64, r-prerel-solaris-sparc, r-prerel-solaris-x86, r-release-linux-x86_64, r-release-osx-x86_64-mavericks, r-release-windows-ix86+x86_64

Version: 2.1
Check: R code for possible problems
Result: NOTE
    File 'modeest/R/zzz.R':
     .onLoad calls:
     packageStartupMessage("\nThis is package 'modeest' written by P. PONCET.\nFor a complete list of functions, use 'library(help = \"modeest\")' or 'help.start()'.\n")
    
    See section 'Good practice' in '?.onAttach'.
    
    .mlv.koenker: no visible global function definition for 'pkoenker'
Flavor: r-oldrel-windows-ix86+x86_64