CRAN Package Check Results for Package modeest

Last updated on 2014-10-25 17:46:47.

Flavor Version Tinstall Tcheck Ttotal Status Flags
r-devel-linux-x86_64-debian-clang 2.1 1.34 17.76 19.10 NOTE
r-devel-linux-x86_64-debian-gcc 2.1 1.37 17.04 18.42 NOTE
r-devel-linux-x86_64-fedora-clang 2.1 33.61 NOTE
r-devel-linux-x86_64-fedora-gcc 2.1 31.30 NOTE
r-devel-osx-x86_64-clang 2.1 34.36 NOTE
r-devel-windows-ix86+x86_64 2.1 5.00 34.00 39.00 NOTE
r-patched-linux-x86_64 2.1 1.39 16.78 18.17 NOTE
r-patched-solaris-sparc 2.1 198.70 NOTE
r-patched-solaris-x86 2.1 47.00 NOTE
r-release-linux-ix86 2.1 1.81 26.15 27.96 NOTE
r-release-linux-x86_64 2.1 1.26 18.08 19.35 NOTE
r-release-osx-x86_64-mavericks 2.1 NOTE
r-release-windows-ix86+x86_64 2.1 5.00 34.00 39.00 NOTE
r-oldrel-windows-ix86+x86_64 2.1 6.00 38.00 44.00 NOTE

Check Details

Version: 2.1
Check: R code for possible problems
Result: NOTE
    File ‘modeest/R/zzz.R’:
     .onLoad calls:
     packageStartupMessage("\nThis is package 'modeest' written by P. PONCET.\nFor a complete list of functions, use 'library(help = \"modeest\")' or 'help.start()'.\n")
    
    See section ‘Good practice’ in '?.onAttach'.
    
    .mlv.fisk: no visible global function definition for ‘pfisk’
    .mlv.frechet: no visible global function definition for ‘pfrechet’
    .mlv.gev: no visible global function definition for ‘pgev’
    .mlv.gh: no visible global function definition for ‘pgh’
    .mlv.gompertz: no visible global function definition for ‘pgompertz’
    .mlv.gpd: no visible global function definition for ‘pgpd’
    .mlv.gumbel: no visible global function definition for ‘pgumbel’
    .mlv.hyp: no visible global function definition for ‘phyp’
    .mlv.koenker: no visible global function definition for ‘pkoenker’
    .mlv.kumar: no visible global function definition for ‘pkumar’
    .mlv.laplace: no visible global function definition for ‘plaplace’
    .mlv.nig: no visible global function definition for ‘pnig’
    .mlv.paralogistic: no visible global function definition for
     ‘pparalogistic’
    .mlv.pareto: no visible global function definition for ‘ppareto’
    .mlv.rayleigh: no visible global function definition for ‘prayleigh’
    .mlv.rweibull: no visible global function definition for ‘prweibull’
    .mlv.stable: no visible global function definition for ‘pstable’
    ghMode: no visible global function definition for ‘qgh’
    ghMode: no visible binding for global variable ‘dgh’
    nigMode: no visible global function definition for ‘qnig’
    nigMode: no visible binding for global variable ‘dnig’
    stableMode: no visible binding for global variable ‘dstable’
Flavors: r-devel-linux-x86_64-debian-clang, r-devel-linux-x86_64-debian-gcc, r-devel-linux-x86_64-fedora-clang, r-devel-linux-x86_64-fedora-gcc, r-devel-osx-x86_64-clang, r-devel-windows-ix86+x86_64, r-patched-linux-x86_64, r-patched-solaris-sparc, r-patched-solaris-x86

Version: 2.1
Check: R code for possible problems
Result: NOTE
    File ‘modeest/R/zzz.R’:
     .onLoad calls:
     packageStartupMessage("\nThis is package 'modeest' written by P. PONCET.\nFor a complete list of functions, use 'library(help = \"modeest\")' or 'help.start()'.\n")
    
    See section ‘Good practice’ in '?.onAttach'.
Flavors: r-release-linux-ix86, r-release-linux-x86_64, r-release-osx-x86_64-mavericks, r-release-windows-ix86+x86_64, r-oldrel-windows-ix86+x86_64