CRAN Package Check Results for Package modeest

Last updated on 2014-07-26 05:50:42.

Flavor Version Tinstall Tcheck Ttotal Status Flags
r-devel-linux-x86_64-debian-clang 2.1 1.23 18.03 19.26 NOTE
r-devel-linux-x86_64-debian-gcc 2.1 1.22 17.24 18.45 NOTE
r-devel-linux-x86_64-fedora-clang 2.1 38.00 NOTE
r-devel-linux-x86_64-fedora-gcc 2.1 34.39 NOTE
r-devel-osx-x86_64-clang 2.1 37.09 NOTE
r-devel-windows-ix86+x86_64 2.1 5.00 35.00 40.00 NOTE
r-patched-linux-x86_64 2.1 1.24 17.04 18.29 NOTE
r-patched-solaris-sparc 2.1 219.50 NOTE
r-patched-solaris-x86 2.1 49.20 NOTE
r-release-linux-ix86 2.1 1.84 25.70 27.54 NOTE
r-release-linux-x86_64 2.1 1.23 17.47 18.70 NOTE
r-release-osx-x86_64-mavericks 2.1 NOTE
r-release-windows-ix86+x86_64 2.1 6.00 34.00 40.00 NOTE
r-oldrel-windows-ix86+x86_64 2.1 6.00 36.00 42.00 NOTE

Check Details

Version: 2.1
Check: R code for possible problems
Result: NOTE
    File ‘modeest/R/zzz.R’:
     .onLoad calls:
     packageStartupMessage("\nThis is package 'modeest' written by P. PONCET.\nFor a complete list of functions, use 'library(help = \"modeest\")' or 'help.start()'.\n")
    
    See section ‘Good practice’ in '?.onAttach'.
Flavors: r-devel-linux-x86_64-debian-clang, r-devel-linux-x86_64-debian-gcc, r-devel-linux-x86_64-fedora-clang, r-devel-linux-x86_64-fedora-gcc, r-devel-osx-x86_64-clang, r-devel-windows-ix86+x86_64, r-patched-linux-x86_64, r-patched-solaris-sparc, r-patched-solaris-x86, r-release-linux-ix86, r-release-linux-x86_64, r-release-osx-x86_64-mavericks, r-release-windows-ix86+x86_64, r-oldrel-windows-ix86+x86_64