CRAN Package Check Results for Package modeest

Last updated on 2014-04-24 03:47:48.

Flavor Version Tinstall Tcheck Ttotal Status Flags
r-devel-linux-x86_64-debian-clang 2.1 1.22 17.64 18.86 NOTE
r-devel-linux-x86_64-debian-gcc 2.1 1.24 18.28 19.52 NOTE
r-devel-linux-x86_64-fedora-clang 2.1 37.05 NOTE
r-devel-linux-x86_64-fedora-gcc 2.1 35.27 NOTE
r-devel-osx-x86_64-clang 2.1 32.53 NOTE
r-devel-osx-x86_64-gcc 2.1 NOTE
r-devel-windows-ix86+x86_64 2.1 5.00 34.00 39.00 NOTE
r-patched-linux-x86_64 2.1 1.28 18.42 19.70 NOTE
r-patched-solaris-sparc 2.1 219.50 NOTE
r-patched-solaris-x86 2.1 49.10 NOTE
r-release-linux-ix86 2.1 2.00 34.00 36.00 NOTE
r-release-linux-x86_64 2.1 1.23 18.04 19.27 NOTE
r-release-osx-x86_64-mavericks 2.1 WARN
r-release-windows-ix86+x86_64 2.1 6.00 34.00 40.00 NOTE
r-oldrel-windows-ix86+x86_64 2.1 6.00 36.00 42.00 NOTE

Check Details

Version: 2.1
Check: R code for possible problems
Result: NOTE
    File ‘modeest/R/zzz.R’:
     .onLoad calls:
     packageStartupMessage("\nThis is package 'modeest' written by P. PONCET.\nFor a complete list of functions, use 'library(help = \"modeest\")' or 'help.start()'.\n")
    
    See section ‘Good practice’ in '?.onAttach'.
Flavors: r-devel-linux-x86_64-debian-clang, r-devel-linux-x86_64-debian-gcc, r-devel-linux-x86_64-fedora-clang, r-devel-linux-x86_64-fedora-gcc, r-devel-osx-x86_64-clang, r-devel-osx-x86_64-gcc, r-devel-windows-ix86+x86_64, r-patched-linux-x86_64, r-patched-solaris-sparc, r-patched-solaris-x86, r-release-linux-ix86, r-release-linux-x86_64, r-release-osx-x86_64-mavericks, r-release-windows-ix86+x86_64, r-oldrel-windows-ix86+x86_64

Version: 2.1
Check: PDF version of manual
Result: WARNING
    LaTeX errors when creating PDF version.
    This typically indicates Rd problems.
    LaTeX errors found:
    ! LaTeX Error: File `upquote.sty' not found.
    
    Type X to quit or <RETURN> to proceed,
    or enter new name. (Default extension: sty)
    
    0eb26fd/Rd2.tex:8: ==> Fatal error occurred, no output PDF file produced!
Flavor: r-release-osx-x86_64-mavericks