CRAN Package Check Results for Package modeest

Last updated on 2015-07-02 11:48:26.

Flavor Version Tinstall Tcheck Ttotal Status Flags
r-devel-linux-x86_64-debian-clang 2.1 1.16 16.17 17.33 NOTE
r-devel-linux-x86_64-debian-gcc 2.1 1.12 14.96 16.08 NOTE
r-devel-linux-x86_64-fedora-clang 2.1 31.39 NOTE
r-devel-linux-x86_64-fedora-gcc 2.1 28.23 NOTE
r-devel-osx-x86_64-clang 2.1 31.69 NOTE
r-devel-windows-ix86+x86_64 2.1 5.00 36.00 41.00 NOTE
r-patched-linux-x86_64 2.1 1.23 15.28 16.51 NOTE
r-patched-solaris-sparc 2.1 211.80 NOTE
r-patched-solaris-x86 2.1 44.20 NOTE
r-release-linux-x86_64 2.1 1.18 15.61 16.78 NOTE
r-release-osx-x86_64-mavericks 2.1 NOTE
r-release-windows-ix86+x86_64 2.1 6.00 38.00 44.00 NOTE
r-oldrel-windows-ix86+x86_64 2.1 10.00 37.00 47.00 NOTE

Check Details

Version: 2.1
Check: DESCRIPTION meta-information
Result: NOTE
    Malformed Description field: should contain one or more complete sentences.
Flavors: r-devel-linux-x86_64-debian-clang, r-devel-linux-x86_64-debian-gcc, r-devel-linux-x86_64-fedora-clang, r-devel-linux-x86_64-fedora-gcc, r-devel-osx-x86_64-clang, r-devel-windows-ix86+x86_64, r-patched-linux-x86_64, r-patched-solaris-sparc, r-patched-solaris-x86, r-release-linux-x86_64, r-release-osx-x86_64-mavericks, r-release-windows-ix86+x86_64

Version: 2.1
Check: R code for possible problems
Result: NOTE
    File ‘modeest/R/zzz.R’:
     .onLoad calls:
     packageStartupMessage("\nThis is package 'modeest' written by P. PONCET.\nFor a complete list of functions, use 'library(help = \"modeest\")' or 'help.start()'.\n")
    
    See section ‘Good practice’ in '?.onAttach'.
    
    .mlv.fisk: no visible global function definition for ‘pfisk’
    .mlv.frechet: no visible global function definition for ‘pfrechet’
    .mlv.gev: no visible global function definition for ‘pgev’
    .mlv.gh: no visible global function definition for ‘pgh’
    .mlv.gompertz: no visible global function definition for ‘pgompertz’
    .mlv.gpd: no visible global function definition for ‘pgpd’
    .mlv.gumbel: no visible global function definition for ‘pgumbel’
    .mlv.hyp: no visible global function definition for ‘phyp’
    .mlv.koenker: no visible global function definition for ‘pkoenker’
    .mlv.kumar: no visible global function definition for ‘pkumar’
    .mlv.laplace: no visible global function definition for ‘plaplace’
    .mlv.nig: no visible global function definition for ‘pnig’
    .mlv.paralogistic: no visible global function definition for
     ‘pparalogistic’
    .mlv.pareto: no visible global function definition for ‘ppareto’
    .mlv.rayleigh: no visible global function definition for ‘prayleigh’
    .mlv.rweibull: no visible global function definition for ‘prweibull’
    .mlv.stable: no visible global function definition for ‘pstable’
    ghMode: no visible global function definition for ‘qgh’
    ghMode: no visible binding for global variable ‘dgh’
    nigMode: no visible global function definition for ‘qnig’
    nigMode: no visible binding for global variable ‘dnig’
    plot.lientz: no visible global function definition for ‘plot.default’
    plot.lientz: no visible global function definition for ‘points.default’
    plot.lientz: no visible global function definition for ‘legend’
    plot.lientz: no visible global function definition for ‘locator’
    plot.mlv: no visible global function definition for ‘layout’
    plot.mlv: no visible global function definition for ‘hist.default’
    plot.mlv: no visible global function definition for ‘abline’
    plot.mlv: no visible global function definition for ‘plot.default’
    plot.mlv: no visible global function definition for ‘boxplot.default’
    stableMode: no visible binding for global variable ‘dstable’
Flavors: r-devel-linux-x86_64-debian-clang, r-devel-linux-x86_64-debian-gcc, r-devel-linux-x86_64-fedora-gcc, r-devel-windows-ix86+x86_64

Version: 2.1
Check: R code for possible problems
Result: NOTE
    File ‘modeest/R/zzz.R’:
     .onLoad calls:
     packageStartupMessage("\nThis is package 'modeest' written by P. PONCET.\nFor a complete list of functions, use 'library(help = \"modeest\")' or 'help.start()'.\n")
    
    See section ‘Good practice’ in '?.onAttach'.
    
    .mlv.fisk: no visible global function definition for ‘pfisk’
    .mlv.frechet: no visible global function definition for ‘pfrechet’
    .mlv.gev: no visible global function definition for ‘pgev’
    .mlv.gh: no visible global function definition for ‘pgh’
    .mlv.gompertz: no visible global function definition for ‘pgompertz’
    .mlv.gpd: no visible global function definition for ‘pgpd’
    .mlv.gumbel: no visible global function definition for ‘pgumbel’
    .mlv.hyp: no visible global function definition for ‘phyp’
    .mlv.koenker: no visible global function definition for ‘pkoenker’
    .mlv.kumar: no visible global function definition for ‘pkumar’
    .mlv.laplace: no visible global function definition for ‘plaplace’
    .mlv.nig: no visible global function definition for ‘pnig’
    .mlv.paralogistic: no visible global function definition for
     ‘pparalogistic’
    .mlv.pareto: no visible global function definition for ‘ppareto’
    .mlv.rayleigh: no visible global function definition for ‘prayleigh’
    .mlv.rweibull: no visible global function definition for ‘prweibull’
    .mlv.stable: no visible global function definition for ‘pstable’
    ghMode: no visible global function definition for ‘qgh’
    ghMode: no visible binding for global variable ‘dgh’
    nigMode: no visible global function definition for ‘qnig’
    nigMode: no visible binding for global variable ‘dnig’
    plot.lientz: no visible global function definition for ‘plot.default’
    plot.lientz: no visible global function definition for ‘points.default’
    plot.lientz: no visible global function definition for ‘legend’
    plot.lientz: no visible global function definition for ‘locator’
    plot.mlv: no visible global function definition for ‘layout’
    plot.mlv: no visible global function definition for ‘hist.default’
    plot.mlv: no visible global function definition for ‘abline’
    plot.mlv: no visible global function definition for ‘plot.default’
    plot.mlv: no visible global function definition for ‘boxplot.default’
    stableMode: no visible binding for global variable ‘dstable’
    Undefined global functions or variables:
     abline boxplot.default dgh dnig dstable hist.default layout legend
     locator pfisk pfrechet pgev pgh pgompertz pgpd pgumbel phyp pkoenker
     pkumar plaplace plot.default pnig points.default pparalogistic
     ppareto prayleigh prweibull pstable qgh qnig
Flavor: r-devel-linux-x86_64-fedora-clang

Version: 2.1
Check: R code for possible problems
Result: NOTE
    File ‘modeest/R/zzz.R’:
     .onLoad calls:
     packageStartupMessage("\nThis is package 'modeest' written by P. PONCET.\nFor a complete list of functions, use 'library(help = \"modeest\")' or 'help.start()'.\n")
    
    See section ‘Good practice’ in '?.onAttach'.
    
    .mlv.fisk: no visible global function definition for ‘pfisk’
    .mlv.frechet: no visible global function definition for ‘pfrechet’
    .mlv.gev: no visible global function definition for ‘pgev’
    .mlv.gh: no visible global function definition for ‘pgh’
    .mlv.gompertz: no visible global function definition for ‘pgompertz’
    .mlv.gpd: no visible global function definition for ‘pgpd’
    .mlv.gumbel: no visible global function definition for ‘pgumbel’
    .mlv.hyp: no visible global function definition for ‘phyp’
    .mlv.koenker: no visible global function definition for ‘pkoenker’
    .mlv.kumar: no visible global function definition for ‘pkumar’
    .mlv.laplace: no visible global function definition for ‘plaplace’
    .mlv.nig: no visible global function definition for ‘pnig’
    .mlv.paralogistic: no visible global function definition for
     ‘pparalogistic’
    .mlv.pareto: no visible global function definition for ‘ppareto’
    .mlv.rayleigh: no visible global function definition for ‘prayleigh’
    .mlv.rweibull: no visible global function definition for ‘prweibull’
    .mlv.stable: no visible global function definition for ‘pstable’
    ghMode: no visible global function definition for ‘qgh’
    ghMode: no visible binding for global variable ‘dgh’
    nigMode: no visible global function definition for ‘qnig’
    nigMode: no visible binding for global variable ‘dnig’
    stableMode: no visible binding for global variable ‘dstable’
Flavors: r-devel-osx-x86_64-clang, r-patched-linux-x86_64, r-patched-solaris-sparc, r-patched-solaris-x86, r-release-linux-x86_64, r-release-osx-x86_64-mavericks, r-release-windows-ix86+x86_64, r-oldrel-windows-ix86+x86_64