CRAN Package Check Results for Package modelcf

Last updated on 2014-07-24 14:48:44.

Flavor Version Tinstall Tcheck Ttotal Status Flags
r-devel-linux-x86_64-debian-clang 2.1.1 1.56 38.89 40.45 NOTE
r-devel-linux-x86_64-debian-gcc 2.1.1 1.88 36.54 38.42 NOTE
r-devel-linux-x86_64-fedora-clang 2.1.1 77.52 NOTE
r-devel-linux-x86_64-fedora-gcc 2.1.1 75.54 NOTE
r-devel-osx-x86_64-clang 2.1.1 62.68 NOTE
r-devel-windows-ix86+x86_64 2.1.1 10.00 81.00 91.00 NOTE
r-patched-linux-x86_64 2.1.1 1.80 36.07 37.87 NOTE
r-patched-solaris-sparc 2.1.1 484.00 NOTE
r-patched-solaris-x86 2.1.1 93.10 NOTE
r-release-linux-ix86 2.1.1 2.51 50.42 52.93 NOTE
r-release-linux-x86_64 2.1.1 1.83 36.98 38.80 NOTE
r-release-osx-x86_64-mavericks 2.1.1 NOTE
r-release-windows-ix86+x86_64 2.1.1 10.00 77.00 87.00 NOTE
r-oldrel-windows-ix86+x86_64 2.1.1 11.00 80.00 91.00 NOTE

Check Details

Version: 2.1.1
Check: R code for possible problems
Result: NOTE
    File ‘modelcf/R/zzz.R’:
     .Last.lib has wrong argument list ‘path’
     .Last.lib calls:
     library.dynam.unload(pkgnm(), path)
    
    Package detach functions should have one arguments with names starting
     with ‘lib’.
    Package detach functions should not call ‘library.dynam.unload’.
    See section ‘Good practice’ in '?.Last.lib'.
Flavors: r-devel-linux-x86_64-debian-clang, r-devel-linux-x86_64-debian-gcc, r-devel-linux-x86_64-fedora-clang, r-devel-linux-x86_64-fedora-gcc, r-devel-osx-x86_64-clang, r-devel-windows-ix86+x86_64, r-patched-linux-x86_64, r-patched-solaris-sparc, r-patched-solaris-x86, r-release-linux-ix86, r-release-linux-x86_64, r-release-osx-x86_64-mavericks, r-release-windows-ix86+x86_64, r-oldrel-windows-ix86+x86_64