CRAN Package Check Results for Package modelcf

Last updated on 2014-04-24 07:52:31.

Flavor Version Tinstall Tcheck Ttotal Status Flags
r-devel-linux-x86_64-debian-clang 2.1.1 1.67 37.55 39.22 NOTE
r-devel-linux-x86_64-debian-gcc 2.1.1 1.92 37.64 39.56 NOTE
r-devel-linux-x86_64-fedora-clang 2.1.1 75.58 NOTE
r-devel-linux-x86_64-fedora-gcc 2.1.1 74.16 NOTE
r-devel-osx-x86_64-clang 2.1.1 57.28 NOTE
r-devel-osx-x86_64-gcc 2.1.1 NOTE
r-devel-windows-ix86+x86_64 2.1.1 10.00 78.00 88.00 NOTE
r-patched-linux-x86_64 2.1.1 1.86 38.35 40.21 NOTE
r-patched-solaris-sparc 2.1.1 484.00 NOTE
r-patched-solaris-x86 2.1.1 89.80 NOTE
r-release-linux-ix86 2.1.1 4.00 67.00 71.00 NOTE
r-release-linux-x86_64 2.1.1 1.90 38.12 40.02 NOTE
r-release-osx-x86_64-mavericks 2.1.1 WARN
r-release-windows-ix86+x86_64 2.1.1 11.00 78.00 89.00 NOTE
r-oldrel-windows-ix86+x86_64 2.1.1 10.00 78.00 88.00 NOTE

Check Details

Version: 2.1.1
Check: R code for possible problems
Result: NOTE
    File ‘modelcf/R/zzz.R’:
     .Last.lib has wrong argument list ‘path’
     .Last.lib calls:
     library.dynam.unload(pkgnm(), path)
    
    Package detach functions should have one arguments with names starting
     with ‘lib’.
    Package detach functions should not call ‘library.dynam.unload’.
    See section ‘Good practice’ in '?.Last.lib'.
Flavors: r-devel-linux-x86_64-debian-clang, r-devel-linux-x86_64-debian-gcc, r-devel-linux-x86_64-fedora-clang, r-devel-linux-x86_64-fedora-gcc, r-devel-osx-x86_64-clang, r-devel-windows-ix86+x86_64, r-patched-linux-x86_64, r-patched-solaris-sparc, r-patched-solaris-x86, r-release-linux-ix86, r-release-linux-x86_64, r-release-osx-x86_64-mavericks, r-release-windows-ix86+x86_64, r-oldrel-windows-ix86+x86_64

Version: 2.1.1
Check: package dependencies
Result: NOTE
    Package suggested but not available for checking: ‘klaR’
Flavor: r-devel-osx-x86_64-gcc

Version: 2.1.1
Check: R code for possible problems
Result: NOTE
    File ‘modelcf/R/zzz.R’:
     .Last.lib has wrong argument list ‘path’
     .Last.lib calls:
     library.dynam.unload(pkgnm(), path)
    
    Package detach functions should have one arguments with names starting
     with ‘lib’.
    Package detach functions should not call ‘library.dynam.unload’.
    See section ‘Good practice’ in '?.Last.lib'.
    
    learnClassif: no visible global function definition for ‘rda’
Flavor: r-devel-osx-x86_64-gcc

Version: 2.1.1
Check: PDF version of manual
Result: WARNING
    LaTeX errors when creating PDF version.
    This typically indicates Rd problems.
    LaTeX errors found:
    ! LaTeX Error: File `upquote.sty' not found.
    
    Type X to quit or <RETURN> to proceed,
    or enter new name. (Default extension: sty)
    
    1038f60/Rd2.tex:8: ==> Fatal error occurred, no output PDF file produced!
Flavor: r-release-osx-x86_64-mavericks