CRAN Package Check Results for Package modelfree

Last updated on 2015-08-03 16:48:21.

Flavor Version Tinstall Tcheck Ttotal Status Flags
r-devel-linux-x86_64-debian-clang 1.1-1 1.30 76.58 77.88 NOTE
r-devel-linux-x86_64-debian-gcc 1.1-1 1.06 74.48 75.54 NOTE
r-devel-linux-x86_64-fedora-clang 1.1-1 158.26 NOTE
r-devel-linux-x86_64-fedora-gcc 1.1-1 159.54 NOTE
r-devel-osx-x86_64-clang 1.1-1 124.76 NOTE
r-devel-windows-ix86+x86_64 1.1-1 5.00 117.00 122.00 NOTE
r-patched-linux-x86_64 1.1-1 1.26 72.30 73.56 NOTE
r-patched-solaris-sparc 1.1-1 1204.20 NOTE
r-patched-solaris-x86 1.1-1 230.60 NOTE
r-release-linux-x86_64 1.1-1 1.14 73.09 74.24 NOTE
r-release-osx-x86_64-mavericks 1.1-1 NOTE
r-release-windows-ix86+x86_64 1.1-1 5.00 121.00 126.00 NOTE
r-oldrel-windows-ix86+x86_64 1.1-1 8.00 116.00 124.00 NOTE

Check Details

Version: 1.1-1
Check: DESCRIPTION meta-information
Result: NOTE
    Malformed Description field: should contain one or more complete sentences.
Flavors: r-devel-linux-x86_64-debian-clang, r-devel-linux-x86_64-debian-gcc, r-devel-linux-x86_64-fedora-clang, r-devel-linux-x86_64-fedora-gcc, r-devel-osx-x86_64-clang, r-devel-windows-ix86+x86_64, r-patched-linux-x86_64, r-patched-solaris-sparc, r-patched-solaris-x86, r-release-linux-x86_64, r-release-osx-x86_64-mavericks, r-release-windows-ix86+x86_64

Version: 1.1-1
Check: dependencies in R code
Result: NOTE
    'library' or 'require' call to ‘SparseM’ which was already attached by Depends.
     Please remove these calls from your code.
Flavors: r-devel-linux-x86_64-debian-clang, r-devel-linux-x86_64-debian-gcc, r-devel-linux-x86_64-fedora-clang, r-devel-linux-x86_64-fedora-gcc, r-devel-osx-x86_64-clang, r-devel-windows-ix86+x86_64, r-patched-linux-x86_64, r-patched-solaris-sparc, r-patched-solaris-x86, r-release-linux-x86_64, r-release-osx-x86_64-mavericks, r-release-windows-ix86+x86_64, r-oldrel-windows-ix86+x86_64

Version: 1.1-1
Check: R code for possible problems
Result: NOTE
    bandwidth_bootstrap: no visible global function definition for ‘rbinom’
    bandwidth_bootstrap: no visible global function definition for
     ‘optimize’
    bandwidth_cross_validation: no visible global function definition for
     ‘optimize’
    bandwidth_optimal: no visible global function definition for ‘optimize’
    bandwidth_plugin : moments: no visible global function definition for
     ‘integrate’
    bandwidth_plugin : varfun: no visible global function definition for
     ‘predict’
    bandwidth_plugin: no visible global function definition for ‘glm’
    bandwidth_plugin: no visible global function definition for ‘binomial’
    bandwidth_plugin: no visible global function definition for ‘deriv’
    bandwidth_plugin: no visible global function definition for
     ‘coefficients’
    bandwidth_plugin: no visible global function definition for ‘integrate’
    binom_g : likfun: no visible global function definition for ‘glm’
    binom_g : likfun: no visible global function definition for ‘binomial’
    binom_g : likfun: no visible global function definition for ‘predict’
    binom_g: no visible global function definition for ‘optim’
    binom_g: no visible global function definition for ‘glm’
    binom_g: no visible global function definition for ‘binomial’
    binom_gl : likfun: no visible global function definition for ‘glm’
    binom_gl : likfun: no visible global function definition for ‘binomial’
    binom_gl : likfun: no visible global function definition for ‘predict’
    binom_gl: no visible global function definition for ‘optim’
    binom_gl: no visible global function definition for ‘glm’
    binom_gl: no visible global function definition for ‘binomial’
    binom_l : likfun: no visible global function definition for ‘glm’
    binom_l : likfun: no visible global function definition for ‘binomial’
    binom_l : likfun: no visible global function definition for ‘predict’
    binom_l: no visible global function definition for ‘optim’
    binom_l: no visible global function definition for ‘glm’
    binom_l: no visible global function definition for ‘binomial’
    binom_revweib : likfun: no visible global function definition for ‘glm’
    binom_revweib : likfun: no visible global function definition for
     ‘binomial’
    binom_revweib : likfun: no visible global function definition for
     ‘predict’
    binom_revweib: no visible global function definition for ‘optim’
    binom_revweib: no visible global function definition for ‘glm’
    binom_revweib: no visible global function definition for ‘binomial’
    binom_weib : likfun: no visible global function definition for ‘glm’
    binom_weib : likfun: no visible global function definition for
     ‘binomial’
    binom_weib : likfun: no visible global function definition for
     ‘predict’
    binom_weib: no visible global function definition for ‘optim’
    binom_weib: no visible global function definition for ‘glm’
    binom_weib: no visible global function definition for ‘binomial’
    binomfit_lims: no visible global function definition for ‘glm’
    binomfit_lims: no visible global function definition for ‘binomial’
    bootstrap_ci_sl: no visible global function definition for ‘rbinom’
    bootstrap_ci_sl: no visible global function definition for ‘quantile’
    bootstrap_ci_th: no visible global function definition for ‘rbinom’
    bootstrap_ci_th: no visible global function definition for ‘quantile’
    bootstrap_sd_sl: no visible global function definition for ‘rbinom’
    bootstrap_sd_sl: no visible global function definition for ‘var’
    bootstrap_sd_th: no visible global function definition for ‘rbinom’
    bootstrap_sd_th: no visible global function definition for ‘var’
    locglmfit_sparse_private: no visible global function definition for
     ‘new’
    probit_link : probitFL: no visible global function definition for
     ‘qnorm’
    probit_link : probitFD: no visible global function definition for
     ‘qnorm’
    probit_link : probitFD: no visible global function definition for
     ‘dnorm’
    probit_link : probitFI: no visible global function definition for
     ‘qnorm’
    probit_link : probitFI: no visible global function definition for
     ‘pnorm’
    probit_link_private : probitFL: no visible global function definition
     for ‘qnorm’
    probit_link_private : probitFD: no visible global function definition
     for ‘qnorm’
    probit_link_private : probitFD: no visible global function definition
     for ‘dnorm’
    probit_link_private : probitFI: no visible global function definition
     for ‘qnorm’
    probit_link_private : probitFI: no visible global function definition
     for ‘pnorm’
    threshold_slope: no visible binding for global variable ‘end’
    Undefined global functions or variables:
     binomial coefficients deriv dnorm end glm integrate new optim
     optimize pnorm predict qnorm quantile rbinom var
    Consider adding
     importFrom("methods", "new")
     importFrom("stats", "binomial", "coefficients", "deriv", "dnorm",
     "end", "glm", "integrate", "optim", "optimize", "pnorm",
     "predict", "qnorm", "quantile", "rbinom", "var")
    to your NAMESPACE.
Flavors: r-devel-linux-x86_64-debian-clang, r-devel-linux-x86_64-debian-gcc, r-devel-linux-x86_64-fedora-clang, r-devel-linux-x86_64-fedora-gcc, r-devel-windows-ix86+x86_64

Version: 1.1-1
Check: Rd line widths
Result: NOTE
    Rd file 'bandwidth_bootstrap.Rd':
     \usage lines wider than 90 characters:
     bandwidth_bootstrap( r, m, x, H, N, h0 = NULL, link = c( "logit" ), guessing = 0, lapsing = 0, K = 2, p = 1, ker = c( "dnorm" ), maxite ... [TRUNCATED]
    
    Rd file 'bandwidth_cross_validation.Rd':
     \usage lines wider than 90 characters:
     bandwidth_cross_validation( r, m, x, H, link = c( "logit" ), guessing = 0, lapsing = 0, K = 2, p = 1, ker = c( "dnorm" ), maxiter = 50, ... [TRUNCATED]
    
    Rd file 'bandwidth_optimal.Rd':
     \usage lines wider than 90 characters:
     bandwidth_optimal( ptrue, r, m, x, H, link = c( "logit" ), guessing = 0, lapsing = 0, K = 2, p = 1, ker = c( "dnorm" ), maxiter = 50, t ... [TRUNCATED]
    
    Rd file 'bandwidth_plugin.Rd':
     \usage lines wider than 90 characters:
     bandwidth_plugin( r, m, x, link = c( "logit" ), guessing = 0, lapsing = 0, K = 2, p = 1, ker = c( "dnorm" ) )
    
    Rd file 'bootstrap_ci_sl.Rd':
     \usage lines wider than 90 characters:
     bootstrap_ci_sl( TH, r, m, x, N, h0, alpha = 0.05, X = (max(x)-min(x))*(0:999)/999+min(x), link = c( "logit" ), guessing = 0, lapsing = ... [TRUNCATED]
    
    Rd file 'bootstrap_ci_th.Rd':
     \usage lines wider than 90 characters:
     bootstrap_ci_th( TH, r, m, x, N, h0, alpha = 0.05, X = (max(x)-min(x))*(0:999)/999+min(x), link = c( "logit" ), guessing = 0, lapsing = ... [TRUNCATED]
    
    Rd file 'bootstrap_sd_sl.Rd':
     \usage lines wider than 90 characters:
     bootstrap_sd_sl( TH, r, m, x, N, h0, X = (max(x)-min(x))*(0:999)/999+min(x), link = c( "logit" ), guessing = 0, lapsing = 0, K = 2, p = ... [TRUNCATED]
    
    Rd file 'bootstrap_sd_th.Rd':
     \usage lines wider than 90 characters:
     bootstrap_sd_th( TH, r, m, x, N, h0, X = (max(x)-min(x))*(0:999)/999+min(x), link = c( "logit" ), guessing = 0, lapsing = 0, K = 2, p = ... [TRUNCATED]
    
    Rd file 'locglmfit.Rd':
     \usage lines wider than 90 characters:
     locglmfit( xfit, r, m, x, h, returnH = FALSE, link = c( "logit" ), guessing = 0, lapsing = 0, K = 2, p = 1, ker = c( "dnorm" ), maxiter ... [TRUNCATED]
    
    Rd file 'locglmfit_private.Rd':
     \usage lines wider than 90 characters:
     locglmfit_private( xfit, r, m, x, h, returnH, link, guessing, lapsing, K, p, ker, maxiter, tol )
     \examples lines wider than 100 characters:
     fit <- locglmfit_private( xnew, example01$r, example01$m, example01$x, h, FALSE, "logit_link", 0, 0, 2, 1, "dnorm", 50, 1e-6)
    
    Rd file 'locglmfit_sparse_private.Rd':
     \usage lines wider than 90 characters:
     locglmfit_sparse_private( xfit, r, m, x, h, returnH, link, guessing, lapsing, K, p, ker, maxiter, tol )
     \examples lines wider than 100 characters:
     fit <- locglmfit_sparse_private( xnew, example01$r, example01$m, example01$x, h, FALSE, "logit_link", 0, 0, 2, 1, "dnorm", 50, 1e-6)
    
    These lines will be truncated in the PDF manual.
Flavors: r-devel-linux-x86_64-debian-clang, r-devel-linux-x86_64-debian-gcc, r-devel-linux-x86_64-fedora-clang, r-devel-linux-x86_64-fedora-gcc, r-patched-linux-x86_64, r-release-linux-x86_64