CRAN Package Check Results for Package modelfree

Last updated on 2014-11-01 01:48:01.

Flavor Version Tinstall Tcheck Ttotal Status Flags
r-devel-linux-x86_64-debian-clang 1.1-1 1.22 84.94 86.16 NOTE
r-devel-linux-x86_64-debian-gcc 1.1-1 1.31 83.63 84.94 NOTE
r-devel-linux-x86_64-fedora-clang 1.1-1 181.29 NOTE
r-devel-linux-x86_64-fedora-gcc 1.1-1 168.78 NOTE
r-devel-osx-x86_64-clang 1.1-1 133.57 NOTE
r-devel-windows-ix86+x86_64 1.1-1 5.00 107.00 112.00 NOTE
r-patched-linux-x86_64 1.1-1 1.23 85.22 86.45 NOTE
r-patched-solaris-sparc 1.1-1 1297.70 NOTE
r-patched-solaris-x86 1.1-1 250.70 NOTE
r-release-linux-ix86 1.1-1 1.87 115.13 117.00 NOTE
r-release-linux-x86_64 1.1-1 1.37 89.92 91.29 NOTE
r-release-osx-x86_64-mavericks 1.1-1 NOTE
r-release-osx-x86_64-snowleopard 1.1-1 NOTE
r-release-windows-ix86+x86_64 1.1-1 7.00 130.00 137.00 NOTE
r-oldrel-windows-ix86+x86_64 1.1-1 5.00 124.00 129.00 NOTE

Check Details

Version: 1.1-1
Check: dependencies in R code
Result: NOTE
    'library' or 'require' call to ‘SparseM’ which was already attached by Depends.
     Please remove these calls from your code.
    See the information on DESCRIPTION files in the chapter ‘Creating R
    packages’ of the ‘Writing R Extensions’ manual.
Flavors: r-devel-linux-x86_64-debian-clang, r-devel-linux-x86_64-debian-gcc, r-devel-linux-x86_64-fedora-clang, r-devel-linux-x86_64-fedora-gcc, r-devel-osx-x86_64-clang, r-devel-windows-ix86+x86_64, r-patched-linux-x86_64, r-patched-solaris-sparc, r-patched-solaris-x86, r-release-linux-ix86, r-release-linux-x86_64, r-release-osx-x86_64-mavericks, r-release-osx-x86_64-snowleopard, r-release-windows-ix86+x86_64, r-oldrel-windows-ix86+x86_64

Version: 1.1-1
Check: Rd line widths
Result: NOTE
    Rd file 'bandwidth_bootstrap.Rd':
     \usage lines wider than 90 characters:
     bandwidth_bootstrap( r, m, x, H, N, h0 = NULL, link = c( "logit" ), guessing = 0, lapsing = 0, K = 2, p = 1, ker = c( "dnorm" ), maxite ... [TRUNCATED]
    
    Rd file 'bandwidth_cross_validation.Rd':
     \usage lines wider than 90 characters:
     bandwidth_cross_validation( r, m, x, H, link = c( "logit" ), guessing = 0, lapsing = 0, K = 2, p = 1, ker = c( "dnorm" ), maxiter = 50, ... [TRUNCATED]
    
    Rd file 'bandwidth_optimal.Rd':
     \usage lines wider than 90 characters:
     bandwidth_optimal( ptrue, r, m, x, H, link = c( "logit" ), guessing = 0, lapsing = 0, K = 2, p = 1, ker = c( "dnorm" ), maxiter = 50, t ... [TRUNCATED]
    
    Rd file 'bandwidth_plugin.Rd':
     \usage lines wider than 90 characters:
     bandwidth_plugin( r, m, x, link = c( "logit" ), guessing = 0, lapsing = 0, K = 2, p = 1, ker = c( "dnorm" ) )
    
    Rd file 'bootstrap_ci_sl.Rd':
     \usage lines wider than 90 characters:
     bootstrap_ci_sl( TH, r, m, x, N, h0, alpha = 0.05, X = (max(x)-min(x))*(0:999)/999+min(x), link = c( "logit" ), guessing = 0, lapsing = ... [TRUNCATED]
    
    Rd file 'bootstrap_ci_th.Rd':
     \usage lines wider than 90 characters:
     bootstrap_ci_th( TH, r, m, x, N, h0, alpha = 0.05, X = (max(x)-min(x))*(0:999)/999+min(x), link = c( "logit" ), guessing = 0, lapsing = ... [TRUNCATED]
    
    Rd file 'bootstrap_sd_sl.Rd':
     \usage lines wider than 90 characters:
     bootstrap_sd_sl( TH, r, m, x, N, h0, X = (max(x)-min(x))*(0:999)/999+min(x), link = c( "logit" ), guessing = 0, lapsing = 0, K = 2, p = ... [TRUNCATED]
    
    Rd file 'bootstrap_sd_th.Rd':
     \usage lines wider than 90 characters:
     bootstrap_sd_th( TH, r, m, x, N, h0, X = (max(x)-min(x))*(0:999)/999+min(x), link = c( "logit" ), guessing = 0, lapsing = 0, K = 2, p = ... [TRUNCATED]
    
    Rd file 'locglmfit.Rd':
     \usage lines wider than 90 characters:
     locglmfit( xfit, r, m, x, h, returnH = FALSE, link = c( "logit" ), guessing = 0, lapsing = 0, K = 2, p = 1, ker = c( "dnorm" ), maxiter ... [TRUNCATED]
    
    Rd file 'locglmfit_private.Rd':
     \usage lines wider than 90 characters:
     locglmfit_private( xfit, r, m, x, h, returnH, link, guessing, lapsing, K, p, ker, maxiter, tol )
     \examples lines wider than 100 characters:
     fit <- locglmfit_private( xnew, example01$r, example01$m, example01$x, h, FALSE, "logit_link", 0, 0, 2, 1, "dnorm", 50, 1e-6)
    
    Rd file 'locglmfit_sparse_private.Rd':
     \usage lines wider than 90 characters:
     locglmfit_sparse_private( xfit, r, m, x, h, returnH, link, guessing, lapsing, K, p, ker, maxiter, tol )
     \examples lines wider than 100 characters:
     fit <- locglmfit_sparse_private( xnew, example01$r, example01$m, example01$x, h, FALSE, "logit_link", 0, 0, 2, 1, "dnorm", 50, 1e-6)
    
    These lines will be truncated in the PDF manual.
Flavors: r-devel-linux-x86_64-debian-clang, r-devel-linux-x86_64-debian-gcc, r-devel-linux-x86_64-fedora-clang, r-devel-linux-x86_64-fedora-gcc, r-patched-linux-x86_64, r-release-linux-x86_64