CRAN Package Check Results for Package modelgrid

Last updated on 2022-10-07 23:08:40 CEST.

Flavor Version Tinstall Tcheck Ttotal Status Flags
r-devel-linux-x86_64-debian-clang 1.1.1.0 15.34 210.55 225.89 NOTE
r-devel-linux-x86_64-debian-gcc 1.1.1.0 13.72 160.48 174.20 NOTE
r-devel-linux-x86_64-fedora-clang 1.1.1.0 289.16 NOTE
r-devel-linux-x86_64-fedora-gcc 1.1.1.0 280.00 NOTE
r-devel-windows-x86_64 1.1.1.0 22.00 249.00 271.00 NOTE
r-patched-linux-x86_64 1.1.1.0 19.49 201.87 221.36 NOTE
r-release-linux-x86_64 1.1.1.0 11.00 202.85 213.85 NOTE
r-release-macos-arm64 1.1.1.0 88.00 NOTE
r-release-macos-x86_64 1.1.1.0 134.00 NOTE
r-release-windows-x86_64 1.1.1.0 25.00 234.00 259.00 NOTE
r-oldrel-macos-arm64 1.1.1.0 96.00 NOTE
r-oldrel-macos-x86_64 1.1.1.0 132.00 NOTE
r-oldrel-windows-ix86+x86_64 1.1.1.0 36.00 236.00 272.00 NOTE

Check Details

Version: 1.1.1.0
Check: LazyData
Result: NOTE
     'LazyData' is specified without a 'data' directory
Flavors: r-devel-linux-x86_64-debian-clang, r-devel-linux-x86_64-debian-gcc, r-devel-linux-x86_64-fedora-clang, r-devel-linux-x86_64-fedora-gcc, r-devel-windows-x86_64, r-patched-linux-x86_64, r-release-linux-x86_64, r-release-macos-arm64, r-release-macos-x86_64, r-release-windows-x86_64, r-oldrel-macos-arm64, r-oldrel-macos-x86_64, r-oldrel-windows-ix86+x86_64

Version: 1.1.1.0
Check: dependencies in R code
Result: NOTE
    Namespaces in Imports field not imported from:
     ‘ggplot2’ ‘lattice’
     All declared Imports should be used.
Flavors: r-devel-linux-x86_64-fedora-clang, r-devel-linux-x86_64-fedora-gcc, r-release-macos-arm64, r-release-macos-x86_64, r-oldrel-macos-arm64, r-oldrel-macos-x86_64