CRAN Package Check Results for Package modeltime.h2o

Last updated on 2022-01-25 17:53:43 CET.

Flavor Version Tinstall Tcheck Ttotal Status Flags
r-devel-linux-x86_64-debian-clang 0.1.1 13.64 132.82 146.46 OK
r-devel-linux-x86_64-debian-gcc 0.1.1 11.48 100.78 112.26 OK
r-devel-windows-x86_64-new-UL 0.1.1 68.00 149.00 217.00 OK
r-devel-windows-x86_64-new-TK 0.1.1 OK
r-patched-linux-x86_64 0.1.1 18.87 125.60 144.47 OK
r-release-linux-x86_64 0.1.1 0.31 11.12 11.43 ERROR
r-release-macos-arm64 0.1.1 OK
r-release-macos-x86_64 0.1.1 OK
r-release-windows-ix86+x86_64 0.1.1 31.00 146.00 177.00 OK
r-oldrel-macos-x86_64 0.1.1 OK
r-oldrel-windows-ix86+x86_64 0.1.1 32.00 156.00 188.00 OK

Check Details

Version: 0.1.1
Check: package dependencies
Result: ERROR
    Package required but not available: ‘modeltime’
    
    See section ‘The DESCRIPTION file’ in the ‘Writing R Extensions’
    manual.
Flavor: r-release-linux-x86_64