CRAN Package Check Results for Package modules

Last updated on 2022-12-07 07:54:35 CET.

Flavor Version Tinstall Tcheck Ttotal Status Flags
r-devel-linux-x86_64-debian-clang 0.10.0 2.42 39.02 41.44 NOTE
r-devel-linux-x86_64-debian-gcc 0.10.0 2.18 30.23 32.41 NOTE
r-devel-linux-x86_64-fedora-clang 0.10.0 60.39 NOTE
r-devel-linux-x86_64-fedora-gcc 0.10.0 130.26 NOTE
r-devel-windows-x86_64 0.10.0 25.00 76.00 101.00 NOTE
r-patched-linux-x86_64 0.10.0 2.38 36.59 38.97 NOTE
r-release-linux-x86_64 0.10.0 1.98 54.27 56.25 NOTE
r-release-macos-arm64 0.10.0 35.00 NOTE
r-release-macos-x86_64 0.10.0 54.00 NOTE
r-release-windows-x86_64 0.10.0 27.00 125.00 152.00 NOTE
r-oldrel-macos-arm64 0.10.0 52.00 NOTE
r-oldrel-macos-x86_64 0.10.0 102.00 NOTE
r-oldrel-windows-ix86+x86_64 0.10.0 6.00 64.00 70.00 NOTE

Check Details

Version: 0.10.0
Check: LazyData
Result: NOTE
     'LazyData' is specified without a 'data' directory
Flavors: r-devel-linux-x86_64-debian-clang, r-devel-linux-x86_64-debian-gcc, r-devel-linux-x86_64-fedora-clang, r-devel-linux-x86_64-fedora-gcc, r-devel-windows-x86_64, r-patched-linux-x86_64, r-release-linux-x86_64, r-release-macos-arm64, r-release-macos-x86_64, r-release-windows-x86_64, r-oldrel-macos-arm64, r-oldrel-macos-x86_64, r-oldrel-windows-ix86+x86_64