CRAN Package Check Results for Package modules

Last updated on 2021-12-06 12:53:52 CET.

Flavor Version Tinstall Tcheck Ttotal Status Flags
r-devel-linux-x86_64-debian-clang 0.10.0 2.78 58.53 61.31 NOTE
r-devel-linux-x86_64-debian-gcc 0.10.0 1.99 46.78 48.77 NOTE
r-devel-linux-x86_64-fedora-clang 0.10.0 76.45 NOTE
r-devel-linux-x86_64-fedora-gcc 0.10.0 77.74 NOTE
r-devel-windows-x86_64-new-UL 0.10.0 11.00 124.00 135.00 NOTE
r-devel-windows-x86_64-new-TK 0.10.0 NOTE
r-devel-windows-x86_64-old 0.10.0 5.00 77.00 82.00 NOTE
r-patched-linux-x86_64 0.10.0 2.77 31.64 34.41 NOTE
r-release-linux-x86_64 0.10.0 2.43 39.42 41.85 NOTE
r-release-macos-arm64 0.10.0 NOTE
r-release-macos-x86_64 0.10.0 NOTE
r-release-windows-ix86+x86_64 0.10.0 7.00 58.00 65.00 NOTE
r-oldrel-macos-x86_64 0.10.0 OK
r-oldrel-windows-ix86+x86_64 0.10.0 15.00 56.00 71.00 OK

Check Details

Version: 0.10.0
Check: LazyData
Result: NOTE
     'LazyData' is specified without a 'data' directory
Flavors: r-devel-linux-x86_64-debian-clang, r-devel-linux-x86_64-debian-gcc, r-devel-linux-x86_64-fedora-clang, r-devel-linux-x86_64-fedora-gcc, r-devel-windows-x86_64-new-UL, r-devel-windows-x86_64-new-TK, r-devel-windows-x86_64-old, r-patched-linux-x86_64, r-release-linux-x86_64, r-release-macos-arm64, r-release-macos-x86_64, r-release-windows-ix86+x86_64