CRAN Package Check Results for Package moexer

Last updated on 2021-04-10 23:48:08 CEST.

Flavor Version Tinstall Tcheck Ttotal Status Flags
r-devel-linux-x86_64-debian-clang 0.1.0 3.66 46.61 50.27 NOTE
r-devel-linux-x86_64-debian-gcc 0.1.0 3.45 35.84 39.29 NOTE
r-devel-linux-x86_64-fedora-clang 0.1.0 66.85 NOTE
r-devel-linux-x86_64-fedora-gcc 0.1.0 66.39 NOTE
r-devel-windows-ix86+x86_64 0.1.0 9.00 49.00 58.00 NOTE
r-devel-windows-x86_64-gcc10-UCRT 0.1.0 NOTE
r-patched-linux-x86_64 0.1.0 4.43 44.42 48.85 OK
r-patched-solaris-x86 0.1.0 88.90 OK
r-release-linux-x86_64 0.1.0 4.29 43.31 47.60 OK
r-release-macos-x86_64 0.1.0 OK
r-release-windows-ix86+x86_64 0.1.0 9.00 65.00 74.00 OK
r-oldrel-macos-x86_64 0.1.0 OK
r-oldrel-windows-ix86+x86_64 0.1.0 9.00 62.00 71.00 OK

Check Details

Version: 0.1.0
Check: LazyData
Result: NOTE
     'LazyData' is specified without a 'data' directory
Flavors: r-devel-linux-x86_64-debian-clang, r-devel-linux-x86_64-debian-gcc, r-devel-linux-x86_64-fedora-clang, r-devel-linux-x86_64-fedora-gcc, r-devel-windows-ix86+x86_64, r-devel-windows-x86_64-gcc10-UCRT