CRAN Package Check Results for Package mokken

Last updated on 2015-01-25 23:52:16.

Flavor Version Tinstall Tcheck Ttotal Status Flags
r-devel-linux-x86_64-debian-clang 2.7.7 1.53 31.96 33.50 NOTE
r-devel-linux-x86_64-debian-gcc 2.7.7 1.62 32.35 33.97 NOTE
r-devel-linux-x86_64-fedora-clang 2.7.7 69.62 NOTE
r-devel-linux-x86_64-fedora-gcc 2.7.7 66.02 NOTE
r-devel-osx-x86_64-clang 2.7.7 62.87 NOTE
r-devel-windows-ix86+x86_64 2.7.7 11.00 71.00 82.00 NOTE
r-patched-linux-x86_64 2.7.7 1.74 35.03 36.76 OK
r-patched-solaris-sparc 2.7.7 455.90 OK
r-patched-solaris-x86 2.7.7 87.80 OK
r-release-linux-ix86 2.7.7 2.12 42.48 44.61 OK
r-release-linux-x86_64 2.7.7 1.64 34.80 36.44 OK
r-release-osx-x86_64-mavericks 2.7.7 OK
r-release-osx-x86_64-snowleopard 2.7.7 OK
r-release-windows-ix86+x86_64 2.7.7 7.00 68.00 75.00 OK
r-oldrel-windows-ix86+x86_64 2.7.7 7.00 75.00 82.00 OK

Check Details

Version: 2.7.7
Check: dependencies in R code
Result: NOTE
    'library' or 'require' call to ‘MASS’ in package code.
     Please use :: or requireNamespace() instead.
     See section 'Suggested packages' in the 'Writing R Extensions' manual.
Flavors: r-devel-linux-x86_64-debian-clang, r-devel-linux-x86_64-debian-gcc, r-devel-linux-x86_64-fedora-clang, r-devel-linux-x86_64-fedora-gcc, r-devel-osx-x86_64-clang, r-devel-windows-ix86+x86_64