CRAN Package Check Results for Package mokken

Last updated on 2018-05-21 23:51:01 CEST.

Flavor Version Tinstall Tcheck Ttotal Status Flags
r-devel-linux-x86_64-debian-clang 2.8.10 10.61 59.71 70.32 OK
r-devel-linux-x86_64-debian-gcc 2.8.10 7.33 49.33 56.66 OK
r-devel-linux-x86_64-fedora-clang 2.8.10 94.93 OK
r-devel-linux-x86_64-fedora-gcc 2.8.10 91.41 OK
r-devel-windows-ix86+x86_64 2.8.10 25.00 102.00 127.00 WARN
r-patched-linux-x86_64 2.8.10 9.31 65.72 75.03 OK
r-patched-solaris-x86 2.8.10 126.30 OK
r-release-linux-x86_64 2.8.10 9.24 64.55 73.79 OK
r-release-windows-ix86+x86_64 2.8.10 25.00 134.00 159.00 WARN
r-release-osx-x86_64 2.8.10 WARN
r-oldrel-windows-ix86+x86_64 2.8.10 16.00 153.00 169.00 WARN
r-oldrel-osx-x86_64 2.8.10 WARN

Check Details

Version: 2.8.10
Check: PDF version of manual
Result: WARN
    LaTeX errors when creating PDF version.
    This typically indicates Rd problems.
    LaTeX errors found:
    ! pdfTeX error (ext4): \pdfendlink ended up in different nesting level than \pd
    fstartlink.
    \AtBegShi@Output ...ipout \box \AtBeginShipoutBox
     \fi \fi
    l.129 }
    ! ==> Fatal error occurred, no output PDF file produced!
Flavors: r-devel-windows-ix86+x86_64, r-release-windows-ix86+x86_64, r-release-osx-x86_64, r-oldrel-windows-ix86+x86_64, r-oldrel-osx-x86_64