CRAN Package Check Results for Package mokken

Last updated on 2017-02-20 13:51:01.

Flavor Version Tinstall Tcheck Ttotal Status Flags
r-devel-linux-x86_64-debian-clang 2.8.4 1.98 41.31 43.30 NOTE
r-devel-linux-x86_64-debian-gcc 2.8.4 1.84 39.22 41.06 NOTE
r-devel-linux-x86_64-fedora-clang 2.8.4 74.60 NOTE --no-stop-on-test-error
r-devel-linux-x86_64-fedora-gcc 2.8.4 72.07 NOTE --no-stop-on-test-error
r-devel-macos-x86_64-clang 2.8.4 58.39 NOTE --no-stop-on-test-error
r-devel-windows-ix86+x86_64 2.8.4 7.00 116.00 123.00 OK
r-patched-linux-x86_64 2.8.4 1.69 33.90 35.59 OK
r-patched-solaris-sparc 2.8.4 397.80 OK
r-patched-solaris-x86 2.8.4 80.60 OK
r-release-linux-x86_64 2.8.4 1.62 37.29 38.91 OK
r-release-osx-x86_64-mavericks 2.8.4 OK
r-release-windows-ix86+x86_64 2.8.4 8.00 78.00 86.00 OK
r-oldrel-windows-ix86+x86_64 2.8.4 8.00 110.00 118.00 OK

Check Details

Version: 2.8.4
Check: compiled code
Result: NOTE
    File ‘mokken/libs/mokken.so’:
     Found no calls to: ‘R_registerRoutines’, ‘R_useDynamicSymbols’
    
    It is good practice to register native routines and to disable symbol
    search.
    
    See ‘Writing portable packages’ in the ‘Writing R Extensions’ manual.
Flavors: r-devel-linux-x86_64-debian-clang, r-devel-linux-x86_64-debian-gcc

Version: 2.8.4
Flags: --no-stop-on-test-error
Check: compiled code
Result: NOTE
    File ‘mokken/libs/mokken.so’:
     Found no calls to: ‘R_registerRoutines’, ‘R_useDynamicSymbols’
    
    It is good practice to register native routines and to disable symbol
    search.
    
    See ‘Writing portable packages’ in the ‘Writing R Extensions’ manual.
Flavors: r-devel-linux-x86_64-fedora-clang, r-devel-linux-x86_64-fedora-gcc, r-devel-macos-x86_64-clang