CRAN Package Check Results for Package mokken

Last updated on 2017-03-24 06:48:22.

Flavor Version Tinstall Tcheck Ttotal Status Flags
r-devel-linux-x86_64-debian-clang 2.8.4 2.04 40.63 42.67 NOTE
r-devel-linux-x86_64-debian-gcc 2.8.4 1.86 37.42 39.28 NOTE
r-devel-linux-x86_64-fedora-clang 2.8.5 67.09 OK --no-stop-on-test-error
r-devel-linux-x86_64-fedora-gcc 2.8.5 46.57 OK --no-stop-on-test-error
r-devel-macos-x86_64-clang 2.8.5 61.89 OK --no-stop-on-test-error
r-devel-windows-ix86+x86_64 2.8.4 7.00 116.00 123.00 OK
r-patched-linux-x86_64 2.8.4 1.69 34.02 35.71 OK
r-patched-solaris-sparc 2.8.5 483.50 OK
r-patched-solaris-x86 2.8.5 88.80 OK
r-release-linux-x86_64 2.8.4 1.67 34.33 36.00 OK
r-release-osx-x86_64-mavericks 2.8.4 OK
r-release-windows-ix86+x86_64 2.8.5 12.00 108.00 120.00 OK
r-oldrel-windows-ix86+x86_64 2.8.5 8.00 86.00 94.00 OK

Check Details

Version: 2.8.4
Check: compiled code
Result: NOTE
    File ‘mokken/libs/mokken.so’:
     Found no calls to: ‘R_registerRoutines’, ‘R_useDynamicSymbols’
    
    It is good practice to register native routines and to disable symbol
    search.
    
    See ‘Writing portable packages’ in the ‘Writing R Extensions’ manual.
Flavors: r-devel-linux-x86_64-debian-clang, r-devel-linux-x86_64-debian-gcc