CRAN Package Check Results for Package mokken

Last updated on 2017-01-16 17:49:22.

Flavor Version Tinstall Tcheck Ttotal Status Flags
r-devel-linux-x86_64-debian-clang 2.8.4 2.18 41.38 43.56 OK
r-devel-linux-x86_64-debian-gcc 2.8.4 1.82 38.88 40.70 OK
r-devel-linux-x86_64-fedora-clang 2.8.4 74.00 OK --no-stop-on-test-error
r-devel-linux-x86_64-fedora-gcc 2.8.4 69.85 NOTE --no-stop-on-test-error
r-devel-macos-x86_64-clang 2.8.4 59.40 OK --no-stop-on-test-error
r-devel-windows-ix86+x86_64 2.8.4 9.00 94.00 103.00 OK
r-patched-linux-x86_64 2.8.4 1.66 33.09 34.75 OK
r-patched-solaris-sparc 2.8.4 397.80 OK
r-patched-solaris-x86 2.8.4 84.10 OK
r-release-linux-x86_64 2.8.4 1.60 33.91 35.51 OK
r-release-osx-x86_64-mavericks 2.8.4 OK
r-release-windows-ix86+x86_64 2.8.4 17.00 81.00 98.00 OK
r-oldrel-windows-ix86+x86_64 2.8.4 11.00 112.00 123.00 OK

Check Details

Version: 2.8.4
Flags: --no-stop-on-test-error
Check: compiled code
Result: NOTE
    File ‘mokken/libs/mokken.so’:
     Found no calls to: ‘R_registerRoutines’, ‘R_useDynamicSymbols’
    
    It is good practice to use registered native symbols and disable symbol
    search.
    
    See ‘Writing portable packages’ in the ‘Writing R Extensions’ manual.
Flavor: r-devel-linux-x86_64-fedora-gcc