CRAN Package Check Results for Package mokken

Last updated on 2015-03-30 15:49:19.

Flavor Version Tinstall Tcheck Ttotal Status Flags
r-devel-linux-x86_64-debian-clang 2.7.7 1.49 31.10 32.60 NOTE
r-devel-linux-x86_64-debian-gcc 2.7.7 1.66 31.09 32.75 NOTE
r-devel-linux-x86_64-fedora-clang 2.7.7 62.98 NOTE
r-devel-linux-x86_64-fedora-gcc 2.7.7 67.13 NOTE
r-devel-osx-x86_64-clang 2.7.7 63.22 NOTE
r-prerel-windows-ix86+x86_64 2.7.7 7.00 64.00 71.00 NOTE
r-prerel-linux-x86_64 2.7.7 1.54 31.25 32.79 NOTE
r-prerel-solaris-sparc 2.7.7 437.70 NOTE
r-prerel-solaris-x86 2.7.7 78.30 NOTE
r-release-linux-x86_64 2.7.7 1.68 35.62 37.29 NOTE
r-release-osx-x86_64-mavericks 2.7.7 OK
r-release-osx-x86_64-snowleopard 2.7.7 OK
r-release-windows-ix86+x86_64 2.7.7 8.00 75.00 83.00 NOTE
r-oldrel-windows-ix86+x86_64 2.7.7 7.00 105.00 112.00 OK

Check Details

Version: 2.7.7
Check: dependencies in R code
Result: NOTE
    'library' or 'require' call to ‘MASS’ in package code.
     Please use :: or requireNamespace() instead.
     See section 'Suggested packages' in the 'Writing R Extensions' manual.
Flavors: r-devel-linux-x86_64-debian-clang, r-devel-linux-x86_64-debian-gcc, r-devel-linux-x86_64-fedora-clang, r-devel-linux-x86_64-fedora-gcc, r-devel-osx-x86_64-clang, r-prerel-windows-ix86+x86_64, r-prerel-linux-x86_64, r-prerel-solaris-sparc, r-prerel-solaris-x86, r-release-linux-x86_64, r-release-windows-ix86+x86_64