CRAN Package Check Results for Package mokken

Last updated on 2018-01-17 03:49:19 CET.

Flavor Version Tinstall Tcheck Ttotal Status Flags
r-devel-linux-x86_64-debian-clang 2.8.9 3.10 78.66 81.76 OK
r-devel-linux-x86_64-debian-gcc 2.8.9 2.25 56.07 58.32 OK
r-devel-linux-x86_64-fedora-clang 2.8.9 87.19 OK
r-devel-linux-x86_64-fedora-gcc 2.8.9 87.17 OK
r-devel-windows-ix86+x86_64 2.8.9 11.00 104.00 115.00 WARN
r-patched-linux-x86_64 2.8.9 2.15 73.36 75.51 OK
r-patched-solaris-x86 2.8.9 114.90 OK
r-release-linux-x86_64 2.8.9 2.56 72.69 75.25 OK
r-release-windows-ix86+x86_64 2.8.9 12.00 140.00 152.00 WARN
r-release-osx-x86_64 2.8.9 WARN
r-oldrel-windows-ix86+x86_64 2.8.9 11.00 126.00 137.00 WARN
r-oldrel-osx-x86_64 2.8.9 WARN

Check Details

Version: 2.8.9
Check: PDF version of manual
Result: WARN
    LaTeX errors when creating PDF version.
    This typically indicates Rd problems.
    LaTeX errors found:
    ! pdfTeX error (ext4): \pdfendlink ended up in different nesting level than \pd
    fstartlink.
    \AtBegShi@Output ...ipout \box \AtBeginShipoutBox
     \fi \fi
    l.129 }
    ! ==> Fatal error occurred, no output PDF file produced!
Flavors: r-devel-windows-ix86+x86_64, r-release-windows-ix86+x86_64, r-release-osx-x86_64, r-oldrel-windows-ix86+x86_64, r-oldrel-osx-x86_64