CRAN Package Check Results for Package mokken

Last updated on 2015-07-04 11:49:51.

Flavor Version Tinstall Tcheck Ttotal Status Flags
r-devel-linux-x86_64-debian-clang 2.7.7 1.49 30.54 32.04 NOTE
r-devel-linux-x86_64-debian-gcc 2.7.7 1.44 30.25 31.69 NOTE
r-devel-linux-x86_64-fedora-clang 2.7.7 60.01 NOTE
r-devel-linux-x86_64-fedora-gcc 2.7.7 59.92 NOTE
r-devel-osx-x86_64-clang 2.7.7 55.36 NOTE
r-devel-windows-ix86+x86_64 2.7.7 12.00 64.00 76.00 NOTE
r-patched-linux-x86_64 2.7.7 1.82 30.94 32.76 NOTE
r-patched-solaris-sparc 2.7.7 431.50 NOTE
r-patched-solaris-x86 2.7.7 81.30 NOTE
r-release-linux-x86_64 2.7.7 1.55 32.54 34.09 NOTE
r-release-osx-x86_64-mavericks 2.7.7 NOTE
r-release-windows-ix86+x86_64 2.7.7 10.00 62.00 72.00 NOTE
r-oldrel-windows-ix86+x86_64 2.7.7 9.00 78.00 87.00 NOTE

Check Details

Version: 2.7.7
Check: dependencies in R code
Result: NOTE
    'library' or 'require' call to ‘MASS’ in package code.
     Please use :: or requireNamespace() instead.
     See section 'Suggested packages' in the 'Writing R Extensions' manual.
Flavors: r-devel-linux-x86_64-debian-clang, r-devel-linux-x86_64-debian-gcc, r-devel-linux-x86_64-fedora-clang, r-devel-linux-x86_64-fedora-gcc, r-devel-osx-x86_64-clang, r-devel-windows-ix86+x86_64, r-patched-linux-x86_64, r-patched-solaris-sparc, r-patched-solaris-x86, r-release-linux-x86_64, r-release-osx-x86_64-mavericks, r-release-windows-ix86+x86_64, r-oldrel-windows-ix86+x86_64

Version: 2.7.7
Check: R code for possible problems
Result: NOTE
    check.errors: no visible global function definition for ‘runif’
    check.iio: no visible global function definition for ‘pchisq’
    check.iio: no visible global function definition for ‘qnorm’
    check.iio: no visible global function definition for ‘sd’
    check.iio: no visible global function definition for ‘t.test’
    check.iio: no visible global function definition for ‘pnorm’
    check.iio: no visible global function definition for ‘rnorm’
    check.pmatrix: no visible global function definition for ‘qnorm’
    check.reliability: no visible global function definition for ‘var’
    check.reliability: no visible global function definition for
     ‘as.formula’
    check.restscore: no visible global function definition for ‘qnorm’
    coefH: no visible global function definition for ‘var’
    coefH: no visible binding for global variable ‘var’
    coefHT: no visible binding for global variable ‘sd’
    coefHT: no visible global function definition for ‘var’
    coefZ: no visible global function definition for ‘var’
    coefZ: no visible binding for global variable ‘var’
    plot.iio.class : up.lo.bound.mean: no visible global function
     definition for ‘sd’
    plot.iio.class : up.lo.bound.mean: no visible global function
     definition for ‘qnorm’
    plot.iio.class: no visible global function definition for ‘par’
    plot.iio.class: no visible global function definition for ‘qnorm’
    plot.iio.class: no visible global function definition for ‘title’
    plot.iio.class: no visible global function definition for ‘axis’
    plot.iio.class: no visible global function definition for ‘polygon’
    plot.iio.class: no visible global function definition for ‘lines’
    plot.monotonicity.class : up.lo.bound.mean: no visible global function
     definition for ‘sd’
    plot.monotonicity.class : up.lo.bound.mean: no visible global function
     definition for ‘qnorm’
    plot.monotonicity.class: no visible global function definition for
     ‘par’
    plot.monotonicity.class: no visible global function definition for
     ‘layout’
    plot.monotonicity.class: no visible global function definition for
     ‘qnorm’
    plot.monotonicity.class: no visible global function definition for
     ‘title’
    plot.monotonicity.class: no visible global function definition for
     ‘axis’
    plot.monotonicity.class: no visible global function definition for
     ‘polygon’
    plot.monotonicity.class: no visible global function definition for
     ‘lines’
    plot.pmatrix.class: no visible global function definition for ‘par’
    plot.pmatrix.class: no visible global function definition for ‘title’
    plot.pmatrix.class: no visible global function definition for ‘axis’
    plot.pmatrix.class: no visible global function definition for ‘qnorm’
    plot.pmatrix.class: no visible global function definition for ‘polygon’
    plot.pmatrix.class: no visible global function definition for ‘lines’
    plot.restscore.class : up.lo.bound.ISRF: no visible global function
     definition for ‘qnorm’
    plot.restscore.class: no visible global function definition for ‘par’
    plot.restscore.class: no visible global function definition for ‘title’
    plot.restscore.class: no visible global function definition for ‘axis’
    plot.restscore.class: no visible global function definition for
     ‘polygon’
    plot.restscore.class: no visible global function definition for ‘lines’
    search.ga: no visible global function definition for ‘var’
    search.ga: no visible binding for global variable ‘var’
    search.normal: no visible global function definition for ‘var’
    search.normal: no visible binding for global variable ‘var’
    search.normal: no visible global function definition for ‘qnorm’
    weights: no visible global function definition for ‘runif’
    Undefined global functions or variables:
     as.formula axis layout lines par pchisq pnorm polygon qnorm rnorm
     runif sd t.test title var
Flavors: r-devel-linux-x86_64-debian-clang, r-devel-linux-x86_64-debian-gcc, r-devel-linux-x86_64-fedora-clang, r-devel-linux-x86_64-fedora-gcc, r-devel-windows-ix86+x86_64