CRAN Package Check Results for Package mokken

Last updated on 2014-07-29 05:47:06.

Flavor Version Tinstall Tcheck Ttotal Status Flags
r-devel-linux-x86_64-debian-clang 2.7.5 1.39 29.81 31.20 OK
r-devel-linux-x86_64-debian-gcc 2.7.5 1.72 29.54 31.26 OK
r-devel-linux-x86_64-fedora-clang 2.7.5 67.97 NOTE
r-devel-linux-x86_64-fedora-gcc 2.7.5 64.88 NOTE
r-devel-osx-x86_64-clang 2.7.5 58.24 OK
r-devel-windows-ix86+x86_64 2.7.5 7.00 63.00 70.00 OK
r-patched-linux-x86_64 2.7.5 1.46 29.64 31.10 OK
r-patched-solaris-sparc 2.7.5 393.90 OK
r-patched-solaris-x86 2.7.5 84.10 OK
r-release-linux-ix86 2.7.5 2.06 40.77 42.83 OK
r-release-linux-x86_64 2.7.5 1.49 29.99 31.48 OK
r-release-osx-x86_64-mavericks 2.7.5 OK
r-release-windows-ix86+x86_64 2.7.5 6.00 58.00 64.00 OK
r-oldrel-windows-ix86+x86_64 2.7.5 6.00 63.00 69.00 OK

Check Details

Version: 2.7.5
Check: Rd line widths
Result: NOTE
    Rd file 'aisp.Rd':
     \usage lines wider than 90 characters:
     aisp(X, search="normal", lowerbound=.3, alpha=.05, popsize=20, maxgens=default.maxgens, pxover=0.5, pmutation=0.1, verbose=FALSE)
    
    Rd file 'check.iio.Rd':
     \usage lines wider than 90 characters:
     check.iio(X, method="MIIO", minvi = default.minvi, minsize = default.minsize, alpha = .05, item.selection=TRUE, verbose=FALSE)
    
    Rd file 'check.reliability.Rd':
     \usage lines wider than 90 characters:
     check.reliability(X, MS = TRUE, alpha = TRUE, lambda.2 = TRUE, LCRC = FALSE, nclass = nclass.default)
    
    Rd file 'plot.iio.class.Rd':
     \usage lines wider than 90 characters:
     plot(x, item.pairs = all.pairs, plot.ci = TRUE, color.ci = c("orange","yellow"), alpha.ci = .05, ask = TRUE, ...)
    
    Rd file 'plot.monotonicity.class.Rd':
     \usage lines wider than 90 characters:
     plot(x, items = all.items, curves = "both", plot.ci = TRUE, color.ci = "orange", alpha.ci = .05, ask = TRUE, ...)
    
    Rd file 'plot.pmatrix.class.Rd':
     \usage lines wider than 90 characters:
     plot(x, items = all.items, pmatrix = "both", plot.ci = FALSE, color.ci = "orange", alpha.ci = .05, ask = TRUE, ...)
    
    Rd file 'plot.restscore.class.Rd':
     \usage lines wider than 90 characters:
     plot(x, item.pairs = all.pairs, plot.ci = TRUE, color.ci = c("orange","yellow"), alpha.ci = .05, ask = TRUE, ...)
    
    These lines will be truncated in the PDF manual.
Flavors: r-devel-linux-x86_64-fedora-clang, r-devel-linux-x86_64-fedora-gcc