CRAN Package Check Results for Package mokken

Last updated on 2014-04-23 17:47:48.

Flavor Version Tinstall Tcheck Ttotal Status Flags
r-devel-linux-x86_64-debian-clang 2.7.5 1.38 32.16 33.53 OK
r-devel-linux-x86_64-debian-gcc 2.7.5 1.56 31.91 33.46 OK
r-devel-linux-x86_64-fedora-clang 2.7.5 65.36 NOTE
r-devel-linux-x86_64-fedora-gcc 2.7.5 63.63 NOTE
r-devel-osx-x86_64-clang 2.7.5 52.21 OK
r-devel-osx-x86_64-gcc 2.7.5 OK
r-devel-windows-ix86+x86_64 2.7.5 6.00 56.00 62.00 OK
r-patched-linux-x86_64 2.7.5 1.49 31.35 32.84 OK
r-patched-solaris-sparc 2.7.5 393.90 OK
r-patched-solaris-x86 2.7.5 84.30 OK
r-release-linux-ix86 2.7.5 2.00 52.00 54.00 OK
r-release-linux-x86_64 2.7.5 1.68 31.60 33.27 OK
r-release-osx-x86_64-mavericks 2.7.5 OK
r-release-windows-ix86+x86_64 2.7.5 6.00 61.00 67.00 OK
r-oldrel-windows-ix86+x86_64 2.7.5 6.00 62.00 68.00 OK

Check Details

Version: 2.7.5
Check: Rd line widths
Result: NOTE
    Rd file 'aisp.Rd':
     \usage lines wider than 90 characters:
     aisp(X, search="normal", lowerbound=.3, alpha=.05, popsize=20, maxgens=default.maxgens, pxover=0.5, pmutation=0.1, verbose=FALSE)
    
    Rd file 'check.iio.Rd':
     \usage lines wider than 90 characters:
     check.iio(X, method="MIIO", minvi = default.minvi, minsize = default.minsize, alpha = .05, item.selection=TRUE, verbose=FALSE)
    
    Rd file 'check.reliability.Rd':
     \usage lines wider than 90 characters:
     check.reliability(X, MS = TRUE, alpha = TRUE, lambda.2 = TRUE, LCRC = FALSE, nclass = nclass.default)
    
    Rd file 'plot.iio.class.Rd':
     \usage lines wider than 90 characters:
     plot(x, item.pairs = all.pairs, plot.ci = TRUE, color.ci = c("orange","yellow"), alpha.ci = .05, ask = TRUE, ...)
    
    Rd file 'plot.monotonicity.class.Rd':
     \usage lines wider than 90 characters:
     plot(x, items = all.items, curves = "both", plot.ci = TRUE, color.ci = "orange", alpha.ci = .05, ask = TRUE, ...)
    
    Rd file 'plot.pmatrix.class.Rd':
     \usage lines wider than 90 characters:
     plot(x, items = all.items, pmatrix = "both", plot.ci = FALSE, color.ci = "orange", alpha.ci = .05, ask = TRUE, ...)
    
    Rd file 'plot.restscore.class.Rd':
     \usage lines wider than 90 characters:
     plot(x, item.pairs = all.pairs, plot.ci = TRUE, color.ci = c("orange","yellow"), alpha.ci = .05, ask = TRUE, ...)
    
    These lines will be truncated in the PDF manual.
Flavors: r-devel-linux-x86_64-fedora-clang, r-devel-linux-x86_64-fedora-gcc