CRAN Package Check Results for Package mokken

Last updated on 2015-04-28 19:49:11.

Flavor Version Tinstall Tcheck Ttotal Status Flags
r-devel-linux-x86_64-debian-clang 2.7.7 1.51 32.90 34.41 NOTE
r-devel-linux-x86_64-debian-gcc 2.7.7 1.56 30.90 32.45 NOTE
r-devel-linux-x86_64-fedora-clang 2.7.7 63.87 NOTE
r-devel-linux-x86_64-fedora-gcc 2.7.7 60.74 NOTE
r-devel-osx-x86_64-clang 2.7.7 57.50 NOTE
r-devel-windows-ix86+x86_64 2.7.7 7.00 65.00 72.00 NOTE
r-patched-linux-x86_64 2.7.7 1.68 30.38 32.05 NOTE
r-patched-solaris-sparc 2.7.7 437.70 NOTE
r-patched-solaris-x86 2.7.7 79.10 NOTE
r-release-linux-x86_64 2.7.7 1.52 31.58 33.10 NOTE
r-release-osx-x86_64-mavericks 2.7.7 NOTE
r-release-osx-x86_64-snowleopard 2.7.7 NOTE
r-release-windows-ix86+x86_64 2.7.7 8.00 64.00 72.00 NOTE
r-oldrel-windows-ix86+x86_64 2.7.7 5.00 67.00 72.00 NOTE

Check Details

Version: 2.7.7
Check: dependencies in R code
Result: NOTE
    'library' or 'require' call to ‘MASS’ in package code.
     Please use :: or requireNamespace() instead.
     See section 'Suggested packages' in the 'Writing R Extensions' manual.
Flavors: r-devel-linux-x86_64-debian-clang, r-devel-linux-x86_64-debian-gcc, r-devel-linux-x86_64-fedora-clang, r-devel-linux-x86_64-fedora-gcc, r-devel-osx-x86_64-clang, r-devel-windows-ix86+x86_64, r-patched-linux-x86_64, r-patched-solaris-sparc, r-patched-solaris-x86, r-release-linux-x86_64, r-release-osx-x86_64-mavericks, r-release-osx-x86_64-snowleopard, r-release-windows-ix86+x86_64, r-oldrel-windows-ix86+x86_64