CRAN Package Check Results for Package mokken

Last updated on 2015-05-27 09:47:56.

Flavor Version Tinstall Tcheck Ttotal Status Flags
r-devel-linux-x86_64-debian-clang 2.7.7 1.48 33.29 34.78 NOTE
r-devel-linux-x86_64-debian-gcc 2.7.7 3.63 30.49 34.12 NOTE
r-devel-linux-x86_64-fedora-clang 2.7.7 63.17 NOTE
r-devel-linux-x86_64-fedora-gcc 2.7.7 59.30 NOTE
r-devel-osx-x86_64-clang 2.7.7 60.06 NOTE
r-devel-windows-ix86+x86_64 2.7.7 7.00 66.00 73.00 NOTE
r-patched-linux-x86_64 2.7.7 1.48 31.16 32.64 NOTE
r-patched-solaris-sparc 2.7.7 431.50 NOTE
r-patched-solaris-x86 2.7.7 79.90 NOTE
r-release-linux-x86_64 2.7.7 1.57 32.22 33.80 NOTE
r-release-osx-x86_64-mavericks 2.7.7 NOTE
r-release-osx-x86_64-snowleopard 2.7.7 NOTE
r-release-windows-ix86+x86_64 2.7.7 6.00 63.00 69.00 NOTE
r-oldrel-windows-ix86+x86_64 2.7.7 8.00 107.00 115.00 NOTE

Check Details

Version: 2.7.7
Check: dependencies in R code
Result: NOTE
    'library' or 'require' call to ‘MASS’ in package code.
     Please use :: or requireNamespace() instead.
     See section 'Suggested packages' in the 'Writing R Extensions' manual.
Flavors: r-devel-linux-x86_64-debian-clang, r-devel-linux-x86_64-debian-gcc, r-devel-linux-x86_64-fedora-clang, r-devel-linux-x86_64-fedora-gcc, r-devel-osx-x86_64-clang, r-devel-windows-ix86+x86_64, r-patched-linux-x86_64, r-patched-solaris-sparc, r-patched-solaris-x86, r-release-linux-x86_64, r-release-osx-x86_64-mavericks, r-release-osx-x86_64-snowleopard, r-release-windows-ix86+x86_64, r-oldrel-windows-ix86+x86_64