CRAN Package Check Results for Package mombf

Last updated on 2015-07-04 08:50:27.

Flavor Version Tinstall Tcheck Ttotal Status Flags
r-devel-linux-x86_64-debian-clang 1.5.9 7.25 53.17 60.42 NOTE
r-devel-linux-x86_64-debian-gcc 1.5.9 8.25 51.31 59.56 NOTE
r-devel-linux-x86_64-fedora-clang 1.5.9 123.80 NOTE
r-devel-linux-x86_64-fedora-gcc 1.5.9 115.06 NOTE
r-devel-osx-x86_64-clang 1.5.9 106.03 NOTE
r-devel-windows-ix86+x86_64 1.5.9 43.00 89.00 132.00 NOTE
r-patched-linux-x86_64 1.5.9 8.02 53.27 61.30 NOTE
r-patched-solaris-sparc 1.5.9 770.70 NOTE
r-patched-solaris-x86 1.5.9 172.30 NOTE
r-release-linux-x86_64 1.5.9 8.26 53.13 61.39 NOTE
r-release-osx-x86_64-mavericks 1.5.9 NOTE
r-release-windows-ix86+x86_64 1.5.9 37.00 95.00 132.00 NOTE
r-oldrel-windows-ix86+x86_64 1.5.9 33.00 130.00 163.00 NOTE

Check Details

Version: 1.5.9
Check: dependencies in R code
Result: NOTE
    'library' or 'require' call to ‘parallel’ in package code.
     Please use :: or requireNamespace() instead.
     See section 'Suggested packages' in the 'Writing R Extensions' manual.
Flavors: r-devel-linux-x86_64-debian-clang, r-devel-linux-x86_64-debian-gcc, r-devel-linux-x86_64-fedora-clang, r-devel-linux-x86_64-fedora-gcc, r-devel-osx-x86_64-clang, r-devel-windows-ix86+x86_64, r-patched-linux-x86_64, r-patched-solaris-sparc, r-patched-solaris-x86, r-release-linux-x86_64, r-release-osx-x86_64-mavericks, r-release-windows-ix86+x86_64, r-oldrel-windows-ix86+x86_64

Version: 1.5.9
Check: S3 generic/method consistency
Result: NOTE
    Found the following apparent S3 methods exported but not registered:
     imombf.lm mombf.lm zellnerbf.lm
    See section ‘Registering S3 methods’ in the ‘Writing R Extensions’
    manual.
Flavors: r-devel-linux-x86_64-debian-clang, r-devel-linux-x86_64-debian-gcc, r-devel-linux-x86_64-fedora-clang, r-devel-linux-x86_64-fedora-gcc, r-devel-osx-x86_64-clang, r-patched-linux-x86_64, r-patched-solaris-sparc, r-patched-solaris-x86, r-release-linux-x86_64

Version: 1.5.9
Check: R code for possible problems
Result: NOTE
    MHTheta1emom: no visible global function definition for ‘dnorm’
    MHTheta1emom: no visible global function definition for ‘rbinom’
    MHTheta1emom: no visible global function definition for ‘runif’
    MHTheta1pmom: no visible global function definition for ‘dnorm’
    MHTheta1pmom: no visible global function definition for ‘rbinom’
    MHTheta1pmom: no visible global function definition for ‘runif’
    MHTheta1zellner: no visible global function definition for ‘dnorm’
    MHTheta1zellner: no visible global function definition for ‘rbinom’
    MHTheta1zellner: no visible global function definition for ‘rnorm’
    MHTheta1zellner: no visible global function definition for ‘runif’
    binomPrior: no visible global function definition for ‘dbinom’
    dqmom: no visible global function definition for ‘dnorm’
    dqmom: no visible global function definition for ‘mahalanobis’
    emomIntegralApprox: no visible global function definition for ‘nlminb’
    emomLM: no visible global function definition for ‘coef’
    emomLM: no visible global function definition for ‘lm’
    emomLM: no visible global function definition for ‘var’
    emomMargKuniv : f: no visible global function definition for ‘dnorm’
    emomMargKuniv: no visible global function definition for ‘integrate’
    emomPM: Error while checking: invalid ‘envir’ argument
    femomNeg: no visible global function definition for ‘mahalanobis’
    fimomNeg: no visible global function definition for ‘mahalanobis’
    fimomUNeg: no visible global function definition for ‘mahalanobis’
    fmomNeg: no visible global function definition for ‘mahalanobis’
    fppimomUNeg: no visible global function definition for ‘mahalanobis’
    greedyGLM : pluginJoint: no visible global function definition for
     ‘glm’
    greedyGLM : pluginJoint: no visible global function definition for
     ‘coef’
    greedymodelSelectionR : priorFunction: no visible global function
     definition for ‘dbinom’
    imomUIntegralApproxOld: no visible global function definition for
     ‘nlminb’
    imombf.lm: no visible global function definition for ‘residuals’
    imomknown: no visible global function definition for ‘rchisq’
    imomknown : f2: no visible global function definition for ‘dchisq’
    imomknown: no visible global function definition for ‘integrate’
    imomunknown: no visible global function definition for ‘rgamma’
    imomunknown: no visible global function definition for ‘rchisq’
    imomunknown : f2: no visible global function definition for ‘dchisq’
    imomunknown: no visible global function definition for ‘qgamma’
    imomunknown: no visible global function definition for ‘integrate’
    mgfInvChisq: no visible global function definition for ‘dpois’
    modelSelectionR : priorFunction: no visible global function definition
     for ‘dbinom’
    modelSelectionR: no visible global function definition for ‘runif’
    modelSelectionR: no visible global function definition for ‘rbeta’
    modelselBIC : pluginJoint: no visible global function definition for
     ‘glm’
    modelselBIC : pluginJoint: no visible global function definition for
     ‘coef’
    modelselBIC: no visible global function definition for ‘runif’
    mombf.lm: no visible global function definition for ‘residuals’
    mombf.lm: no visible global function definition for ‘rgamma’
    myrmvnorm: no visible global function definition for ‘rnorm’
    pemom: no visible global function definition for ‘integrate’
    pemomIntegralApproxR: no visible global function definition for
     ‘nlminb’
    pemomMarginalKR: no visible global function definition for ‘dnorm’
    pemomMarginalUR: no visible global function definition for ‘rgamma’
    pimom: no visible global function definition for ‘pgamma’
    pimomMarginalKR: no visible global function definition for ‘dnorm’
    pimomMarginalKR: no visible global function definition for ‘cov2cor’
    pimomMarginalUR: no visible global function definition for ‘integrate’
    pmom: no visible global function definition for ‘pnorm’
    pmomCoxMarginalR: no visible global function definition for ‘coef’
    pmomIntegralApproxR: no visible global function definition for ‘nlminb’
    pmomLM: no visible global function definition for ‘lm’
    pmomLM: no visible global function definition for ‘coef’
    pmomLMR: no visible global function definition for ‘lm’
    pmomLMR: no visible global function definition for ‘coef’
    pmomMarginalKR: no visible global function definition for ‘dnorm’
    pmomMarginalUR: no visible global function definition for ‘rchisq’
    pmomMarginalUR: no visible global function definition for ‘sd’
    pmomPM: Error while checking: invalid ‘envir’ argument
    pmomPMR: no visible global function definition for ‘coef’
    pmomPMR: no visible global function definition for ‘glm’
    pmomPMR: Error while checking: invalid ‘envir’ argument
    postMode : f2min: no visible global function definition for ‘dnorm’
    postMode: no visible global function definition for ‘lm’
    postMode: no visible global function definition for ‘coef’
    postMode: no visible global function definition for ‘residuals’
    postMode: no visible global function definition for ‘nlminb’
    pplPM: Error while checking: invalid ‘envir’ argument
    pplProbit: no visible global function definition for ‘pnorm’
    pplProbit: no visible global function definition for ‘rbinom’
    priorp2g: no visible global function definition for ‘nlminb’
    priorp2g: no visible global function definition for ‘qgamma’
    proposaleMOM: no visible global function definition for ‘dnorm’
    proposalpmom: no visible global function definition for ‘dnorm’
    qimom: no visible global function definition for ‘qgamma’
    qmom: no visible global function definition for ‘nlminb’
    rTmix2comp: no visible global function definition for ‘runif’
    rtnorm: no visible global function definition for ‘rnorm’
    simPhiemom: no visible global function definition for ‘rgamma’
    simPhiemom: no visible global function definition for ‘runif’
    simPhipmom: no visible global function definition for ‘rgamma’
    simTaupmom: no visible global function definition for ‘rgamma’
    simTheta2: no visible global function definition for ‘rnorm’
    zellnerPM: no visible global function definition for ‘coef’
    zellnerPM: no visible global function definition for ‘glm’
    zellnerPM: Error while checking: invalid ‘envir’ argument
    zellnerbf.lm: no visible global function definition for ‘residuals’
    demom,vector: no visible global function definition for ‘dnorm’
    dpmom,vector: no visible global function definition for ‘dnorm’
    rnlp,ANY-matrix-missing-missing-missing: no visible global function
     definition for ‘rgamma’
    rnlp,ANY-matrix-missing-missing-missing: no visible global function
     definition for ‘coef’
    rnlp,ANY-matrix-missing-missing-msfit: no visible global function
     definition for ‘rmultinom’
    Undefined global functions or variables:
     coef cov2cor dbinom dchisq dnorm dpois glm integrate lm mahalanobis
     nlminb pgamma pnorm qgamma rbeta rbinom rchisq residuals rgamma
     rmultinom rnorm runif sd var
Flavors: r-devel-linux-x86_64-debian-clang, r-devel-linux-x86_64-debian-gcc, r-devel-linux-x86_64-fedora-clang, r-devel-linux-x86_64-fedora-gcc

Version: 1.5.9
Check: R code for possible problems
Result: NOTE
    MHTheta1emom: no visible global function definition for 'dnorm'
    MHTheta1emom: no visible global function definition for 'rbinom'
    MHTheta1emom: no visible global function definition for 'runif'
    MHTheta1pmom: no visible global function definition for 'dnorm'
    MHTheta1pmom: no visible global function definition for 'rbinom'
    MHTheta1pmom: no visible global function definition for 'runif'
    MHTheta1zellner: no visible global function definition for 'dnorm'
    MHTheta1zellner: no visible global function definition for 'rbinom'
    MHTheta1zellner: no visible global function definition for 'rnorm'
    MHTheta1zellner: no visible global function definition for 'runif'
    binomPrior: no visible global function definition for 'dbinom'
    dqmom: no visible global function definition for 'dnorm'
    dqmom: no visible global function definition for 'mahalanobis'
    emomIntegralApprox: no visible global function definition for 'nlminb'
    emomLM: no visible global function definition for 'coef'
    emomLM: no visible global function definition for 'lm'
    emomLM: no visible global function definition for 'var'
    emomMargKuniv : f: no visible global function definition for 'dnorm'
    emomMargKuniv: no visible global function definition for 'integrate'
    emomPM: no visible global function definition for 'binomial'
    emomPM: no visible global function definition for 'glm'
    emomPM: no visible global function definition for 'coef'
    emomPM: no visible global function definition for 'pnorm'
    emomPM: no visible global function definition for 'runif'
    emomPM: no visible global function definition for 'qnorm'
    femomNeg: no visible global function definition for 'mahalanobis'
    fimomNeg: no visible global function definition for 'mahalanobis'
    fimomUNeg: no visible global function definition for 'mahalanobis'
    fmomNeg: no visible global function definition for 'mahalanobis'
    fppimomUNeg: no visible global function definition for 'mahalanobis'
    greedyGLM : pluginJoint: no visible global function definition for
     'glm'
    greedyGLM : pluginJoint: no visible global function definition for
     'coef'
    greedymodelSelectionR : priorFunction: no visible global function
     definition for 'dbinom'
    imomUIntegralApproxOld: no visible global function definition for
     'nlminb'
    imombf.lm: no visible global function definition for 'residuals'
    imomknown: no visible global function definition for 'rchisq'
    imomknown : f2: no visible global function definition for 'dchisq'
    imomknown: no visible global function definition for 'integrate'
    imomunknown: no visible global function definition for 'rgamma'
    imomunknown: no visible global function definition for 'rchisq'
    imomunknown : f2: no visible global function definition for 'dchisq'
    imomunknown: no visible global function definition for 'qgamma'
    imomunknown: no visible global function definition for 'integrate'
    mgfInvChisq: no visible global function definition for 'dpois'
    modelSelectionR : priorFunction: no visible global function definition
     for 'dbinom'
    modelSelectionR: no visible global function definition for 'runif'
    modelSelectionR: no visible global function definition for 'rbeta'
    modelselBIC : pluginJoint: no visible global function definition for
     'glm'
    modelselBIC : pluginJoint: no visible global function definition for
     'coef'
    modelselBIC: no visible global function definition for 'runif'
    mombf.lm: no visible global function definition for 'residuals'
    mombf.lm: no visible global function definition for 'rgamma'
    myrmvnorm: no visible global function definition for 'rnorm'
    pemom: no visible global function definition for 'integrate'
    pemomIntegralApproxR: no visible global function definition for
     'nlminb'
    pemomMarginalKR: no visible global function definition for 'dnorm'
    pemomMarginalUR: no visible global function definition for 'rgamma'
    pimom: no visible global function definition for 'pgamma'
    pimomMarginalKR: no visible global function definition for 'dnorm'
    pimomMarginalKR: no visible global function definition for 'cov2cor'
    pimomMarginalUR: no visible global function definition for 'integrate'
    pmom: no visible global function definition for 'pnorm'
    pmomCoxMarginalR: no visible global function definition for 'coef'
    pmomIntegralApproxR: no visible global function definition for 'nlminb'
    pmomLM: no visible global function definition for 'lm'
    pmomLM: no visible global function definition for 'coef'
    pmomLMR: no visible global function definition for 'lm'
    pmomLMR: no visible global function definition for 'coef'
    pmomMarginalKR: no visible global function definition for 'dnorm'
    pmomMarginalUR: no visible global function definition for 'rchisq'
    pmomMarginalUR: no visible global function definition for 'sd'
    pmomPM: no visible global function definition for 'binomial'
    pmomPM: no visible global function definition for 'glm'
    pmomPM: no visible global function definition for 'coef'
    pmomPMR: no visible global function definition for 'coef'
    pmomPMR: no visible global function definition for 'glm'
    pmomPMR: no visible global function definition for 'binomial'
    pmomPMR: no visible global function definition for 'pnorm'
    pmomPMR: no visible global function definition for 'runif'
    pmomPMR: no visible global function definition for 'qnorm'
    postMode : f2min: no visible global function definition for 'dnorm'
    postMode: no visible global function definition for 'lm'
    postMode: no visible global function definition for 'coef'
    postMode: no visible global function definition for 'residuals'
    postMode: no visible global function definition for 'nlminb'
    pplPM: no visible global function definition for 'Gamma'
    pplPM: no visible global function definition for 'predict'
    pplProbit: no visible global function definition for 'pnorm'
    pplProbit: no visible global function definition for 'rbinom'
    priorp2g: no visible global function definition for 'nlminb'
    priorp2g: no visible global function definition for 'qgamma'
    proposaleMOM: no visible global function definition for 'dnorm'
    proposalpmom: no visible global function definition for 'dnorm'
    qimom: no visible global function definition for 'qgamma'
    qmom: no visible global function definition for 'nlminb'
    rTmix2comp: no visible global function definition for 'runif'
    rtnorm: no visible global function definition for 'rnorm'
    simPhiemom: no visible global function definition for 'rgamma'
    simPhiemom: no visible global function definition for 'runif'
    simPhipmom: no visible global function definition for 'rgamma'
    simTaupmom: no visible global function definition for 'rgamma'
    simTheta2: no visible global function definition for 'rnorm'
    zellnerPM: no visible global function definition for 'coef'
    zellnerPM: no visible global function definition for 'glm'
    zellnerPM: no visible global function definition for 'binomial'
    zellnerPM: no visible global function definition for 'pnorm'
    zellnerPM: no visible global function definition for 'runif'
    zellnerPM: no visible global function definition for 'qnorm'
    zellnerbf.lm: no visible global function definition for 'residuals'
    demom,vector: no visible global function definition for 'dnorm'
    dpmom,vector: no visible global function definition for 'dnorm'
    rnlp,ANY-matrix-missing-missing-missing: no visible global function
     definition for 'rgamma'
    rnlp,ANY-matrix-missing-missing-missing: no visible global function
     definition for 'coef'
    rnlp,ANY-matrix-missing-missing-msfit: no visible global function
     definition for 'rmultinom'
    Undefined global functions or variables:
     Gamma binomial coef cov2cor dbinom dchisq dnorm dpois glm integrate
     lm mahalanobis nlminb pgamma pnorm predict qgamma qnorm rbeta rbinom
     rchisq residuals rgamma rmultinom rnorm runif sd var
Flavor: r-devel-windows-ix86+x86_64