CRAN Package Check Results for Package mombf

Last updated on 2014-10-21 03:49:10.

Flavor Version Tinstall Tcheck Ttotal Status Flags
r-devel-linux-x86_64-debian-clang 1.5.7 8.20 61.95 70.14 OK
r-devel-linux-x86_64-debian-gcc 1.5.7 8.86 62.46 71.32 OK
r-devel-linux-x86_64-fedora-clang 1.5.7 159.57 OK
r-devel-linux-x86_64-fedora-gcc 1.5.7 153.24 OK
r-devel-osx-x86_64-clang 1.5.7 132.54 OK
r-devel-windows-ix86+x86_64 1.5.7 33.00 107.00 140.00 OK
r-patched-linux-x86_64 1.5.7 8.90 61.95 70.85 OK
r-patched-solaris-sparc 1.5.7 902.60 OK
r-patched-solaris-x86 1.5.7 206.60 OK
r-release-linux-ix86 1.5.7 11.66 77.94 89.61 OK
r-release-linux-x86_64 1.5.7 9.00 64.67 73.67 OK
r-release-osx-x86_64-mavericks 1.5.7 NOTE
r-release-osx-x86_64-snowleopard 1.5.7 OK
r-release-windows-ix86+x86_64 1.5.7 30.00 111.00 141.00 OK
r-oldrel-windows-ix86+x86_64 1.5.7 29.00 114.00 143.00 OK

Check Details

Version: 1.5.7
Check: re-building of vignette outputs
Result: NOTE
    Error in re-building vignettes:
     ...
    Loading required package: mvtnorm
    Loading required package: ncvreg
    Loading required package: actuar
    
    Attaching package: ‘actuar’
    
    The following object is masked from ‘package:grDevices’:
    
     cm
    
    Loading required package: mgcv
    Loading required package: nlme
    This is mgcv 1.7-29. For overview type 'help("mgcv-package")'.
    Error in texi2dvi(file = file, pdf = TRUE, clean = clean, quiet = quiet, :
     Running 'texi2dvi' on 'mombf.tex' failed.
    LaTeX errors:
    ! LaTeX Error: File `epsf.sty' not found.
    
    Type X to quit or <RETURN> to proceed,
    or enter new name. (Default extension: sty)
    
    est/mombf/vignettes/mombf.tex:15: ==> Fatal error occurred, no output PDF file
     produced!
    Calls: buildVignettes -> texi2pdf -> texi2dvi
    Execution halted
Flavor: r-release-osx-x86_64-mavericks