CRAN Package Check Results for Package mombf

Last updated on 2014-08-30 08:50:08.

Flavor Version Tinstall Tcheck Ttotal Status Flags
r-devel-linux-x86_64-debian-clang 1.5.7 7.26 59.89 67.15 OK
r-devel-linux-x86_64-debian-gcc 1.5.7 8.69 58.32 67.01 OK
r-devel-linux-x86_64-fedora-clang 1.5.7 162.18 OK
r-devel-linux-x86_64-fedora-gcc 1.5.7 155.18 OK
r-devel-osx-x86_64-clang 1.5.7 125.66 OK
r-devel-windows-ix86+x86_64 1.5.7 39.00 115.00 154.00 OK
r-patched-linux-x86_64 1.5.7 9.12 61.70 70.81 OK
r-patched-solaris-sparc 1.5.7 902.60 OK
r-patched-solaris-x86 1.5.7 202.60 OK
r-release-linux-ix86 1.5.7 11.65 76.99 88.64 OK
r-release-linux-x86_64 1.5.7 8.97 62.46 71.43 OK
r-release-osx-x86_64-mavericks 1.5.7 NOTE
r-release-osx-x86_64-snowleopard 1.5.7 OK
r-release-windows-ix86+x86_64 1.5.7 28.00 115.00 143.00 OK
r-oldrel-windows-ix86+x86_64 1.5.7 32.00 161.00 193.00 OK

Check Details

Version: 1.5.7
Check: re-building of vignette outputs
Result: NOTE
    Error in re-building vignettes:
     ...
    Loading required package: mvtnorm
    Loading required package: ncvreg
    Loading required package: actuar
    
    Attaching package: ‘actuar’
    
    The following object is masked from ‘package:grDevices’:
    
     cm
    
    Loading required package: mgcv
    Loading required package: nlme
    This is mgcv 1.7-29. For overview type 'help("mgcv-package")'.
    Error in texi2dvi(file = file, pdf = TRUE, clean = clean, quiet = quiet, :
     Running 'texi2dvi' on 'mombf.tex' failed.
    LaTeX errors:
    ! LaTeX Error: File `epsf.sty' not found.
    
    Type X to quit or <RETURN> to proceed,
    or enter new name. (Default extension: sty)
    
    est/mombf/vignettes/mombf.tex:15: ==> Fatal error occurred, no output PDF file
     produced!
    Calls: buildVignettes -> texi2pdf -> texi2dvi
    Execution halted
Flavor: r-release-osx-x86_64-mavericks