CRAN Package Check Results for Package mombf

Last updated on 2015-05-22 12:46:31.

Flavor Version Tinstall Tcheck Ttotal Status Flags
r-devel-linux-x86_64-debian-clang 1.5.9 7.47 54.00 61.47 NOTE
r-devel-linux-x86_64-debian-gcc 1.5.9 8.16 53.23 61.39 NOTE
r-devel-linux-x86_64-fedora-gcc 1.5.9 120.73 NOTE
r-devel-osx-x86_64-clang 1.5.9 109.65 NOTE
r-devel-windows-ix86+x86_64 1.5.9 40.00 105.00 145.00 NOTE
r-patched-linux-x86_64 1.5.9 8.16 53.63 61.79 NOTE
r-patched-solaris-sparc 1.5.9 731.60 NOTE
r-patched-solaris-x86 1.5.9 167.40 NOTE
r-release-linux-x86_64 1.5.9 8.50 53.77 62.27 NOTE
r-release-osx-x86_64-mavericks 1.5.9 NOTE
r-release-osx-x86_64-snowleopard 1.5.9 NOTE
r-release-windows-ix86+x86_64 1.5.9 30.00 95.00 125.00 NOTE
r-oldrel-windows-ix86+x86_64 1.5.9 33.00 178.00 211.00 NOTE

Check Details

Version: 1.5.9
Check: dependencies in R code
Result: NOTE
    'library' or 'require' call to ‘parallel’ in package code.
     Please use :: or requireNamespace() instead.
     See section 'Suggested packages' in the 'Writing R Extensions' manual.
Flavors: r-devel-linux-x86_64-debian-clang, r-devel-linux-x86_64-debian-gcc, r-devel-linux-x86_64-fedora-gcc, r-devel-osx-x86_64-clang, r-devel-windows-ix86+x86_64, r-patched-linux-x86_64, r-patched-solaris-sparc, r-patched-solaris-x86, r-release-linux-x86_64, r-release-osx-x86_64-mavericks, r-release-osx-x86_64-snowleopard, r-release-windows-ix86+x86_64, r-oldrel-windows-ix86+x86_64

Version: 1.5.9
Check: S3 generic/method consistency
Result: NOTE
    Found the following apparent S3 methods exported but not registered:
     imombf.lm mombf.lm zellnerbf.lm
    See section ‘Registering S3 methods’ in the ‘Writing R Extensions’
    manual.
Flavors: r-devel-linux-x86_64-debian-clang, r-devel-linux-x86_64-debian-gcc, r-devel-linux-x86_64-fedora-gcc, r-devel-osx-x86_64-clang, r-patched-linux-x86_64, r-patched-solaris-x86, r-release-linux-x86_64