CRAN Package Check Results for Package mombf

Last updated on 2014-07-24 05:48:28.

Flavor Version Tinstall Tcheck Ttotal Status Flags
r-devel-linux-x86_64-debian-clang 1.5.7 7.30 62.26 69.56 OK
r-devel-linux-x86_64-debian-gcc 1.5.7 8.93 60.28 69.21 OK
r-devel-linux-x86_64-fedora-clang 1.5.7 165.25 OK
r-devel-linux-x86_64-fedora-gcc 1.5.7 158.49 OK
r-devel-osx-x86_64-clang 1.5.7 129.57 OK
r-devel-windows-ix86+x86_64 1.5.7 32.00 106.00 138.00 OK
r-patched-linux-x86_64 1.5.7 8.91 61.58 70.49 OK
r-patched-solaris-sparc 1.5.7 802.10 OK
r-patched-solaris-x86 1.5.7 212.50 OK
r-release-linux-ix86 1.5.7 11.54 77.38 88.92 OK
r-release-linux-x86_64 1.5.7 9.01 62.17 71.18 OK
r-release-osx-x86_64-mavericks 1.5.7 NOTE
r-release-osx-x86_64-snowleopard 1.5.7 OK
r-release-windows-ix86+x86_64 1.5.7 22.00 1.00 23.00 ERROR
r-oldrel-windows-ix86+x86_64 1.5.7 25.00 1.00 26.00 ERROR

Check Details

Version: 1.5.7
Check: re-building of vignette outputs
Result: NOTE
    Error in re-building vignettes:
     ...
    Loading required package: mvtnorm
    Loading required package: ncvreg
    Loading required package: actuar
    
    Attaching package: ‘actuar’
    
    The following object is masked from ‘package:grDevices’:
    
     cm
    
    Loading required package: mgcv
    Loading required package: nlme
    This is mgcv 1.7-29. For overview type 'help("mgcv-package")'.
    Error in texi2dvi(file = file, pdf = TRUE, clean = clean, quiet = quiet, :
     Running 'texi2dvi' on 'mombf.tex' failed.
    LaTeX errors:
    ! LaTeX Error: File `epsf.sty' not found.
    
    Type X to quit or <RETURN> to proceed,
    or enter new name. (Default extension: sty)
    
    est/mombf/vignettes/mombf.tex:15: ==> Fatal error occurred, no output PDF file
     produced!
    Calls: buildVignettes -> texi2pdf -> texi2dvi
    Execution halted
Flavor: r-release-osx-x86_64-mavericks

Version: 1.5.7
Check: whether package can be installed
Result: ERROR
    Installation failed.
    See 'd:/Rcompile/CRANpkg/local/3.1/mombf.Rcheck/00install.out' for details.
Flavor: r-release-windows-ix86+x86_64

Version: 1.5.7
Check: whether package can be installed
Result: ERROR
    Installation failed.
    See 'd:/Rcompile/CRANpkg/local/3.0/mombf.Rcheck/00install.out' for details.
Flavor: r-oldrel-windows-ix86+x86_64