CRAN Package Check Results for Package mombf

Last updated on 2014-11-28 19:51:22.

Flavor Version Tinstall Tcheck Ttotal Status Flags
r-devel-linux-x86_64-debian-clang 1.5.9 8.26 63.98 72.24 OK
r-devel-linux-x86_64-debian-gcc 1.5.9 8.75 63.70 72.45 OK
r-devel-linux-x86_64-fedora-clang 1.5.9 166.19 OK
r-devel-linux-x86_64-fedora-gcc 1.5.9 163.03 OK
r-devel-osx-x86_64-clang 1.5.9 131.55 OK
r-devel-windows-ix86+x86_64 1.5.9 32.00 110.00 142.00 OK
r-patched-linux-x86_64 1.5.9 9.30 65.42 74.72 OK
r-patched-solaris-sparc 1.5.9 811.10 OK
r-patched-solaris-x86 1.5.9 211.00 OK
r-release-linux-ix86 1.5.9 11.16 75.71 86.88 OK
r-release-linux-x86_64 1.5.9 9.08 66.48 75.55 OK
r-release-osx-x86_64-mavericks 1.5.9 NOTE
r-release-osx-x86_64-snowleopard 1.5.9 OK
r-release-windows-ix86+x86_64 1.5.9 24.00 1.00 25.00 ERROR
r-oldrel-windows-ix86+x86_64 1.5.9 24.00 1.00 25.00 ERROR

Check Details

Version: 1.5.9
Check: re-building of vignette outputs
Result: NOTE
    Error in re-building vignettes:
     ...
    Loading required package: mvtnorm
    Loading required package: ncvreg
    Loading required package: actuar
    
    Attaching package: ‘actuar’
    
    The following object is masked from ‘package:grDevices’:
    
     cm
    
    Loading required package: mgcv
    Loading required package: nlme
    This is mgcv 1.8-3. For overview type 'help("mgcv-package")'.
    Error in texi2dvi(file = file, pdf = TRUE, clean = clean, quiet = quiet, :
     Running 'texi2dvi' on 'mombf.tex' failed.
    LaTeX errors:
    ! LaTeX Error: File `epsf.sty' not found.
    
    Type X to quit or <RETURN> to proceed,
    or enter new name. (Default extension: sty)
    
    est/mombf/vignettes/mombf.tex:15: ==> Fatal error occurred, no output PDF file
     produced!
    Calls: buildVignettes -> texi2pdf -> texi2dvi
    Execution halted
Flavor: r-release-osx-x86_64-mavericks

Version: 1.5.9
Check: whether package can be installed
Result: ERROR
    Installation failed.
Flavors: r-release-windows-ix86+x86_64, r-oldrel-windows-ix86+x86_64