CRAN Package Check Results for Package mombf

Last updated on 2016-07-24 02:47:42.

Flavor Version Tinstall Tcheck Ttotal Status Flags
r-devel-linux-x86_64-debian-clang 1.7.1 15.75 69.23 84.98 WARN
r-devel-linux-x86_64-debian-gcc 1.7.1 11.24 69.61 80.84 OK
r-devel-linux-x86_64-fedora-clang 1.7.1 137.67 OK
r-devel-linux-x86_64-fedora-gcc 1.7.1 125.98 OK
r-devel-osx-x86_64-clang 1.7.1 105.25 OK
r-devel-windows-ix86+x86_64 1.7.1 32.00 127.00 159.00 OK
r-patched-linux-x86_64 1.7.1 10.96 67.44 78.40 OK
r-patched-solaris-sparc 1.7.1 724.10 OK
r-patched-solaris-x86 1.7.1 170.10 OK
r-release-linux-x86_64 1.7.1 12.11 68.35 80.46 OK
r-release-osx-x86_64-mavericks 1.7.1 OK
r-release-windows-ix86+x86_64 1.7.1 32.00 119.00 151.00 OK
r-oldrel-windows-ix86+x86_64 1.7.1 37.00 164.00 201.00 OK

Memtest notes: valgrind

Check Details

Version: 1.7.1
Check: whether package can be installed
Result: WARN
    Found the following significant warnings:
     cstat.cpp:102:5: warning: 'register' storage class specifier is deprecated and incompatible with C++1z [-Wdeprecated-register]
     cstat.cpp:120:5: warning: 'register' storage class specifier is deprecated and incompatible with C++1z [-Wdeprecated-register]
     cstat.cpp:141:5: warning: 'register' storage class specifier is deprecated and incompatible with C++1z [-Wdeprecated-register]
     cstat.cpp:159:5: warning: 'register' storage class specifier is deprecated and incompatible with C++1z [-Wdeprecated-register]
     cstat.cpp:181:5: warning: 'register' storage class specifier is deprecated and incompatible with C++1z [-Wdeprecated-register]
     cstat.cpp:203:5: warning: 'register' storage class specifier is deprecated and incompatible with C++1z [-Wdeprecated-register]
     cstat.cpp:225:5: warning: 'register' storage class specifier is deprecated and incompatible with C++1z [-Wdeprecated-register]
     cstat.cpp:247:5: warning: 'register' storage class specifier is deprecated and incompatible with C++1z [-Wdeprecated-register]
     cstat.cpp:269:5: warning: 'register' storage class specifier is deprecated and incompatible with C++1z [-Wdeprecated-register]
     cstat.cpp:295:5: warning: 'register' storage class specifier is deprecated and incompatible with C++1z [-Wdeprecated-register]
     cstat.cpp:323:5: warning: 'register' storage class specifier is deprecated and incompatible with C++1z [-Wdeprecated-register]
     cstat.cpp:324:5: warning: 'register' storage class specifier is deprecated and incompatible with C++1z [-Wdeprecated-register]
     cstat.cpp:349:5: warning: 'register' storage class specifier is deprecated and incompatible with C++1z [-Wdeprecated-register]
     cstat.cpp:350:5: warning: 'register' storage class specifier is deprecated and incompatible with C++1z [-Wdeprecated-register]
     cstat.cpp:388:5: warning: 'register' storage class specifier is deprecated and incompatible with C++1z [-Wdeprecated-register]
     cstat.cpp:389:5: warning: 'register' storage class specifier is deprecated and incompatible with C++1z [-Wdeprecated-register]
     cstat.cpp:428:5: warning: 'register' storage class specifier is deprecated and incompatible with C++1z [-Wdeprecated-register]
     cstat.cpp:429:5: warning: 'register' storage class specifier is deprecated and incompatible with C++1z [-Wdeprecated-register]
     cstat.cpp:662:3: warning: 'register' storage class specifier is deprecated and incompatible with C++1z [-Wdeprecated-register]
     cstat.cpp:809:9: warning: 'register' storage class specifier is deprecated and incompatible with C++1z [-Wdeprecated-register]
     cstat.cpp:810:9: warning: 'register' storage class specifier is deprecated and incompatible with C++1z [-Wdeprecated-register]
     cstat.cpp:925:9: warning: 'register' storage class specifier is deprecated and incompatible with C++1z [-Wdeprecated-register]
     cstat.cpp:934:13: warning: 'register' storage class specifier is deprecated and incompatible with C++1z [-Wdeprecated-register]
     cstat.cpp:1178:5: warning: 'register' storage class specifier is deprecated and incompatible with C++1z [-Wdeprecated-register]
     cstat.cpp:1179:5: warning: 'register' storage class specifier is deprecated and incompatible with C++1z [-Wdeprecated-register]
     cstat.cpp:1216:5: warning: 'register' storage class specifier is deprecated and incompatible with C++1z [-Wdeprecated-register]
     cstat.cpp:1217:5: warning: 'register' storage class specifier is deprecated and incompatible with C++1z [-Wdeprecated-register]
     cstat.cpp:1254:5: warning: 'register' storage class specifier is deprecated and incompatible with C++1z [-Wdeprecated-register]
     cstat.cpp:1255:5: warning: 'register' storage class specifier is deprecated and incompatible with C++1z [-Wdeprecated-register]
     cstat.cpp:1288:5: warning: 'register' storage class specifier is deprecated and incompatible with C++1z [-Wdeprecated-register]
     cstat.cpp:1289:5: warning: 'register' storage class specifier is deprecated and incompatible with C++1z [-Wdeprecated-register]
     cstat.cpp:1326:5: warning: 'register' storage class specifier is deprecated and incompatible with C++1z [-Wdeprecated-register]
     cstat.cpp:1327:5: warning: 'register' storage class specifier is deprecated and incompatible with C++1z [-Wdeprecated-register]
     cstat.cpp:1360:5: warning: 'register' storage class specifier is deprecated and incompatible with C++1z [-Wdeprecated-register]
     cstat.cpp:1361:5: warning: 'register' storage class specifier is deprecated and incompatible with C++1z [-Wdeprecated-register]
     cstat.cpp:1397:5: warning: 'register' storage class specifier is deprecated and incompatible with C++1z [-Wdeprecated-register]
     cstat.cpp:1398:5: warning: 'register' storage class specifier is deprecated and incompatible with C++1z [-Wdeprecated-register]
     cstat.cpp:1556:5: warning: 'register' storage class specifier is deprecated and incompatible with C++1z [-Wdeprecated-register]
     cstat.cpp:1594:5: warning: 'register' storage class specifier is deprecated and incompatible with C++1z [-Wdeprecated-register]
     cstat.cpp:1629:5: warning: 'register' storage class specifier is deprecated and incompatible with C++1z [-Wdeprecated-register]
     cstat.cpp:1630:5: warning: 'register' storage class specifier is deprecated and incompatible with C++1z [-Wdeprecated-register]
     cstat.cpp:1674:5: warning: 'register' storage class specifier is deprecated and incompatible with C++1z [-Wdeprecated-register]
     cstat.cpp:1675:5: warning: 'register' storage class specifier is deprecated and incompatible with C++1z [-Wdeprecated-register]
     cstat.cpp:1774:5: warning: 'register' storage class specifier is deprecated and incompatible with C++1z [-Wdeprecated-register]
     cstat.cpp:1799:5: warning: 'register' storage class specifier is deprecated and incompatible with C++1z [-Wdeprecated-register]
     cstat.cpp:2135:5: warning: 'register' storage class specifier is deprecated and incompatible with C++1z [-Wdeprecated-register]
     cstat.cpp:2542:5: warning: 'register' storage class specifier is deprecated and incompatible with C++1z [-Wdeprecated-register]
     cstat.cpp:2569:5: warning: 'register' storage class specifier is deprecated and incompatible with C++1z [-Wdeprecated-register]
     cstat.cpp:2570:5: warning: 'register' storage class specifier is deprecated and incompatible with C++1z [-Wdeprecated-register]
     cstat.cpp:2595:5: warning: 'register' storage class specifier is deprecated and incompatible with C++1z [-Wdeprecated-register]
     cstat.cpp:2596:5: warning: 'register' storage class specifier is deprecated and incompatible with C++1z [-Wdeprecated-register]
     cstat.cpp:2625:5: warning: 'register' storage class specifier is deprecated and incompatible with C++1z [-Wdeprecated-register]
     cstat.cpp:2626:5: warning: 'register' storage class specifier is deprecated and incompatible with C++1z [-Wdeprecated-register]
     cstat.cpp:2658:5: warning: 'register' storage class specifier is deprecated and incompatible with C++1z [-Wdeprecated-register]
     cstat.cpp:2659:5: warning: 'register' storage class specifier is deprecated and incompatible with C++1z [-Wdeprecated-register]
     cstat.cpp:2688:5: warning: 'register' storage class specifier is deprecated and incompatible with C++1z [-Wdeprecated-register]
     cstat.cpp:2689:5: warning: 'register' storage class specifier is deprecated and incompatible with C++1z [-Wdeprecated-register]
     cstat.cpp:2715:5: warning: 'register' storage class specifier is deprecated and incompatible with C++1z [-Wdeprecated-register]
     cstat.cpp:2716:5: warning: 'register' storage class specifier is deprecated and incompatible with C++1z [-Wdeprecated-register]
     cstat.cpp:2743:5: warning: 'register' storage class specifier is deprecated and incompatible with C++1z [-Wdeprecated-register]
     cstat.cpp:2744:5: warning: 'register' storage class specifier is deprecated and incompatible with C++1z [-Wdeprecated-register]
     cstat.cpp:2764:5: warning: 'register' storage class specifier is deprecated and incompatible with C++1z [-Wdeprecated-register]
     cstat.cpp:2765:5: warning: 'register' storage class specifier is deprecated and incompatible with C++1z [-Wdeprecated-register]
     cstat.cpp:2785:3: warning: 'register' storage class specifier is deprecated and incompatible with C++1z [-Wdeprecated-register]
     cstat.cpp:2786:3: warning: 'register' storage class specifier is deprecated and incompatible with C++1z [-Wdeprecated-register]
     cstat.cpp:2802:3: warning: 'register' storage class specifier is deprecated and incompatible with C++1z [-Wdeprecated-register]
     cstat.cpp:2803:3: warning: 'register' storage class specifier is deprecated and incompatible with C++1z [-Wdeprecated-register]
     cstat.cpp:2829:5: warning: 'register' storage class specifier is deprecated and incompatible with C++1z [-Wdeprecated-register]
     cstat.cpp:2830:5: warning: 'register' storage class specifier is deprecated and incompatible with C++1z [-Wdeprecated-register]
     cstat.cpp:2856:5: warning: 'register' storage class specifier is deprecated and incompatible with C++1z [-Wdeprecated-register]
     cstat.cpp:2857:5: warning: 'register' storage class specifier is deprecated and incompatible with C++1z [-Wdeprecated-register]
     cstat.cpp:2884:5: warning: 'register' storage class specifier is deprecated and incompatible with C++1z [-Wdeprecated-register]
     cstat.cpp:2885:5: warning: 'register' storage class specifier is deprecated and incompatible with C++1z [-Wdeprecated-register]
     cstat.cpp:2917:5: warning: 'register' storage class specifier is deprecated and incompatible with C++1z [-Wdeprecated-register]
     cstat.cpp:2918:5: warning: 'register' storage class specifier is deprecated and incompatible with C++1z [-Wdeprecated-register]
     cstat.cpp:2959:5: warning: 'register' storage class specifier is deprecated and incompatible with C++1z [-Wdeprecated-register]
     cstat.cpp:2960:5: warning: 'register' storage class specifier is deprecated and incompatible with C++1z [-Wdeprecated-register]
     cstat.cpp:2999:5: warning: 'register' storage class specifier is deprecated and incompatible with C++1z [-Wdeprecated-register]
     cstat.cpp:3000:5: warning: 'register' storage class specifier is deprecated and incompatible with C++1z [-Wdeprecated-register]
     cstat.cpp:3037:5: warning: 'register' storage class specifier is deprecated and incompatible with C++1z [-Wdeprecated-register]
     cstat.cpp:3038:5: warning: 'register' storage class specifier is deprecated and incompatible with C++1z [-Wdeprecated-register]
     cstat.cpp:3070:5: warning: 'register' storage class specifier is deprecated and incompatible with C++1z [-Wdeprecated-register]
     cstat.cpp:3071:5: warning: 'register' storage class specifier is deprecated and incompatible with C++1z [-Wdeprecated-register]
     cstat.cpp:3072:5: warning: 'register' storage class specifier is deprecated and incompatible with C++1z [-Wdeprecated-register]
     cstat.cpp:3094:5: warning: 'register' storage class specifier is deprecated and incompatible with C++1z [-Wdeprecated-register]
     cstat.cpp:3095:5: warning: 'register' storage class specifier is deprecated and incompatible with C++1z [-Wdeprecated-register]
     cstat.cpp:3096:5: warning: 'register' storage class specifier is deprecated and incompatible with C++1z [-Wdeprecated-register]
     cstat.cpp:3125:5: warning: 'register' storage class specifier is deprecated and incompatible with C++1z [-Wdeprecated-register]
     cstat.cpp:3143:5: warning: 'register' storage class specifier is deprecated and incompatible with C++1z [-Wdeprecated-register]
     cstat.cpp:3162:5: warning: 'register' storage class specifier is deprecated and incompatible with C++1z [-Wdeprecated-register]
     cstat.cpp:3180:5: warning: 'register' storage class specifier is deprecated and incompatible with C++1z [-Wdeprecated-register]
     cstat.cpp:3194:5: warning: 'register' storage class specifier is deprecated and incompatible with C++1z [-Wdeprecated-register]
     cstat.cpp:3195:5: warning: 'register' storage class specifier is deprecated and incompatible with C++1z [-Wdeprecated-register]
     cstat.cpp:3212:5: warning: 'register' storage class specifier is deprecated and incompatible with C++1z [-Wdeprecated-register]
     cstat.cpp:3213:5: warning: 'register' storage class specifier is deprecated and incompatible with C++1z [-Wdeprecated-register]
     cstat.cpp:3271:5: warning: 'register' storage class specifier is deprecated and incompatible with C++1z [-Wdeprecated-register]
     cstat.cpp:3299:5: warning: 'register' storage class specifier is deprecated and incompatible with C++1z [-Wdeprecated-register]
     cstat.cpp:3392:5: warning: 'register' storage class specifier is deprecated and incompatible with C++1z [-Wdeprecated-register]
     cstat.cpp:3416:5: warning: 'register' storage class specifier is deprecated and incompatible with C++1z [-Wdeprecated-register]
     cstat.cpp:3417:5: warning: 'register' storage class specifier is deprecated and incompatible with C++1z [-Wdeprecated-register]
     cstat.cpp:3427:13: warning: 'register' storage class specifier is deprecated and incompatible with C++1z [-Wdeprecated-register]
     cstat.cpp:3458:5: warning: 'register' storage class specifier is deprecated and incompatible with C++1z [-Wdeprecated-register]
     cstat.cpp:3459:5: warning: 'register' storage class specifier is deprecated and incompatible with C++1z [-Wdeprecated-register]
     cstat.cpp:3469:13: warning: 'register' storage class specifier is deprecated and incompatible with C++1z [-Wdeprecated-register]
     cstat.cpp:3493:5: warning: 'register' storage class specifier is deprecated and incompatible with C++1z [-Wdeprecated-register]
     cstat.cpp:3494:5: warning: 'register' storage class specifier is deprecated and incompatible with C++1z [-Wdeprecated-register]
     cstat.cpp:3513:13: warning: 'register' storage class specifier is deprecated and incompatible with C++1z [-Wdeprecated-register]
     cstat.cpp:3546:5: warning: 'register' storage class specifier is deprecated and incompatible with C++1z [-Wdeprecated-register]
     cstat.cpp:3547:5: warning: 'register' storage class specifier is deprecated and incompatible with C++1z [-Wdeprecated-register]
     cstat.cpp:3554:13: warning: 'register' storage class specifier is deprecated and incompatible with C++1z [-Wdeprecated-register]
     cstat.cpp:3591:5: warning: 'register' storage class specifier is deprecated and incompatible with C++1z [-Wdeprecated-register]
     cstat.cpp:3592:5: warning: 'register' storage class specifier is deprecated and incompatible with C++1z [-Wdeprecated-register]
     cstat.cpp:3625:9: warning: 'register' storage class specifier is deprecated and incompatible with C++1z [-Wdeprecated-register]
     cstat.cpp:3710:5: warning: 'register' storage class specifier is deprecated and incompatible with C++1z [-Wdeprecated-register]
     cstat.cpp:3711:5: warning: 'register' storage class specifier is deprecated and incompatible with C++1z [-Wdeprecated-register]
     cstat.cpp:3762:5: warning: 'register' storage class specifier is deprecated and incompatible with C++1z [-Wdeprecated-register]
     cstat.cpp:3763:5: warning: 'register' storage class specifier is deprecated and incompatible with C++1z [-Wdeprecated-register]
     cstat.cpp:4159:5: warning: 'register' storage class specifier is deprecated and incompatible with C++1z [-Wdeprecated-register]
     cstat.cpp:4188:5: warning: 'register' storage class specifier is deprecated and incompatible with C++1z [-Wdeprecated-register]
     cstat.cpp:4260:5: warning: 'register' storage class specifier is deprecated and incompatible with C++1z [-Wdeprecated-register]
     cstat.cpp:4333:5: warning: 'register' storage class specifier is deprecated and incompatible with C++1z [-Wdeprecated-register]
     cstat.cpp:4366:5: warning: 'register' storage class specifier is deprecated and incompatible with C++1z [-Wdeprecated-register]
     cstat.cpp:4452:5: warning: 'register' storage class specifier is deprecated and incompatible with C++1z [-Wdeprecated-register]
     cstat.cpp:4483:5: warning: 'register' storage class specifier is deprecated and incompatible with C++1z [-Wdeprecated-register]
     cstat.cpp:4552:5: warning: 'register' storage class specifier is deprecated and incompatible with C++1z [-Wdeprecated-register]
     cstat.cpp:4603:5: warning: 'register' storage class specifier is deprecated and incompatible with C++1z [-Wdeprecated-register]
     cstat.cpp:4604:5: warning: 'register' storage class specifier is deprecated and incompatible with C++1z [-Wdeprecated-register]
     cstat.cpp:5301:5: warning: 'register' storage class specifier is deprecated and incompatible with C++1z [-Wdeprecated-register]
     cstat.cpp:5337:9: warning: 'register' storage class specifier is deprecated and incompatible with C++1z [-Wdeprecated-register]
     cstat.cpp:5581:5: warning: 'register' storage class specifier is deprecated and incompatible with C++1z [-Wdeprecated-register]
     cstat.cpp:5627:9: warning: 'register' storage class specifier is deprecated and incompatible with C++1z [-Wdeprecated-register]
     cstat.cpp:5833:5: warning: 'register' storage class specifier is deprecated and incompatible with C++1z [-Wdeprecated-register]
     cstat.cpp:8575:9: warning: 'register' storage class specifier is deprecated and incompatible with C++1z [-Wdeprecated-register]
     cstat.cpp:8642:9: warning: 'register' storage class specifier is deprecated and incompatible with C++1z [-Wdeprecated-register]
     cstat.cpp:8700:5: warning: 'register' storage class specifier is deprecated and incompatible with C++1z [-Wdeprecated-register]
     cstat.cpp:8743:5: warning: 'register' storage class specifier is deprecated and incompatible with C++1z [-Wdeprecated-register]
     cstat.cpp:8744:5: warning: 'register' storage class specifier is deprecated and incompatible with C++1z [-Wdeprecated-register]
     cstat.cpp:8874:9: warning: 'register' storage class specifier is deprecated and incompatible with C++1z [-Wdeprecated-register]
     cstat.cpp:8875:9: warning: 'register' storage class specifier is deprecated and incompatible with C++1z [-Wdeprecated-register]
     cstat.cpp:8898:5: warning: 'register' storage class specifier is deprecated and incompatible with C++1z [-Wdeprecated-register]
     cstat.cpp:8899:5: warning: 'register' storage class specifier is deprecated and incompatible with C++1z [-Wdeprecated-register]
     cstat.cpp:8945:9: warning: 'register' storage class specifier is deprecated and incompatible with C++1z [-Wdeprecated-register]
     cstat.cpp:8946:9: warning: 'register' storage class specifier is deprecated and incompatible with C++1z [-Wdeprecated-register]
     cstat.cpp:8970:5: warning: 'register' storage class specifier is deprecated and incompatible with C++1z [-Wdeprecated-register]
     cstat.cpp:8971:5: warning: 'register' storage class specifier is deprecated and incompatible with C++1z [-Wdeprecated-register]
     cstat.cpp:9219:5: warning: 'register' storage class specifier is deprecated and incompatible with C++1z [-Wdeprecated-register]
     cstat.cpp:9220:5: warning: 'register' storage class specifier is deprecated and incompatible with C++1z [-Wdeprecated-register]
     cstat.cpp:9309:5: warning: 'register' storage class specifier is deprecated and incompatible with C++1z [-Wdeprecated-register]
     cstat.cpp:9340:5: warning: 'register' storage class specifier is deprecated and incompatible with C++1z [-Wdeprecated-register]
Flavor: r-devel-linux-x86_64-debian-clang