CRAN Package Check Results for Package mombf

Last updated on 2014-12-21 21:47:25.

Flavor Version Tinstall Tcheck Ttotal Status Flags
r-devel-linux-x86_64-debian-clang 1.5.9 8.69 62.26 70.95 OK
r-devel-linux-x86_64-debian-gcc 1.5.9 9.66 59.66 69.32 OK
r-devel-linux-x86_64-fedora-clang 1.5.9 166.92 OK
r-devel-linux-x86_64-fedora-gcc 1.5.9 153.51 OK
r-devel-osx-x86_64-clang 1.5.9 132.78 OK
r-devel-windows-ix86+x86_64 1.5.9 32.00 112.00 144.00 OK
r-patched-linux-x86_64 1.5.9 9.13 63.99 73.12 OK
r-patched-solaris-sparc 1.5.9 811.10 OK
r-patched-solaris-x86 1.5.9 214.90 OK
r-release-linux-ix86 1.5.9 11.30 76.31 87.61 OK
r-release-linux-x86_64 1.5.9 9.24 65.66 74.89 OK
r-release-osx-x86_64-mavericks 1.5.9 NOTE
r-release-osx-x86_64-snowleopard 1.5.9 OK
r-release-windows-ix86+x86_64 1.5.9 32.00 114.00 146.00 OK
r-oldrel-windows-ix86+x86_64 1.5.9 35.00 112.00 147.00 OK

Check Details

Version: 1.5.9
Check: re-building of vignette outputs
Result: NOTE
    Error in re-building vignettes:
     ...
    Loading required package: mvtnorm
    Loading required package: ncvreg
    Loading required package: actuar
    
    Attaching package: ‘actuar’
    
    The following object is masked from ‘package:grDevices’:
    
     cm
    
    Loading required package: mgcv
    Loading required package: nlme
    This is mgcv 1.8-3. For overview type 'help("mgcv-package")'.
    Error in texi2dvi(file = file, pdf = TRUE, clean = clean, quiet = quiet, :
     Running 'texi2dvi' on 'mombf.tex' failed.
    LaTeX errors:
    ! LaTeX Error: File `epsf.sty' not found.
    
    Type X to quit or <RETURN> to proceed,
    or enter new name. (Default extension: sty)
    
    est/mombf/vignettes/mombf.tex:15: ==> Fatal error occurred, no output PDF file
     produced!
    Calls: buildVignettes -> texi2pdf -> texi2dvi
    Execution halted
Flavor: r-release-osx-x86_64-mavericks