CRAN Package Check Results for Package mombf

Last updated on 2015-04-01 23:49:18.

Flavor Version Tinstall Tcheck Ttotal Status Flags
r-devel-linux-x86_64-debian-clang 1.5.9 7.58 52.83 60.41 NOTE
r-devel-linux-x86_64-debian-gcc 1.5.9 8.22 51.70 59.92 NOTE
r-devel-linux-x86_64-fedora-clang 1.5.9 124.94 NOTE
r-devel-linux-x86_64-fedora-gcc 1.5.9 138.65 NOTE
r-devel-osx-x86_64-clang 1.5.9 112.85 NOTE
r-prerel-windows-ix86+x86_64 1.5.9 34.00 95.00 129.00 NOTE
r-prerel-linux-x86_64 1.5.9 8.01 52.81 60.82 NOTE
r-prerel-solaris-sparc 1.5.9 731.60 NOTE
r-prerel-solaris-x86 1.5.9 158.80 NOTE
r-release-linux-x86_64 1.5.9 9.41 64.34 73.75 NOTE
r-release-osx-x86_64-mavericks 1.5.9 OK
r-release-osx-x86_64-snowleopard 1.5.9 OK
r-release-windows-ix86+x86_64 1.5.9 23.00 1.00 24.00 ERROR
r-oldrel-windows-ix86+x86_64 1.5.9 24.00 1.00 25.00 ERROR

Check Details

Version: 1.5.9
Check: dependencies in R code
Result: NOTE
    'library' or 'require' call to ‘parallel’ in package code.
     Please use :: or requireNamespace() instead.
     See section 'Suggested packages' in the 'Writing R Extensions' manual.
Flavors: r-devel-linux-x86_64-debian-clang, r-devel-linux-x86_64-debian-gcc, r-devel-linux-x86_64-fedora-clang, r-devel-linux-x86_64-fedora-gcc, r-devel-osx-x86_64-clang, r-prerel-windows-ix86+x86_64, r-prerel-linux-x86_64, r-prerel-solaris-sparc, r-prerel-solaris-x86, r-release-linux-x86_64

Version: 1.5.9
Check: S3 generic/method consistency
Result: NOTE
    Found the following apparent S3 methods exported but not registered:
     imombf.lm mombf.lm zellnerbf.lm
    See section ‘Registering S3 methods’ in the ‘Writing R Extensions’
    manual.
Flavors: r-devel-linux-x86_64-debian-clang, r-devel-linux-x86_64-debian-gcc, r-devel-linux-x86_64-fedora-clang, r-devel-linux-x86_64-fedora-gcc, r-devel-osx-x86_64-clang, r-prerel-linux-x86_64

Version: 1.5.9
Check: whether package can be installed
Result: ERROR
    Installation failed.
Flavors: r-release-windows-ix86+x86_64, r-oldrel-windows-ix86+x86_64