CRAN Package Check Results for Package mombf

Last updated on 2014-09-19 05:47:44.

Flavor Version Tinstall Tcheck Ttotal Status Flags
r-devel-linux-x86_64-debian-clang 1.5.7 8.08 62.38 70.46 OK
r-devel-linux-x86_64-debian-gcc 1.5.7 8.94 60.19 69.13 OK
r-devel-linux-x86_64-fedora-clang 1.5.7 159.70 OK
r-devel-linux-x86_64-fedora-gcc 1.5.7 152.87 OK
r-devel-osx-x86_64-clang 1.5.7 122.92 OK
r-devel-windows-ix86+x86_64 1.5.7 32.00 104.00 136.00 OK
r-patched-linux-x86_64 1.5.7 9.59 62.59 72.18 OK
r-patched-solaris-sparc 1.5.7 902.60 OK
r-patched-solaris-x86 1.5.7 202.50 OK
r-release-linux-ix86 1.5.7 11.73 81.08 92.81 OK
r-release-linux-x86_64 1.5.7 8.86 64.09 72.95 OK
r-release-osx-x86_64-mavericks 1.5.7 NOTE
r-release-osx-x86_64-snowleopard 1.5.7 OK
r-release-windows-ix86+x86_64 1.5.7 30.00 110.00 140.00 OK
r-oldrel-windows-ix86+x86_64 1.5.7 30.00 111.00 141.00 OK

Check Details

Version: 1.5.7
Check: re-building of vignette outputs
Result: NOTE
    Error in re-building vignettes:
     ...
    Loading required package: mvtnorm
    Loading required package: ncvreg
    Loading required package: actuar
    
    Attaching package: ‘actuar’
    
    The following object is masked from ‘package:grDevices’:
    
     cm
    
    Loading required package: mgcv
    Loading required package: nlme
    This is mgcv 1.7-29. For overview type 'help("mgcv-package")'.
    Error in texi2dvi(file = file, pdf = TRUE, clean = clean, quiet = quiet, :
     Running 'texi2dvi' on 'mombf.tex' failed.
    LaTeX errors:
    ! LaTeX Error: File `epsf.sty' not found.
    
    Type X to quit or <RETURN> to proceed,
    or enter new name. (Default extension: sty)
    
    est/mombf/vignettes/mombf.tex:15: ==> Fatal error occurred, no output PDF file
     produced!
    Calls: buildVignettes -> texi2pdf -> texi2dvi
    Execution halted
Flavor: r-release-osx-x86_64-mavericks