CRAN Package Check Results for Package mombf

Last updated on 2017-04-24 12:47:44.

Flavor Version Tinstall Tcheck Ttotal Status Flags
r-devel-linux-x86_64-debian-clang 1.9.4 13.56 110.71 124.27 OK
r-devel-linux-x86_64-debian-gcc 1.9.4 10.46 108.11 118.57 OK
r-devel-linux-x86_64-fedora-clang 1.9.4 274.55 OK --no-stop-on-test-error
r-devel-linux-x86_64-fedora-gcc 1.9.4 237.39 OK --no-stop-on-test-error
r-devel-windows-ix86+x86_64 1.9.4 49.00 218.00 267.00 OK
r-patched-linux-x86_64 1.9.4 9.88 106.60 116.49 OK
r-patched-solaris-sparc 1.9.4 1446.60 OK
r-patched-solaris-x86 1.9.4 317.10 OK
r-release-linux-x86_64 1.9.4 10.01 109.46 119.46 OK
r-release-windows-ix86+x86_64 1.9.4 37.00 212.00 249.00 OK
r-release-osx-x86_64 1.9.4 NOTE
r-oldrel-windows-ix86+x86_64 1.9.4 35.00 133.00 168.00 OK
r-oldrel-osx-x86_64 1.9.4 OK

Memtest notes: valgrind

Check Details

Version: 1.9.4
Check: re-building of vignette outputs
Result: NOTE
    Error in re-building vignettes:
     ...
     cm
    
    Loading required package: mgcv
    Loading required package: nlme
    This is mgcv 1.8-17. For overview type 'help("mgcv-package")'.
    Warning in matrix(l, nrow = 1) %*% solve(V1) %*% matrix(l, ncol = 1)/sigma2 :
     Recycling array of length 1 in array-vector arithmetic is deprecated.
     Use c() or as.vector() instead.
    
    Error in texi2dvi(file = file, pdf = TRUE, clean = clean, quiet = quiet, :
     Running 'texi2dvi' on 'mombf.tex' failed.
    LaTeX errors:
    ! LaTeX Error: File `epsf.sty' not found.
    
    Type X to quit or <RETURN> to proceed,
    or enter new name. (Default extension: sty)
    
    ! Emergency stop.
    <read *>
    
    l.15 \usepackage
     {lscape}^^M
    ! ==> Fatal error occurred, no output PDF file produced!
    Calls: buildVignettes -> texi2pdf -> texi2dvi
    Execution halted
Flavor: r-release-osx-x86_64