CRAN Package Check Results for Package mombf

Last updated on 2017-05-27 05:54:33.

Flavor Version Tinstall Tcheck Ttotal Status Flags
r-devel-linux-x86_64-debian-clang 1.9.5 13.83 119.43 133.26 OK
r-devel-linux-x86_64-debian-gcc 1.9.4 10.97 108.65 119.62 OK
r-devel-linux-x86_64-fedora-clang 1.9.5 135.79 OK
r-devel-linux-x86_64-fedora-gcc 1.9.5 135.57 OK
r-devel-windows-ix86+x86_64 1.9.4 34.00 223.00 257.00 OK
r-patched-linux-x86_64 1.9.4 10.89 111.17 122.06 OK
r-patched-solaris-sparc 1.9.5 1350.30 OK
r-patched-solaris-x86 1.9.5 247.00 OK
r-release-linux-x86_64 1.9.4 9.79 105.23 115.02 OK
r-release-windows-ix86+x86_64 1.9.4 34.00 201.00 235.00 OK
r-release-osx-x86_64 1.9.4 NOTE
r-oldrel-windows-ix86+x86_64 1.9.4 53.00 146.00 199.00 OK
r-oldrel-osx-x86_64 1.9.4 OK

Check Details

Version: 1.9.4
Check: re-building of vignette outputs
Result: NOTE
    Error in re-building vignettes:
     ...
     cm
    
    Loading required package: mgcv
    Loading required package: nlme
    This is mgcv 1.8-17. For overview type 'help("mgcv-package")'.
    Warning in matrix(l, nrow = 1) %*% solve(V1) %*% matrix(l, ncol = 1)/sigma2 :
     Recycling array of length 1 in array-vector arithmetic is deprecated.
     Use c() or as.vector() instead.
    
    Error in texi2dvi(file = file, pdf = TRUE, clean = clean, quiet = quiet, :
     Running 'texi2dvi' on 'mombf.tex' failed.
    LaTeX errors:
    ! LaTeX Error: File `epsf.sty' not found.
    
    Type X to quit or <RETURN> to proceed,
    or enter new name. (Default extension: sty)
    
    ! Emergency stop.
    <read *>
    
    l.15 \usepackage
     {lscape}^^M
    ! ==> Fatal error occurred, no output PDF file produced!
    Calls: buildVignettes -> texi2pdf -> texi2dvi
    Execution halted
Flavor: r-release-osx-x86_64