CRAN Package Check Results for Package mombf

Last updated on 2017-11-22 22:57:31 CET.

Flavor Version Tinstall Tcheck Ttotal Status Flags
r-devel-linux-x86_64-debian-clang 1.9.5 11.95 100.35 112.29 OK
r-devel-linux-x86_64-debian-gcc 1.9.5 12.24 228.12 240.37 OK
r-devel-linux-x86_64-fedora-clang 1.9.5 215.36 OK
r-devel-linux-x86_64-fedora-gcc 1.9.5 270.11 OK
r-devel-windows-ix86+x86_64 1.9.5 35.00 211.00 246.00 OK
r-patched-linux-x86_64 1.9.5 10.45 108.50 118.96 OK
r-patched-solaris-x86 1.9.5 314.00 OK
r-release-linux-x86_64 1.9.5 10.48 104.74 115.22 OK
r-release-windows-ix86+x86_64 1.9.5 36.00 184.00 220.00 OK
r-release-osx-x86_64 1.9.5 NOTE
r-oldrel-windows-ix86+x86_64 1.9.5 37.00 156.00 193.00 OK
r-oldrel-osx-x86_64 1.9.5 OK

Check Details

Version: 1.9.5
Check: re-building of vignette outputs
Result: NOTE
    Error in re-building vignettes:
     ...
     cm
    
    Loading required package: mgcv
    Loading required package: nlme
    This is mgcv 1.8-17. For overview type 'help("mgcv-package")'.
    Warning in matrix(l, nrow = 1) %*% solve(V1) %*% matrix(l, ncol = 1)/sigma2 :
     Recycling array of length 1 in array-vector arithmetic is deprecated.
     Use c() or as.vector() instead.
    
    Error in texi2dvi(file = file, pdf = TRUE, clean = clean, quiet = quiet, :
     Running 'texi2dvi' on 'mombf.tex' failed.
    LaTeX errors:
    ! LaTeX Error: File `epsf.sty' not found.
    
    Type X to quit or <RETURN> to proceed,
    or enter new name. (Default extension: sty)
    
    ! Emergency stop.
    <read *>
    
    l.15 \usepackage
     {lscape}^^M
    ! ==> Fatal error occurred, no output PDF file produced!
    Calls: buildVignettes -> texi2pdf -> texi2dvi
    Execution halted
Flavor: r-release-osx-x86_64