CRAN Package Check Results for Package mombf

Last updated on 2017-02-24 19:48:21.

Flavor Version Tinstall Tcheck Ttotal Status Flags
r-devel-linux-x86_64-debian-clang 1.8.3 12.67 113.92 126.59 NOTE
r-devel-linux-x86_64-debian-gcc 1.8.3 10.01 116.23 126.24 NOTE
r-devel-linux-x86_64-fedora-clang 1.8.3 279.41 NOTE --no-stop-on-test-error
r-devel-linux-x86_64-fedora-gcc 1.8.3 234.88 NOTE --no-stop-on-test-error
r-devel-macos-x86_64-clang 1.8.3 186.09 NOTE --no-stop-on-test-error
r-devel-windows-ix86+x86_64 1.8.3 64.00 279.00 343.00 OK
r-patched-linux-x86_64 1.8.3 9.67 68.07 77.75 OK
r-patched-solaris-sparc 1.8.3 843.00 OK
r-patched-solaris-x86 1.8.3 208.50 OK
r-release-linux-x86_64 1.8.3 9.44 65.40 74.84 OK
r-release-osx-x86_64-mavericks 1.8.3 OK
r-release-windows-ix86+x86_64 1.8.3 57.00 192.00 249.00 OK
r-oldrel-windows-ix86+x86_64 1.8.3 40.00 272.00 312.00 OK

Check Details

Version: 1.8.3
Check: compiled code
Result: NOTE
    File ‘mombf/libs/mombf.so’:
     Found no calls to: ‘R_registerRoutines’, ‘R_useDynamicSymbols’
    
    It is good practice to register native routines and to disable symbol
    search.
    
    See ‘Writing portable packages’ in the ‘Writing R Extensions’ manual.
Flavors: r-devel-linux-x86_64-debian-clang, r-devel-linux-x86_64-debian-gcc

Version: 1.8.3
Flags: --no-stop-on-test-error
Check: compiled code
Result: NOTE
    File ‘mombf/libs/mombf.so’:
     Found no calls to: ‘R_registerRoutines’, ‘R_useDynamicSymbols’
    
    It is good practice to register native routines and to disable symbol
    search.
    
    See ‘Writing portable packages’ in the ‘Writing R Extensions’ manual.
Flavors: r-devel-linux-x86_64-fedora-clang, r-devel-linux-x86_64-fedora-gcc, r-devel-macos-x86_64-clang