CRAN Package Check Results for Package mombf

Last updated on 2015-03-06 14:47:01.

Flavor Version Tinstall Tcheck Ttotal Status Flags
r-devel-linux-x86_64-debian-clang 1.5.9 7.90 54.25 62.15 NOTE
r-devel-linux-x86_64-debian-gcc 1.5.9 8.07 53.06 61.13 NOTE
r-devel-linux-x86_64-fedora-clang 1.5.9 121.96 NOTE
r-devel-linux-x86_64-fedora-gcc 1.5.9 117.76 NOTE
r-devel-osx-x86_64-clang 1.5.9 107.58 NOTE
r-devel-windows-ix86+x86_64 1.5.9 30.00 96.00 126.00 NOTE
r-patched-linux-x86_64 1.5.9 9.40 66.56 75.96 NOTE
r-patched-solaris-sparc 1.5.9 932.00 NOTE
r-patched-solaris-x86 1.5.9 214.30 NOTE
r-release-linux-ix86 1.5.9 12.45 78.91 91.36 OK
r-release-linux-x86_64 1.5.9 9.53 63.96 73.49 OK
r-release-osx-x86_64-mavericks 1.5.9 OK
r-release-osx-x86_64-snowleopard 1.5.9 OK
r-release-windows-ix86+x86_64 1.5.9 33.00 121.00 154.00 OK
r-oldrel-windows-ix86+x86_64 1.5.9 34.00 117.00 151.00 OK

Check Details

Version: 1.5.9
Check: dependencies in R code
Result: NOTE
    'library' or 'require' call to ‘parallel’ in package code.
     Please use :: or requireNamespace() instead.
     See section 'Suggested packages' in the 'Writing R Extensions' manual.
Flavors: r-devel-linux-x86_64-debian-clang, r-devel-linux-x86_64-debian-gcc, r-devel-linux-x86_64-fedora-clang, r-devel-linux-x86_64-fedora-gcc, r-devel-osx-x86_64-clang, r-devel-windows-ix86+x86_64, r-patched-linux-x86_64, r-patched-solaris-sparc, r-patched-solaris-x86

Version: 1.5.9
Check: S3 generic/method consistency
Result: NOTE
    Found the following apparent S3 methods exported but not registered:
     imombf.lm mombf.lm zellnerbf.lm
    See section ‘Registering S3 methods’ in the ‘Writing R Extensions’
    manual.
Flavors: r-devel-linux-x86_64-debian-clang, r-devel-linux-x86_64-debian-gcc, r-devel-linux-x86_64-fedora-clang, r-devel-linux-x86_64-fedora-gcc, r-devel-osx-x86_64-clang