CRAN Package Check Results for Package moments

Last updated on 2016-08-29 04:50:17.

Flavor Version Tinstall Tcheck Ttotal Status Flags
r-devel-linux-x86_64-debian-clang 0.14 0.61 10.16 10.77 NOTE
r-devel-linux-x86_64-debian-gcc 0.14 0.62 9.79 10.41 NOTE
r-devel-linux-x86_64-fedora-clang 0.14 17.19 NOTE
r-devel-linux-x86_64-fedora-gcc 0.14 16.43 NOTE
r-devel-osx-x86_64-clang 0.14 16.22 NOTE
r-devel-windows-ix86+x86_64 0.14 3.00 30.00 33.00 NOTE
r-patched-linux-x86_64 0.14 0.54 9.73 10.27 NOTE
r-patched-solaris-sparc 0.14 109.60 NOTE
r-patched-solaris-x86 0.14 28.20 NOTE
r-release-linux-x86_64 0.14 0.66 9.89 10.55 NOTE
r-release-osx-x86_64-mavericks 0.14 NOTE
r-release-windows-ix86+x86_64 0.14 4.00 30.00 34.00 NOTE
r-oldrel-windows-ix86+x86_64 0.14 3.00 14.00 17.00 OK

Check Details

Version: 0.14
Check: R code for possible problems
Result: NOTE
    agostino.test: no visible global function definition for
     ‘complete.cases’
    agostino.test: no visible global function definition for ‘pnorm’
    anscombe.test: no visible global function definition for
     ‘complete.cases’
    anscombe.test: no visible global function definition for ‘pnorm’
    bonett.test: no visible global function definition for ‘complete.cases’
    bonett.test: no visible global function definition for ‘pnorm’
    jarque.test: no visible global function definition for ‘pchisq’
    Undefined global functions or variables:
     complete.cases pchisq pnorm
    Consider adding
     importFrom("stats", "complete.cases", "pchisq", "pnorm")
    to your NAMESPACE file.
Flavors: r-devel-linux-x86_64-debian-clang, r-devel-linux-x86_64-debian-gcc, r-devel-linux-x86_64-fedora-clang, r-devel-linux-x86_64-fedora-gcc, r-devel-osx-x86_64-clang, r-devel-windows-ix86+x86_64, r-patched-linux-x86_64, r-patched-solaris-sparc, r-patched-solaris-x86, r-release-linux-x86_64, r-release-osx-x86_64-mavericks, r-release-windows-ix86+x86_64