CRAN Package Check Results for Package moments

Last updated on 2016-05-25 06:47:20.

Flavor Version Tinstall Tcheck Ttotal Status Flags
r-devel-linux-x86_64-debian-gcc 0.14 0.59 9.83 10.41 NOTE
r-devel-linux-x86_64-fedora-clang 0.14 17.20 NOTE
r-devel-linux-x86_64-fedora-gcc 0.14 16.07 NOTE
r-devel-osx-x86_64-clang 0.14 21.43 NOTE
r-devel-windows-ix86+x86_64 0.14 4.00 30.00 34.00 NOTE
r-patched-linux-x86_64 0.14 0.65 9.71 10.36 NOTE
r-patched-solaris-sparc 0.14 109.20 NOTE
r-patched-solaris-x86 0.14 28.00 NOTE
r-release-linux-x86_64 0.14 0.55 9.92 10.47 NOTE
r-release-osx-x86_64-mavericks 0.14 NOTE
r-release-windows-ix86+x86_64 0.14 4.00 30.00 34.00 NOTE
r-oldrel-windows-ix86+x86_64 0.14 3.00 14.00 17.00 OK

Check Details

Version: 0.14
Check: R code for possible problems
Result: NOTE
    agostino.test: no visible global function definition for
     ‘complete.cases’
    agostino.test: no visible global function definition for ‘pnorm’
    anscombe.test: no visible global function definition for
     ‘complete.cases’
    anscombe.test: no visible global function definition for ‘pnorm’
    bonett.test: no visible global function definition for ‘complete.cases’
    bonett.test: no visible global function definition for ‘pnorm’
    jarque.test: no visible global function definition for ‘pchisq’
    Undefined global functions or variables:
     complete.cases pchisq pnorm
    Consider adding
     importFrom("stats", "complete.cases", "pchisq", "pnorm")
    to your NAMESPACE file.
Flavors: r-devel-linux-x86_64-debian-gcc, r-devel-linux-x86_64-fedora-clang, r-devel-linux-x86_64-fedora-gcc, r-devel-osx-x86_64-clang, r-devel-windows-ix86+x86_64, r-patched-linux-x86_64, r-patched-solaris-sparc, r-patched-solaris-x86, r-release-linux-x86_64, r-release-osx-x86_64-mavericks, r-release-windows-ix86+x86_64