CRAN Package Check Results for Package moments

Last updated on 2016-09-28 15:48:04.

Flavor Version Tinstall Tcheck Ttotal Status Flags
r-devel-linux-x86_64-debian-clang 0.14 0.58 9.97 10.55 NOTE
r-devel-linux-x86_64-debian-gcc 0.14 0.59 9.97 10.57 NOTE
r-devel-linux-x86_64-fedora-clang 0.14 17.78 NOTE
r-devel-linux-x86_64-fedora-gcc 0.14 16.40 NOTE
r-devel-macos-x86_64-clang 0.14 16.29 NOTE
r-devel-windows-ix86+x86_64 0.14 5.00 32.00 37.00 NOTE
r-patched-linux-x86_64 0.14 0.60 10.22 10.83 NOTE
r-patched-solaris-sparc 0.14 109.60 NOTE
r-patched-solaris-x86 0.14 27.00 NOTE
r-release-linux-x86_64 0.14 0.58 10.38 10.96 NOTE
r-release-osx-x86_64-mavericks 0.14 NOTE
r-release-windows-ix86+x86_64 0.14 3.00 24.00 27.00 NOTE
r-oldrel-windows-ix86+x86_64 0.14 3.00 14.00 17.00 OK

Check Details

Version: 0.14
Check: R code for possible problems
Result: NOTE
    agostino.test: no visible global function definition for
     ‘complete.cases’
    agostino.test: no visible global function definition for ‘pnorm’
    anscombe.test: no visible global function definition for
     ‘complete.cases’
    anscombe.test: no visible global function definition for ‘pnorm’
    bonett.test: no visible global function definition for ‘complete.cases’
    bonett.test: no visible global function definition for ‘pnorm’
    jarque.test: no visible global function definition for ‘pchisq’
    Undefined global functions or variables:
     complete.cases pchisq pnorm
    Consider adding
     importFrom("stats", "complete.cases", "pchisq", "pnorm")
    to your NAMESPACE file.
Flavors: r-devel-linux-x86_64-debian-clang, r-devel-linux-x86_64-debian-gcc, r-devel-linux-x86_64-fedora-clang, r-devel-linux-x86_64-fedora-gcc, r-devel-macos-x86_64-clang, r-devel-windows-ix86+x86_64, r-patched-linux-x86_64, r-patched-solaris-sparc, r-patched-solaris-x86, r-release-linux-x86_64, r-release-osx-x86_64-mavericks, r-release-windows-ix86+x86_64