CRAN Package Check Results for Package moments

Last updated on 2015-07-29 10:47:47.

Flavor Version Tinstall Tcheck Ttotal Status Flags
r-devel-linux-x86_64-debian-clang 0.14 0.56 9.70 10.25 NOTE
r-devel-linux-x86_64-debian-gcc 0.14 0.54 9.28 9.82 NOTE
r-devel-linux-x86_64-fedora-clang 0.14 19.13 NOTE
r-devel-linux-x86_64-fedora-gcc 0.14 17.68 NOTE
r-devel-osx-x86_64-clang 0.14 18.94 OK
r-devel-windows-ix86+x86_64 0.14 3.00 22.00 25.00 NOTE
r-patched-linux-x86_64 0.14 0.62 10.22 10.84 OK
r-patched-solaris-sparc 0.14 123.70 OK
r-patched-solaris-x86 0.14 30.00 OK
r-release-linux-x86_64 0.14 0.59 9.36 9.95 OK
r-release-osx-x86_64-mavericks 0.14 OK
r-release-windows-ix86+x86_64 0.14 3.00 18.00 21.00 OK
r-oldrel-windows-ix86+x86_64 0.14 4.00 17.00 21.00 OK

Check Details

Version: 0.14
Check: R code for possible problems
Result: NOTE
    agostino.test: no visible global function definition for
     ‘complete.cases’
    agostino.test: no visible global function definition for ‘pnorm’
    anscombe.test: no visible global function definition for
     ‘complete.cases’
    anscombe.test: no visible global function definition for ‘pnorm’
    bonett.test: no visible global function definition for ‘complete.cases’
    bonett.test: no visible global function definition for ‘pnorm’
    jarque.test: no visible global function definition for ‘pchisq’
    Undefined global functions or variables:
     complete.cases pchisq pnorm
    Consider adding
     importFrom("stats", "complete.cases", "pchisq", "pnorm")
    to your NAMESPACE.
Flavors: r-devel-linux-x86_64-debian-clang, r-devel-linux-x86_64-debian-gcc, r-devel-linux-x86_64-fedora-clang, r-devel-linux-x86_64-fedora-gcc, r-devel-windows-ix86+x86_64