CRAN Package Check Results for Package moments

Last updated on 2017-11-22 05:49:09 CET.

Flavor Version Tinstall Tcheck Ttotal Status Flags
r-devel-linux-x86_64-debian-clang 0.14 0.59 12.07 12.66 NOTE
r-devel-linux-x86_64-debian-gcc 0.14 1.14 32.45 33.58 NOTE
r-devel-linux-x86_64-fedora-clang 0.14 19.47 NOTE
r-devel-linux-x86_64-fedora-gcc 0.14 19.93 NOTE
r-devel-windows-ix86+x86_64 0.14 5.00 26.00 31.00 NOTE
r-patched-linux-x86_64 0.14 0.65 12.50 13.15 NOTE
r-patched-solaris-x86 0.14 34.00 NOTE
r-release-linux-x86_64 0.14 0.66 12.37 13.04 NOTE
r-release-windows-ix86+x86_64 0.14 3.00 26.00 29.00 NOTE
r-release-osx-x86_64 0.14 NOTE
r-oldrel-windows-ix86+x86_64 0.14 2.00 25.00 27.00 NOTE
r-oldrel-osx-x86_64 0.14 NOTE

Check Details

Version: 0.14
Check: R code for possible problems
Result: NOTE
    agostino.test: no visible global function definition for
     ‘complete.cases’
    agostino.test: no visible global function definition for ‘pnorm’
    anscombe.test: no visible global function definition for
     ‘complete.cases’
    anscombe.test: no visible global function definition for ‘pnorm’
    bonett.test: no visible global function definition for ‘complete.cases’
    bonett.test: no visible global function definition for ‘pnorm’
    jarque.test: no visible global function definition for ‘pchisq’
    Undefined global functions or variables:
     complete.cases pchisq pnorm
    Consider adding
     importFrom("stats", "complete.cases", "pchisq", "pnorm")
    to your NAMESPACE file.
Flavors: r-devel-linux-x86_64-debian-clang, r-devel-linux-x86_64-debian-gcc, r-devel-linux-x86_64-fedora-clang, r-devel-linux-x86_64-fedora-gcc, r-devel-windows-ix86+x86_64, r-patched-linux-x86_64, r-patched-solaris-x86, r-release-linux-x86_64, r-release-windows-ix86+x86_64, r-release-osx-x86_64, r-oldrel-windows-ix86+x86_64, r-oldrel-osx-x86_64