CRAN Package Check Results for Package moments

Last updated on 2017-01-21 23:51:49.

Flavor Version Tinstall Tcheck Ttotal Status Flags
r-devel-linux-x86_64-debian-clang 0.14 0.66 11.90 12.56 NOTE
r-devel-linux-x86_64-debian-gcc 0.14 0.60 11.83 12.43 NOTE
r-devel-linux-x86_64-fedora-clang 0.14 19.39 NOTE --no-stop-on-test-error
r-devel-linux-x86_64-fedora-gcc 0.14 20.40 NOTE --no-stop-on-test-error
r-devel-macos-x86_64-clang 0.14 18.49 NOTE --no-stop-on-test-error
r-devel-windows-ix86+x86_64 0.14 3.00 27.00 30.00 NOTE
r-patched-linux-x86_64 0.14 0.58 9.85 10.43 NOTE
r-patched-solaris-sparc 0.14 111.50 NOTE
r-patched-solaris-x86 0.14 27.90 NOTE
r-release-linux-x86_64 0.14 0.55 9.98 10.53 NOTE
r-release-osx-x86_64-mavericks 0.14 NOTE
r-release-windows-ix86+x86_64 0.14 2.00 25.00 27.00 NOTE
r-oldrel-windows-ix86+x86_64 0.14 2.00 23.00 25.00 OK

Check Details

Version: 0.14
Check: R code for possible problems
Result: NOTE
    agostino.test: no visible global function definition for
     ‘complete.cases’
    agostino.test: no visible global function definition for ‘pnorm’
    anscombe.test: no visible global function definition for
     ‘complete.cases’
    anscombe.test: no visible global function definition for ‘pnorm’
    bonett.test: no visible global function definition for ‘complete.cases’
    bonett.test: no visible global function definition for ‘pnorm’
    jarque.test: no visible global function definition for ‘pchisq’
    Undefined global functions or variables:
     complete.cases pchisq pnorm
    Consider adding
     importFrom("stats", "complete.cases", "pchisq", "pnorm")
    to your NAMESPACE file.
Flavors: r-devel-linux-x86_64-debian-clang, r-devel-linux-x86_64-debian-gcc, r-devel-windows-ix86+x86_64, r-patched-linux-x86_64, r-patched-solaris-sparc, r-patched-solaris-x86, r-release-linux-x86_64, r-release-osx-x86_64-mavericks, r-release-windows-ix86+x86_64

Version: 0.14
Flags: --no-stop-on-test-error
Check: R code for possible problems
Result: NOTE
    agostino.test: no visible global function definition for
     ‘complete.cases’
    agostino.test: no visible global function definition for ‘pnorm’
    anscombe.test: no visible global function definition for
     ‘complete.cases’
    anscombe.test: no visible global function definition for ‘pnorm’
    bonett.test: no visible global function definition for ‘complete.cases’
    bonett.test: no visible global function definition for ‘pnorm’
    jarque.test: no visible global function definition for ‘pchisq’
    Undefined global functions or variables:
     complete.cases pchisq pnorm
    Consider adding
     importFrom("stats", "complete.cases", "pchisq", "pnorm")
    to your NAMESPACE file.
Flavors: r-devel-linux-x86_64-fedora-clang, r-devel-linux-x86_64-fedora-gcc, r-devel-macos-x86_64-clang