CRAN Package Check Results for Package moments

Last updated on 2016-02-13 21:47:15.

Flavor Version Tinstall Tcheck Ttotal Status Flags
r-devel-linux-x86_64-debian-gcc 0.14 0.62 9.41 10.03 NOTE
r-devel-linux-x86_64-fedora-clang 0.14 16.59 NOTE
r-devel-linux-x86_64-fedora-gcc 0.14 16.00 NOTE
r-devel-osx-x86_64-clang 0.14 20.66 NOTE
r-devel-windows-ix86+x86_64 0.14 4.00 18.00 22.00 NOTE
r-patched-linux-x86_64 0.14 0.62 9.61 10.23 OK
r-patched-solaris-sparc 0.14 107.00 OK
r-patched-solaris-x86 0.14 26.20 OK
r-release-linux-x86_64 0.14 0.62 9.38 10.00 OK
r-release-osx-x86_64-mavericks 0.14 OK
r-release-windows-ix86+x86_64 0.14 3.00 14.00 17.00 OK
r-oldrel-windows-ix86+x86_64 0.14 4.00 17.00 21.00 OK

Check Details

Version: 0.14
Check: R code for possible problems
Result: NOTE
    agostino.test: no visible global function definition for
     ‘complete.cases’
    agostino.test: no visible global function definition for ‘pnorm’
    anscombe.test: no visible global function definition for
     ‘complete.cases’
    anscombe.test: no visible global function definition for ‘pnorm’
    bonett.test: no visible global function definition for ‘complete.cases’
    bonett.test: no visible global function definition for ‘pnorm’
    jarque.test: no visible global function definition for ‘pchisq’
    Undefined global functions or variables:
     complete.cases pchisq pnorm
    Consider adding
     importFrom("stats", "complete.cases", "pchisq", "pnorm")
    to your NAMESPACE file.
Flavors: r-devel-linux-x86_64-debian-gcc, r-devel-linux-x86_64-fedora-clang, r-devel-linux-x86_64-fedora-gcc, r-devel-osx-x86_64-clang, r-devel-windows-ix86+x86_64