CRAN Package Check Results for Package moments

Last updated on 2015-09-04 16:48:38.

Flavor Version Tinstall Tcheck Ttotal Status Flags
r-devel-linux-x86_64-debian-clang 0.14 0.54 9.62 10.16 NOTE
r-devel-linux-x86_64-debian-gcc 0.14 0.52 9.12 9.64 NOTE
r-devel-linux-x86_64-fedora-clang 0.14 18.83 NOTE
r-devel-linux-x86_64-fedora-gcc 0.14 17.10 NOTE
r-devel-osx-x86_64-clang 0.14 19.97 OK
r-devel-windows-ix86+x86_64 0.14 2.00 29.00 31.00 NOTE
r-patched-linux-x86_64 0.14 0.58 9.50 10.08 OK
r-patched-solaris-sparc 0.14 123.70 OK
r-patched-solaris-x86 0.14 30.10 OK
r-release-linux-x86_64 0.14 0.58 9.68 10.26 OK
r-release-osx-x86_64-mavericks 0.14 OK
r-release-windows-ix86+x86_64 0.14 2.00 16.00 18.00 OK
r-oldrel-windows-ix86+x86_64 0.14 4.00 17.00 21.00 OK

Check Details

Version: 0.14
Check: R code for possible problems
Result: NOTE
    agostino.test: no visible global function definition for
     ‘complete.cases’
    agostino.test: no visible global function definition for ‘pnorm’
    anscombe.test: no visible global function definition for
     ‘complete.cases’
    anscombe.test: no visible global function definition for ‘pnorm’
    bonett.test: no visible global function definition for ‘complete.cases’
    bonett.test: no visible global function definition for ‘pnorm’
    jarque.test: no visible global function definition for ‘pchisq’
    Undefined global functions or variables:
     complete.cases pchisq pnorm
    Consider adding
     importFrom("stats", "complete.cases", "pchisq", "pnorm")
    to your NAMESPACE.
Flavors: r-devel-linux-x86_64-debian-clang, r-devel-linux-x86_64-debian-gcc, r-devel-linux-x86_64-fedora-clang, r-devel-linux-x86_64-fedora-gcc, r-devel-windows-ix86+x86_64