CRAN Package Check Results for Package mondate

Last updated on 2014-07-25 23:48:39.

Flavor Version Tinstall Tcheck Ttotal Status Flags
r-devel-linux-x86_64-debian-clang 0.10.01.02 1.65 18.93 20.58 NOTE
r-devel-linux-x86_64-debian-gcc 0.10.01.02 1.61 18.06 19.67 NOTE
r-devel-linux-x86_64-fedora-clang 0.10.01.02 42.79 NOTE
r-devel-linux-x86_64-fedora-gcc 0.10.01.02 40.34 NOTE
r-devel-osx-x86_64-clang 0.10.01.02 40.57 NOTE
r-devel-windows-ix86+x86_64 0.10.01.02 3.00 28.00 31.00 NOTE
r-patched-linux-x86_64 0.10.01.02 1.59 18.29 19.88 NOTE
r-patched-solaris-sparc 0.10.01.02 241.80 NOTE
r-patched-solaris-x86 0.10.01.02 56.60 NOTE
r-release-linux-ix86 0.10.01.02 1.92 25.46 27.38 NOTE
r-release-linux-x86_64 0.10.01.02 1.53 19.00 20.53 NOTE
r-release-osx-x86_64-mavericks 0.10.01.02 NOTE
r-release-windows-ix86+x86_64 0.10.01.02 3.00 28.00 31.00 NOTE
r-oldrel-windows-ix86+x86_64 0.10.01.02 4.00 28.00 32.00 NOTE

Check Details

Version: 0.10.01.02
Check: dependencies in R code
Result: NOTE
    Package in Depends field not imported from: ‘methods’
     These packages need to be imported from (in the NAMESPACE file)
     for when this namespace is loaded but not attached.
    See the information on DESCRIPTION files in the chapter ‘Creating R
    packages’ of the ‘Writing R Extensions’ manual.
Flavors: r-devel-linux-x86_64-debian-clang, r-devel-linux-x86_64-debian-gcc, r-devel-linux-x86_64-fedora-clang, r-devel-linux-x86_64-fedora-gcc, r-devel-osx-x86_64-clang, r-devel-windows-ix86+x86_64, r-patched-linux-x86_64, r-patched-solaris-sparc, r-patched-solaris-x86, r-release-linux-ix86, r-release-linux-x86_64, r-release-osx-x86_64-mavericks, r-release-windows-ix86+x86_64, r-oldrel-windows-ix86+x86_64