CRAN Package Check Results for Package mondate

Last updated on 2015-07-02 23:47:21.

Flavor Version Tinstall Tcheck Ttotal Status Flags
r-devel-linux-x86_64-debian-clang 0.10.01.02 1.20 16.87 18.07 NOTE
r-devel-linux-x86_64-debian-gcc 0.10.01.02 1.19 16.00 17.19 NOTE
r-devel-linux-x86_64-fedora-clang 0.10.01.02 34.45 NOTE
r-devel-linux-x86_64-fedora-gcc 0.10.01.02 33.13 NOTE
r-devel-osx-x86_64-clang 0.10.01.02 35.67 NOTE
r-devel-windows-ix86+x86_64 0.10.01.02 4.00 27.00 31.00 NOTE
r-patched-linux-x86_64 0.10.01.02 1.30 16.13 17.43 NOTE
r-patched-solaris-sparc 0.10.01.02 235.40 NOTE
r-patched-solaris-x86 0.10.01.02 49.20 NOTE
r-release-linux-x86_64 0.10.01.02 1.32 16.52 17.83 NOTE
r-release-osx-x86_64-mavericks 0.10.01.02 NOTE
r-release-windows-ix86+x86_64 0.10.01.02 4.00 30.00 34.00 NOTE
r-oldrel-windows-ix86+x86_64 0.10.01.02 5.00 30.00 35.00 NOTE

Check Details

Version: 0.10.01.02
Check: dependencies in R code
Result: NOTE
    Package in Depends field not imported from: ‘methods’
     These packages need to be imported from (in the NAMESPACE file)
     for when this namespace is loaded but not attached.
Flavors: r-devel-linux-x86_64-debian-clang, r-devel-linux-x86_64-debian-gcc, r-devel-linux-x86_64-fedora-clang, r-devel-linux-x86_64-fedora-gcc, r-devel-osx-x86_64-clang, r-devel-windows-ix86+x86_64, r-patched-linux-x86_64, r-patched-solaris-sparc, r-patched-solaris-x86, r-release-linux-x86_64, r-release-osx-x86_64-mavericks, r-release-windows-ix86+x86_64, r-oldrel-windows-ix86+x86_64

Version: 0.10.01.02
Check: R code for possible problems
Result: NOTE
    .date.to.mondate: no visible global function definition for ‘new’
    as.character.mondate: no visible global function definition for ‘slot’
    Arith,array-mondate: no visible global function definition for
     ‘callGeneric’
    Arith,mondate-array: no visible global function definition for
     ‘callGeneric’
    Arith,mondate-mondate: no visible global function definition for
     ‘callGeneric’
    Arith,mondate-numeric: no visible global function definition for
     ‘callGeneric’
    Arith,numeric-mondate: no visible global function definition for
     ‘callGeneric’
    Compare,mondate-ANY: no visible global function definition for
     ‘callGeneric’
    Compare,mondate-ANY: no visible global function definition for
     ‘getDataPart’
    Summary,mondate: no visible global function definition for
     ‘callGeneric’
    [,mondate: no visible global function definition for ‘callNextMethod’
    [,mondate: no visible global function definition for ‘new’
    array,mondate: no visible global function definition for
     ‘callNextMethod’
    c,mondate: no visible global function definition for ‘new’
    c,mondate: no visible binding for global variable ‘getDataPart’
    c,mondate: no visible global function definition for ‘getDataPart’
    matrix,mondate: no visible global function definition for
     ‘callNextMethod’
    mondate,Date: no visible global function definition for ‘new’
    mondate,POSIXt: no visible global function definition for ‘new’
    mondate,missing: no visible global function definition for ‘new’
    mondate,numeric: no visible global function definition for ‘new’
    Undefined global functions or variables:
     callGeneric callNextMethod getDataPart new slot
Flavors: r-devel-linux-x86_64-debian-clang, r-devel-linux-x86_64-fedora-clang, r-devel-linux-x86_64-fedora-gcc, r-devel-windows-ix86+x86_64

Version: 0.10.01.02
Check: R code for possible problems
Result: NOTE
    .date.to.mondate: no visible global function definition for ‘new’
    as.character.mondate: no visible global function definition for ‘slot’
    Arith,array-mondate: no visible global function definition for
     ‘callGeneric’
    Arith,mondate-array: no visible global function definition for
     ‘callGeneric’
    Arith,mondate-mondate: no visible global function definition for
     ‘callGeneric’
    Arith,mondate-numeric: no visible global function definition for
     ‘callGeneric’
    Arith,numeric-mondate: no visible global function definition for
     ‘callGeneric’
    Compare,mondate-ANY: no visible global function definition for
     ‘callGeneric’
    Compare,mondate-ANY: no visible global function definition for
     ‘getDataPart’
    Summary,mondate: no visible global function definition for
     ‘callGeneric’
    [,mondate: no visible global function definition for ‘callNextMethod’
    [,mondate: no visible global function definition for ‘new’
    array,mondate: no visible global function definition for
     ‘callNextMethod’
    c,mondate: no visible global function definition for ‘new’
    c,mondate: no visible binding for global variable ‘getDataPart’
    c,mondate: no visible global function definition for ‘getDataPart’
    matrix,mondate: no visible global function definition for
     ‘callNextMethod’
    mondate,Date: no visible global function definition for ‘new’
    mondate,POSIXt: no visible global function definition for ‘new’
    mondate,missing: no visible global function definition for ‘new’
    mondate,numeric: no visible global function definition for ‘new’
Flavor: r-devel-linux-x86_64-debian-gcc