CRAN Package Check Results for Package mondate

Last updated on 2014-11-24 05:47:36.

Flavor Version Tinstall Tcheck Ttotal Status Flags
r-devel-linux-x86_64-debian-clang 0.10.01.02 1.46 18.29 19.76 NOTE
r-devel-linux-x86_64-debian-gcc 0.10.01.02 1.40 18.67 20.07 NOTE
r-devel-linux-x86_64-fedora-clang 0.10.01.02 42.42 NOTE
r-devel-linux-x86_64-fedora-gcc 0.10.01.02 39.56 NOTE
r-devel-osx-x86_64-clang 0.10.01.02 40.88 NOTE
r-devel-windows-ix86+x86_64 0.10.01.02 3.00 27.00 30.00 NOTE
r-patched-linux-x86_64 0.10.01.02 1.50 18.98 20.48 NOTE
r-patched-solaris-sparc 0.10.01.02 257.50 NOTE
r-patched-solaris-x86 0.10.01.02 55.80 NOTE
r-release-linux-ix86 0.10.01.02 1.84 24.60 26.44 NOTE
r-release-linux-x86_64 0.10.01.02 1.52 18.57 20.10 NOTE
r-release-osx-x86_64-mavericks 0.10.01.02 NOTE
r-release-windows-ix86+x86_64 0.10.01.02 4.00 28.00 32.00 NOTE
r-oldrel-windows-ix86+x86_64 0.10.01.02 4.00 28.00 32.00 NOTE

Check Details

Version: 0.10.01.02
Check: dependencies in R code
Result: NOTE
    Package in Depends field not imported from: ‘methods’
     These packages need to be imported from (in the NAMESPACE file)
     for when this namespace is loaded but not attached.
    See the information on DESCRIPTION files in the chapter ‘Creating R
    packages’ of the ‘Writing R Extensions’ manual.
Flavors: r-devel-linux-x86_64-debian-clang, r-devel-linux-x86_64-debian-gcc, r-devel-linux-x86_64-fedora-clang, r-devel-linux-x86_64-fedora-gcc, r-devel-osx-x86_64-clang, r-devel-windows-ix86+x86_64, r-patched-linux-x86_64, r-patched-solaris-sparc, r-patched-solaris-x86, r-release-linux-ix86, r-release-linux-x86_64, r-release-osx-x86_64-mavericks, r-release-windows-ix86+x86_64, r-oldrel-windows-ix86+x86_64