CRAN Package Check Results for Package mondate

Last updated on 2015-03-05 12:48:05.

Flavor Version Tinstall Tcheck Ttotal Status Flags
r-devel-linux-x86_64-debian-clang 0.10.01.02 1.29 16.54 17.83 NOTE
r-devel-linux-x86_64-debian-gcc 0.10.01.02 1.31 16.57 17.88 NOTE
r-devel-linux-x86_64-fedora-clang 0.10.01.02 34.82 NOTE
r-devel-linux-x86_64-fedora-gcc 0.10.01.02 33.94 NOTE
r-devel-osx-x86_64-clang 0.10.01.02 36.63 NOTE
r-devel-windows-ix86+x86_64 0.10.01.02 5.00 26.00 31.00 NOTE
r-patched-linux-x86_64 0.10.01.02 1.48 18.66 20.13 NOTE
r-patched-solaris-sparc 0.10.01.02 283.30 NOTE
r-patched-solaris-x86 0.10.01.02 55.40 NOTE
r-release-linux-ix86 0.10.01.02 1.99 25.66 27.64 NOTE
r-release-linux-x86_64 0.10.01.02 1.48 19.62 21.10 NOTE
r-release-osx-x86_64-mavericks 0.10.01.02 NOTE
r-release-windows-ix86+x86_64 0.10.01.02 5.00 30.00 35.00 NOTE
r-oldrel-windows-ix86+x86_64 0.10.01.02 5.00 31.00 36.00 NOTE

Check Details

Version: 0.10.01.02
Check: dependencies in R code
Result: NOTE
    Package in Depends field not imported from: ‘methods’
     These packages need to be imported from (in the NAMESPACE file)
     for when this namespace is loaded but not attached.
Flavors: r-devel-linux-x86_64-debian-clang, r-devel-linux-x86_64-debian-gcc, r-devel-linux-x86_64-fedora-clang, r-devel-linux-x86_64-fedora-gcc, r-devel-osx-x86_64-clang, r-devel-windows-ix86+x86_64, r-patched-linux-x86_64, r-patched-solaris-sparc, r-patched-solaris-x86

Version: 0.10.01.02
Check: dependencies in R code
Result: NOTE
    Package in Depends field not imported from: ‘methods’
     These packages need to be imported from (in the NAMESPACE file)
     for when this namespace is loaded but not attached.
    See the information on DESCRIPTION files in the chapter ‘Creating R
    packages’ of the ‘Writing R Extensions’ manual.
Flavors: r-release-linux-ix86, r-release-linux-x86_64, r-release-osx-x86_64-mavericks, r-release-windows-ix86+x86_64, r-oldrel-windows-ix86+x86_64