CRAN Package Check Results for Package mondate

Last updated on 2014-10-31 06:47:22.

Flavor Version Tinstall Tcheck Ttotal Status Flags
r-devel-linux-x86_64-debian-clang 0.10.01.02 1.46 19.57 21.03 NOTE
r-devel-linux-x86_64-debian-gcc 0.10.01.02 1.64 18.10 19.73 NOTE
r-devel-linux-x86_64-fedora-clang 0.10.01.02 40.86 NOTE
r-devel-linux-x86_64-fedora-gcc 0.10.01.02 39.51 NOTE
r-devel-osx-x86_64-clang 0.10.01.02 40.59 NOTE
r-devel-windows-ix86+x86_64 0.10.01.02 4.00 27.00 31.00 NOTE
r-patched-linux-x86_64 0.10.01.02 1.49 18.80 20.29 NOTE
r-patched-solaris-sparc 0.10.01.02 257.50 NOTE
r-patched-solaris-x86 0.10.01.02 56.00 NOTE
r-release-linux-ix86 0.10.01.02 2.01 25.72 27.74 NOTE
r-release-linux-x86_64 0.10.01.02 1.83 18.99 20.82 NOTE
r-release-osx-x86_64-mavericks 0.10.01.02 NOTE
r-release-windows-ix86+x86_64 0.10.01.02 4.00 28.00 32.00 NOTE
r-oldrel-windows-ix86+x86_64 0.10.01.02 4.00 31.00 35.00 NOTE

Check Details

Version: 0.10.01.02
Check: dependencies in R code
Result: NOTE
    Package in Depends field not imported from: ‘methods’
     These packages need to be imported from (in the NAMESPACE file)
     for when this namespace is loaded but not attached.
    See the information on DESCRIPTION files in the chapter ‘Creating R
    packages’ of the ‘Writing R Extensions’ manual.
Flavors: r-devel-linux-x86_64-debian-clang, r-devel-linux-x86_64-debian-gcc, r-devel-linux-x86_64-fedora-clang, r-devel-linux-x86_64-fedora-gcc, r-devel-osx-x86_64-clang, r-devel-windows-ix86+x86_64, r-patched-linux-x86_64, r-patched-solaris-sparc, r-patched-solaris-x86, r-release-linux-ix86, r-release-linux-x86_64, r-release-osx-x86_64-mavericks, r-release-windows-ix86+x86_64, r-oldrel-windows-ix86+x86_64