CRAN Package Check Results for Package monitoR

Last updated on 2015-03-05 08:49:15.

Flavor Version Tinstall Tcheck Ttotal Status Flags
r-devel-linux-x86_64-debian-clang 1.0.2 2.08 109.80 111.88 NOTE
r-devel-linux-x86_64-debian-gcc 1.0.2 1.93 104.76 106.70 NOTE
r-devel-linux-x86_64-fedora-clang 1.0.2 208.86 NOTE
r-devel-linux-x86_64-fedora-gcc 1.0.2 205.36 NOTE
r-devel-osx-x86_64-clang 1.0.2 179.39 NOTE
r-devel-windows-ix86+x86_64 1.0.2 8.00 144.00 152.00 NOTE
r-patched-linux-x86_64 1.0.2 2.56 112.65 115.20 NOTE
r-patched-solaris-sparc 1.0.2 1502.40 NOTE
r-patched-solaris-x86 1.0.2 276.70 NOTE
r-release-linux-ix86 1.0.2 3.13 153.55 156.68 NOTE
r-release-linux-x86_64 1.0.2 2.56 112.74 115.30 NOTE
r-release-osx-x86_64-mavericks 1.0.2 NOTE
r-release-osx-x86_64-snowleopard 1.0.2 OK
r-release-windows-ix86+x86_64 1.0.2 8.00 151.00 159.00 NOTE
r-oldrel-windows-ix86+x86_64 1.0.2 9.00 172.00 181.00 OK

Check Details

Version: 1.0.2
Check: dependencies in R code
Result: NOTE
    'library' or 'require' calls in package code:
     ‘RODBC’ ‘fftw’ ‘parallel’
     Please use :: or requireNamespace() instead.
     See section 'Suggested packages' in the 'Writing R Extensions' manual.
Flavors: r-devel-linux-x86_64-debian-clang, r-devel-linux-x86_64-debian-gcc, r-devel-linux-x86_64-fedora-clang, r-devel-linux-x86_64-fedora-gcc, r-devel-osx-x86_64-clang, r-devel-windows-ix86+x86_64, r-patched-linux-x86_64, r-patched-solaris-sparc, r-patched-solaris-x86

Version: 1.0.2
Check: R code for possible problems
Result: NOTE
    binMatch : lapplyfun: no visible global function definition for
     ‘mclapply’
    binMatch : lapplyfun: no visible global function definition for
     ‘detectCores’
    bindEvents: no visible global function definition for ‘mclapply’
    bindEvents: no visible global function definition for ‘detectCores’
    corMatch : lapplyfun: no visible global function definition for
     ‘mclapply’
    corMatch : lapplyfun: no visible global function definition for
     ‘detectCores’
    dbDownloadCardRecorderID: no visible global function definition for
     ‘odbcConnect’
    dbDownloadCardRecorderID: no visible global function definition for
     ‘sqlQuery’
    dbDownloadResult: no visible global function definition for
     ‘odbcConnect’
    dbDownloadResult: no visible global function definition for ‘sqlQuery’
    dbDownloadSurvey: no visible global function definition for
     ‘odbcConnect’
    dbDownloadSurvey: no visible global function definition for ‘sqlQuery’
    dbDownloadTemplate: no visible global function definition for
     ‘odbcConnect’
    dbDownloadTemplate: no visible global function definition for
     ‘sqlQuery’
    dbSchema: no visible global function definition for ‘odbcConnect’
    dbSchema: no visible global function definition for ‘sqlQuery’
    dbSchema: no visible global function definition for ‘sqlTables’
    dbUploadAnno: no visible global function definition for ‘odbcConnect’
    dbUploadAnno: no visible global function definition for ‘sqlQuery’
    dbUploadResult: no visible global function definition for ‘odbcConnect’
    dbUploadResult: no visible global function definition for ‘sqlQuery’
    dbUploadSurvey: no visible global function definition for ‘odbcConnect’
    dbUploadSurvey: no visible binding for global variable ‘sqlQuery’
    dbUploadSurvey: no visible global function definition for ‘sqlQuery’
    dbUploadTemplate: no visible global function definition for
     ‘odbcConnect’
    dbUploadTemplate: no visible global function definition for ‘sqlQuery’
    dbUploadTemplate : <anonymous>: no visible global function definition
     for ‘sqlQuery’
    findPeaks : lapplyfun: no visible global function definition for
     ‘mclapply’
    findPeaks : lapplyfun: no visible global function definition for
     ‘detectCores’
    readBinTemplates : lapplyfun: no visible global function definition for
     ‘mclapply’
    readBinTemplates : lapplyfun: no visible global function definition for
     ‘detectCores’
    readCorTemplates : lapplyfun: no visible global function definition for
     ‘mclapply’
    readCorTemplates : lapplyfun: no visible global function definition for
     ‘detectCores’
    stft: no visible global function definition for ‘planFFT’
    stft : <anonymous>: no visible global function definition for ‘FFT’
    writeBinTemplates : lapplyfun: no visible global function definition
     for ‘mclapply’
    writeBinTemplates : lapplyfun: no visible global function definition
     for ‘detectCores’
    writeCorTemplates : lapplyfun: no visible global function definition
     for ‘mclapply’
    writeCorTemplates : lapplyfun: no visible global function definition
     for ‘detectCores’
Flavors: r-devel-linux-x86_64-debian-clang, r-devel-linux-x86_64-debian-gcc, r-devel-linux-x86_64-fedora-clang, r-devel-linux-x86_64-fedora-gcc, r-devel-osx-x86_64-clang, r-devel-windows-ix86+x86_64, r-patched-linux-x86_64, r-patched-solaris-sparc, r-patched-solaris-x86, r-release-linux-ix86, r-release-linux-x86_64, r-release-osx-x86_64-mavericks, r-release-windows-ix86+x86_64

Version: 1.0.2
Check: package dependencies
Result: NOTE
    Packages suggested but not available for checking: ‘fftw’ ‘RODBC’
Flavor: r-release-osx-x86_64-mavericks

Version: 1.0.2
Check: Rd cross-references
Result: NOTE
    Packages unavailable to check Rd xrefs: ‘seewave’, ‘RODBC’
Flavor: r-release-osx-x86_64-mavericks