CRAN Package Check Results for Package monitoR

Last updated on 2016-07-29 07:47:14.

Flavor Version Tinstall Tcheck Ttotal Status Flags
r-devel-linux-x86_64-debian-clang 1.0.4 2.06 80.72 82.77 OK
r-devel-linux-x86_64-debian-gcc 1.0.4 2.35 89.99 92.34 OK
r-devel-linux-x86_64-fedora-clang 1.0.4 162.98 OK
r-devel-linux-x86_64-fedora-gcc 1.0.4 151.57 OK
r-devel-osx-x86_64-clang 1.0.4 114.27 OK
r-devel-windows-ix86+x86_64 1.0.4 9.00 128.00 137.00 OK
r-patched-linux-x86_64 1.0.4 2.55 94.20 96.75 OK
r-patched-solaris-sparc 1.0.4 977.70 OK
r-patched-solaris-x86 1.0.4 196.00 OK
r-release-linux-x86_64 1.0.4 2.29 95.70 97.99 OK
r-release-osx-x86_64-mavericks 1.0.4 NOTE
r-release-windows-ix86+x86_64 1.0.4 10.00 162.00 172.00 OK
r-oldrel-windows-ix86+x86_64 1.0.4 10.00 176.00 186.00 OK

Check Details

Version: 1.0.4
Check: package dependencies
Result: NOTE
    Package suggested but not available for checking: ‘RODBC’
Flavor: r-release-osx-x86_64-mavericks

Version: 1.0.4
Check: Rd cross-references
Result: NOTE
    Package unavailable to check Rd xrefs: ‘RODBC’
Flavor: r-release-osx-x86_64-mavericks