CRAN Package Check Results for Package monitoR

Last updated on 2016-09-26 11:51:40.

Flavor Version Tinstall Tcheck Ttotal Status Flags
r-devel-linux-x86_64-debian-clang 1.0.4 1.90 80.56 82.46 OK
r-devel-linux-x86_64-debian-gcc 1.0.4 1.92 77.26 79.17 OK
r-devel-linux-x86_64-fedora-clang 1.0.4 160.89 OK
r-devel-linux-x86_64-fedora-gcc 1.0.4 153.72 OK
r-devel-macos-x86_64-clang 1.0.4 111.68 OK
r-devel-windows-ix86+x86_64 1.0.4 11.00 153.00 164.00 OK
r-patched-linux-x86_64 1.0.4 1.92 79.50 81.42 OK
r-patched-solaris-sparc 1.0.4 977.70 OK
r-patched-solaris-x86 1.0.4 193.30 OK
r-release-linux-x86_64 1.0.4 1.90 80.45 82.35 OK
r-release-osx-x86_64-mavericks 1.0.4 NOTE
r-release-windows-ix86+x86_64 1.0.4 16.00 155.00 171.00 OK
r-oldrel-windows-ix86+x86_64 1.0.4 16.00 157.00 173.00 OK

Check Details

Version: 1.0.4
Check: package dependencies
Result: NOTE
    Package suggested but not available for checking: ‘RODBC’
Flavor: r-release-osx-x86_64-mavericks

Version: 1.0.4
Check: Rd cross-references
Result: NOTE
    Package unavailable to check Rd xrefs: ‘RODBC’
Flavor: r-release-osx-x86_64-mavericks