CRAN Package Check Results for Package monitoR

Last updated on 2016-06-26 00:47:11.

Flavor Version Tinstall Tcheck Ttotal Status Flags
r-devel-linux-x86_64-debian-gcc 1.0.4 2.11 82.78 84.88 OK
r-devel-linux-x86_64-fedora-clang 1.0.4 164.08 OK
r-devel-linux-x86_64-fedora-gcc 1.0.4 157.70 OK
r-devel-osx-x86_64-clang 1.0.4 117.62 OK
r-devel-windows-ix86+x86_64 1.0.4 9.00 152.00 161.00 OK
r-patched-linux-x86_64 1.0.4 2.08 82.21 84.29 OK
r-patched-solaris-sparc 1.0.4 977.70 OK
r-patched-solaris-x86 1.0.4 198.80 OK
r-release-linux-x86_64 1.0.4 2.25 81.97 84.22 OK
r-release-osx-x86_64-mavericks 1.0.4 NOTE
r-release-windows-ix86+x86_64 1.0.4 9.00 121.00 130.00 OK
r-oldrel-windows-ix86+x86_64 1.0.4 9.00 161.00 170.00 OK

Check Details

Version: 1.0.4
Check: package dependencies
Result: NOTE
    Package suggested but not available for checking: ‘RODBC’
Flavor: r-release-osx-x86_64-mavericks

Version: 1.0.4
Check: Rd cross-references
Result: NOTE
    Package unavailable to check Rd xrefs: ‘RODBC’
Flavor: r-release-osx-x86_64-mavericks