CRAN Package Check Results for Package monitoR

Last updated on 2018-04-24 13:46:57 CEST.

Flavor Version Tinstall Tcheck Ttotal Status Flags
r-devel-linux-x86_64-debian-clang 1.0.7 5.84 109.14 114.98 OK
r-devel-linux-x86_64-debian-gcc 1.0.7 7.65 80.96 88.61 OK
r-devel-linux-x86_64-fedora-clang 1.0.7 153.52 OK
r-devel-linux-x86_64-fedora-gcc 1.0.7 147.63 OK
r-devel-windows-ix86+x86_64 1.0.7 20.00 99.00 119.00 OK
r-patched-linux-x86_64 1.0.7 7.47 107.96 115.43 OK
r-patched-solaris-x86 1.0.7 198.90 OK
r-release-linux-x86_64 1.0.7 8.19 104.06 112.25 OK
r-release-windows-ix86+x86_64 1.0.7 20.00 99.00 119.00 OK
r-release-osx-x86_64 1.0.7 OK
r-oldrel-windows-ix86+x86_64 1.0.7 7.00 126.00 133.00 OK
r-oldrel-osx-x86_64 1.0.7 NOTE

Check Details

Version: 1.0.7
Check: Rd cross-references
Result: NOTE
    Package unavailable to check Rd xrefs: ‘seewave’
Flavor: r-oldrel-osx-x86_64