CRAN Package Check Results for Package monitoR

Last updated on 2014-12-18 23:47:53.

Flavor Version Tinstall Tcheck Ttotal Status Flags
r-devel-linux-x86_64-debian-clang 1.0.2 2.52 113.40 115.93 NOTE
r-devel-linux-x86_64-debian-gcc 1.0.2 2.44 118.31 120.75 NOTE
r-devel-linux-x86_64-fedora-clang 1.0.2 226.29 NOTE
r-devel-linux-x86_64-fedora-gcc 1.0.2 210.28 NOTE
r-devel-osx-x86_64-clang 1.0.2 187.58 NOTE
r-devel-windows-ix86+x86_64 1.0.2 11.00 143.00 154.00 NOTE
r-patched-linux-x86_64 1.0.2 2.68 112.12 114.80 NOTE
r-patched-solaris-sparc 1.0.2 1474.80 NOTE
r-patched-solaris-x86 1.0.2 277.10 NOTE
r-release-linux-ix86 1.0.2 3.17 139.35 142.52 NOTE
r-release-linux-x86_64 1.0.2 2.98 116.60 119.57 NOTE
r-release-osx-x86_64-mavericks 1.0.2 NOTE
r-release-osx-x86_64-snowleopard 1.0.2 OK
r-release-windows-ix86+x86_64 1.0.2 7.00 154.00 161.00 NOTE
r-oldrel-windows-ix86+x86_64 1.0.2 7.00 158.00 165.00 OK

Check Details

Version: 1.0.2
Check: R code for possible problems
Result: NOTE
    binMatch : lapplyfun: no visible global function definition for
     ‘mclapply’
    binMatch : lapplyfun: no visible global function definition for
     ‘detectCores’
    bindEvents: no visible global function definition for ‘mclapply’
    bindEvents: no visible global function definition for ‘detectCores’
    corMatch : lapplyfun: no visible global function definition for
     ‘mclapply’
    corMatch : lapplyfun: no visible global function definition for
     ‘detectCores’
    dbDownloadCardRecorderID: no visible global function definition for
     ‘odbcConnect’
    dbDownloadCardRecorderID: no visible global function definition for
     ‘sqlQuery’
    dbDownloadResult: no visible global function definition for
     ‘odbcConnect’
    dbDownloadResult: no visible global function definition for ‘sqlQuery’
    dbDownloadSurvey: no visible global function definition for
     ‘odbcConnect’
    dbDownloadSurvey: no visible global function definition for ‘sqlQuery’
    dbDownloadTemplate: no visible global function definition for
     ‘odbcConnect’
    dbDownloadTemplate: no visible global function definition for
     ‘sqlQuery’
    dbSchema: no visible global function definition for ‘odbcConnect’
    dbSchema: no visible global function definition for ‘sqlQuery’
    dbSchema: no visible global function definition for ‘sqlTables’
    dbUploadAnno: no visible global function definition for ‘odbcConnect’
    dbUploadAnno: no visible global function definition for ‘sqlQuery’
    dbUploadResult: no visible global function definition for ‘odbcConnect’
    dbUploadResult: no visible global function definition for ‘sqlQuery’
    dbUploadSurvey: no visible global function definition for ‘odbcConnect’
    dbUploadSurvey: no visible binding for global variable ‘sqlQuery’
    dbUploadSurvey: no visible global function definition for ‘sqlQuery’
    dbUploadTemplate: no visible global function definition for
     ‘odbcConnect’
    dbUploadTemplate: no visible global function definition for ‘sqlQuery’
    dbUploadTemplate : <anonymous>: no visible global function definition
     for ‘sqlQuery’
    findPeaks : lapplyfun: no visible global function definition for
     ‘mclapply’
    findPeaks : lapplyfun: no visible global function definition for
     ‘detectCores’
    readBinTemplates : lapplyfun: no visible global function definition for
     ‘mclapply’
    readBinTemplates : lapplyfun: no visible global function definition for
     ‘detectCores’
    readCorTemplates : lapplyfun: no visible global function definition for
     ‘mclapply’
    readCorTemplates : lapplyfun: no visible global function definition for
     ‘detectCores’
    stft: no visible global function definition for ‘planFFT’
    stft : <anonymous>: no visible global function definition for ‘FFT’
    writeBinTemplates : lapplyfun: no visible global function definition
     for ‘mclapply’
    writeBinTemplates : lapplyfun: no visible global function definition
     for ‘detectCores’
    writeCorTemplates : lapplyfun: no visible global function definition
     for ‘mclapply’
    writeCorTemplates : lapplyfun: no visible global function definition
     for ‘detectCores’
Flavors: r-devel-linux-x86_64-debian-clang, r-devel-linux-x86_64-debian-gcc, r-devel-linux-x86_64-fedora-clang, r-devel-linux-x86_64-fedora-gcc, r-devel-osx-x86_64-clang, r-devel-windows-ix86+x86_64, r-patched-linux-x86_64, r-patched-solaris-sparc, r-patched-solaris-x86, r-release-linux-ix86, r-release-linux-x86_64, r-release-windows-ix86+x86_64

Version: 1.0.2
Check: package dependencies
Result: NOTE
    Packages suggested but not available for checking: ‘fftw’ ‘RODBC’
Flavor: r-release-osx-x86_64-mavericks

Version: 1.0.2
Check: R code for possible problems
Result: NOTE
    dbDownloadCardRecorderID: no visible global function definition for
     ‘odbcConnect’
    dbDownloadCardRecorderID: no visible global function definition for
     ‘sqlQuery’
    dbDownloadResult: no visible global function definition for
     ‘odbcConnect’
    dbDownloadResult: no visible global function definition for ‘sqlQuery’
    dbDownloadSurvey: no visible global function definition for
     ‘odbcConnect’
    dbDownloadSurvey: no visible global function definition for ‘sqlQuery’
    dbDownloadTemplate: no visible global function definition for
     ‘odbcConnect’
    dbDownloadTemplate: no visible global function definition for
     ‘sqlQuery’
    dbSchema: no visible global function definition for ‘odbcConnect’
    dbSchema: no visible global function definition for ‘sqlQuery’
    dbSchema: no visible global function definition for ‘sqlTables’
    dbUploadAnno: no visible global function definition for ‘odbcConnect’
    dbUploadAnno: no visible global function definition for ‘sqlQuery’
    dbUploadResult: no visible global function definition for ‘odbcConnect’
    dbUploadResult: no visible global function definition for ‘sqlQuery’
    dbUploadSurvey: no visible global function definition for ‘odbcConnect’
    dbUploadSurvey: no visible binding for global variable ‘sqlQuery’
    dbUploadSurvey: no visible global function definition for ‘sqlQuery’
    dbUploadTemplate: no visible global function definition for
     ‘odbcConnect’
    dbUploadTemplate: no visible global function definition for ‘sqlQuery’
    dbUploadTemplate : <anonymous>: no visible global function definition
     for ‘sqlQuery’
    stft: no visible global function definition for ‘planFFT’
    stft : <anonymous>: no visible global function definition for ‘FFT’
Flavor: r-release-osx-x86_64-mavericks

Version: 1.0.2
Check: Rd cross-references
Result: NOTE
    Packages unavailable to check Rd xrefs: ‘seewave’, ‘RODBC’
Flavor: r-release-osx-x86_64-mavericks

Version: 1.0.2
Check: re-building of vignette outputs
Result: NOTE
    Error in re-building vignettes:
     ...
    Warning: running command 'kpsewhich framed.sty' had status 1
    Warning in test_latex_pkg("framed", system.file("misc", "framed.sty", package = "knitr")) :
     unable to find LaTeX package 'framed'; will use a copy from knitr
    tuneR >= 1.0 has changed its Wave class definition.
    Use updateWave(object) to convert Wave objects saved with previous versions of tuneR.
    
    Attaching package: 'monitoR'
    
    The following object is masked from 'package:tuneR':
    
     readMP3
    
    Error in texi2dvi(file = file, pdf = TRUE, clean = clean, quiet = quiet, :
     Running 'texi2dvi' on 'monitoR_QuickStart.tex' failed.
    LaTeX errors:
    ! LaTeX Error: File `placeins.sty' not found.
    
    Type X to quit or <RETURN> to proceed,
    or enter new name. (Default extension: sty)
    
    _test/monitoR/vignettes/monitoR_QuickStart.tex:54: ==> Fatal error occurred, n
    o output PDF file produced!
    Calls: buildVignettes -> texi2pdf -> texi2dvi
    Execution halted
Flavor: r-release-osx-x86_64-mavericks