CRAN Package Check Results for Package monitoR

Last updated on 2015-07-28 17:48:28.

Flavor Version Tinstall Tcheck Ttotal Status Flags
r-devel-linux-x86_64-debian-clang 1.0.3 1.94 86.18 88.12 NOTE
r-devel-linux-x86_64-debian-gcc 1.0.3 1.99 84.71 86.70 NOTE
r-devel-linux-x86_64-fedora-clang 1.0.3 172.44 NOTE
r-devel-linux-x86_64-fedora-gcc 1.0.3 163.75 NOTE
r-devel-osx-x86_64-clang 1.0.3 131.86 NOTE
r-devel-windows-ix86+x86_64 1.0.3 7.00 107.00 114.00 NOTE
r-patched-linux-x86_64 1.0.3 1.91 89.04 90.96 NOTE
r-patched-solaris-sparc 1.0.3 1050.20 NOTE
r-patched-solaris-x86 1.0.3 207.40 NOTE
r-release-linux-x86_64 1.0.3 1.98 85.42 87.40 NOTE
r-release-osx-x86_64-mavericks 1.0.3 NOTE
r-release-windows-ix86+x86_64 1.0.3 10.00 165.00 175.00 NOTE
r-oldrel-windows-ix86+x86_64 1.0.3 10.00 120.00 130.00 NOTE

Check Details

Version: 1.0.3
Check: R code for possible problems
Result: NOTE
    binMatch: no visible global function definition for ‘txtProgressBar’
    binMatch : <anonymous>: no visible global function definition for
     ‘setTxtProgressBar’
    bindEvents: no visible global function definition for ‘read.csv’
    changeSampRate: no visible global function definition for ‘rnorm’
    changeSampRate: no visible global function definition for ‘spline’
    corMatch: no visible global function definition for ‘txtProgressBar’
    corMatch : <anonymous>: no visible global function definition for
     ‘setTxtProgressBar’
    corMatch : <anonymous>: no visible global function definition for ‘cor’
    dbUploadAnno: no visible global function definition for ‘read.csv’
    eventEval: no visible global function definition for ‘read.csv’
    eventEval: no visible global function definition for ‘na.omit’
    fileCopyRename: no visible global function definition for ‘write.csv’
    findPeaks : <anonymous>: no visible global function definition for
     ‘embed’
    gray.1: no visible global function definition for ‘gray’
    gray.2: no visible global function definition for ‘gray’
    gray.3: no visible global function definition for ‘gray’
    makeBinTemplate: no visible global function definition for ‘quantile’
    makeBinTemplate: no visible global function definition for ‘par’
    makeBinTemplate: no visible global function definition for ‘axis’
    makeBinTemplate: no visible global function definition for ‘box’
    makeBinTemplate: no visible global function definition for ‘legend’
    makeBinTemplate: no visible global function definition for ‘locator’
    makeBinTemplate: no visible global function definition for ‘points’
    makeCorTemplate: no visible global function definition for ‘par’
    makeCorTemplate: no visible global function definition for ‘axis’
    makeCorTemplate: no visible global function definition for ‘box’
    makeCorTemplate: no visible global function definition for ‘locator’
    makeCorTemplate: no visible global function definition for ‘points’
    mp3Subsamp: no visible global function definition for ‘write.csv’
    rainbow.1: no visible global function definition for ‘rainbow’
    showPeaks: no visible global function definition for ‘par’
    showPeaks: no visible global function definition for ‘polygon’
    showPeaks: no visible global function definition for ‘points’
    showPeaks: no visible global function definition for ‘text’
    showPeaks: no visible global function definition for ‘abline’
    stft : <anonymous>: no visible global function definition for ‘fft’
    timeAlign : <anonymous> : <anonymous>: no visible global function
     definition for ‘read.csv’
    timeAlign: no visible global function definition for ‘na.omit’
    topo.1: no visible global function definition for ‘topo.colors’
    viewSpec: no visible global function definition for ‘read.csv’
    viewSpec : specPlot: no visible global function definition for ‘par’
    viewSpec : specPlot: no visible global function definition for ‘layout’
    viewSpec : specPlot: no visible global function definition for ‘box’
    viewSpec : specPlot: no visible global function definition for ‘axis’
    viewSpec: no visible global function definition for ‘rect’
    viewSpec: no visible global function definition for ‘text’
    viewSpec: no visible global function definition for ‘locator’
    viewSpec: no visible global function definition for ‘write.csv’
    writeOneBinTemplate: no visible global function definition for
     ‘write.table’
    writeOneCorTemplate: no visible global function definition for
     ‘write.table’
    plot,TemplateList-ANY: no visible global function definition for ‘par’
    plot,TemplateList-ANY: no visible binding for global variable ‘ext’
    plot,TemplateList-ANY: no visible global function definition for ‘axis’
    plot,TemplateList-ANY: no visible global function definition for ‘box’
    plot,TemplateList-ANY: no visible global function definition for
     ‘mtext’
    plot,TemplateList-ANY: no visible global function definition for
     ‘locator’
    plot,TemplateList-ANY: no visible global function definition for
     ‘abline’
    plot,TemplateList-ANY: no visible global function definition for ‘text’
    plot,detectionList-ANY: no visible global function definition for
     ‘dev.list’
    plot,detectionList-ANY: no visible global function definition for ‘par’
    plot,detectionList-ANY: no visible global function definition for
     ‘polygon’
    plot,detectionList-ANY: no visible global function definition for
     ‘mtext’
    plot,detectionList-ANY: no visible global function definition for
     ‘axis’
    plot,detectionList-ANY: no visible global function definition for
     ‘lines’
    plot,detectionList-ANY: no visible global function definition for
     ‘points’
    plot,detectionList-ANY: no visible global function definition for
     ‘abline’
    Undefined global functions or variables:
     abline axis box cor dev.list embed ext fft gray layout legend lines
     locator mtext na.omit par points polygon quantile rainbow read.csv
     rect rnorm setTxtProgressBar spline text topo.colors txtProgressBar
     write.csv write.table
    Consider adding
     importFrom("grDevices", "dev.list", "gray", "rainbow", "topo.colors")
     importFrom("graphics", "abline", "axis", "box", "layout", "legend",
     "lines", "locator", "mtext", "par", "points", "polygon",
     "rect", "text")
     importFrom("stats", "cor", "embed", "fft", "na.omit", "quantile",
     "rnorm", "spline")
     importFrom("utils", "read.csv", "setTxtProgressBar", "txtProgressBar",
     "write.csv", "write.table")
    to your NAMESPACE.
Flavors: r-devel-linux-x86_64-debian-clang, r-devel-linux-x86_64-debian-gcc, r-devel-linux-x86_64-fedora-clang, r-devel-linux-x86_64-fedora-gcc, r-devel-windows-ix86+x86_64

Version: 1.0.3
Check: R code for possible problems
Result: NOTE
    plot,TemplateList-ANY: no visible binding for global variable ‘ext’
    Undefined global functions or variables:
     ext
Flavor: r-devel-osx-x86_64-clang

Version: 1.0.3
Check: R code for possible problems
Result: NOTE
    plot,TemplateList-ANY : .local: no visible binding for global variable
     ‘ext’
Flavors: r-patched-linux-x86_64, r-patched-solaris-sparc, r-patched-solaris-x86, r-release-linux-x86_64, r-release-windows-ix86+x86_64, r-oldrel-windows-ix86+x86_64

Version: 1.0.3
Check: package dependencies
Result: NOTE
    Packages suggested but not available for checking: ‘fftw’ ‘RODBC’
Flavor: r-release-osx-x86_64-mavericks

Version: 1.0.3
Check: Rd cross-references
Result: NOTE
    Packages unavailable to check Rd xrefs: ‘seewave’, ‘RODBC’
Flavor: r-release-osx-x86_64-mavericks