CRAN Package Check Results for Package monitoR

Last updated on 2016-12-05 12:51:39.

Flavor Version Tinstall Tcheck Ttotal Status Flags
r-devel-linux-x86_64-debian-clang 1.0.4 2.02 91.43 93.45 OK
r-devel-linux-x86_64-debian-gcc 1.0.4 1.94 87.10 89.03 OK
r-devel-linux-x86_64-fedora-clang 1.0.4 173.32 OK --no-stop-on-test-error
r-devel-linux-x86_64-fedora-gcc 1.0.4 174.16 OK --no-stop-on-test-error
r-devel-macos-x86_64-clang 1.0.4 128.56 OK
r-devel-windows-ix86+x86_64 1.0.4 6.00 173.00 179.00 OK
r-patched-linux-x86_64 1.0.4 1.90 77.72 79.62 OK
r-patched-solaris-sparc 1.0.4 977.70 OK
r-patched-solaris-x86 1.0.4 195.10 OK
r-release-linux-x86_64 1.0.4 2.07 79.92 81.99 OK
r-release-osx-x86_64-mavericks 1.0.4 NOTE
r-release-windows-ix86+x86_64 1.0.4 11.00 127.00 138.00 OK
r-oldrel-windows-ix86+x86_64 1.0.4 10.00 129.00 139.00 OK

Check Details

Version: 1.0.4
Check: package dependencies
Result: NOTE
    Package suggested but not available for checking: ‘RODBC’
Flavor: r-release-osx-x86_64-mavericks

Version: 1.0.4
Check: Rd cross-references
Result: NOTE
    Package unavailable to check Rd xrefs: ‘RODBC’
Flavor: r-release-osx-x86_64-mavericks