CRAN Package Check Results for Package monitoR

Last updated on 2016-08-27 10:47:59.

Flavor Version Tinstall Tcheck Ttotal Status Flags
r-devel-linux-x86_64-debian-clang 1.0.4 1.92 81.46 83.38 OK
r-devel-linux-x86_64-debian-gcc 1.0.4 2.38 102.03 104.42 OK
r-devel-linux-x86_64-fedora-clang 1.0.4 157.51 OK
r-devel-linux-x86_64-fedora-gcc 1.0.4 154.27 OK
r-devel-osx-x86_64-clang 1.0.4 114.41 OK
r-devel-windows-ix86+x86_64 1.0.4 8.00 123.00 131.00 OK
r-patched-linux-x86_64 1.0.4 2.00 77.34 79.33 OK
r-patched-solaris-sparc 1.0.4 977.70 OK
r-patched-solaris-x86 1.0.4 196.10 OK
r-release-linux-x86_64 1.0.4 1.93 80.68 82.61 OK
r-release-osx-x86_64-mavericks 1.0.4 NOTE
r-release-windows-ix86+x86_64 1.0.4 8.00 128.00 136.00 OK
r-oldrel-windows-ix86+x86_64 1.0.4 6.00 168.00 174.00 OK

Check Details

Version: 1.0.4
Check: package dependencies
Result: NOTE
    Package suggested but not available for checking: ‘RODBC’
Flavor: r-release-osx-x86_64-mavericks

Version: 1.0.4
Check: Rd cross-references
Result: NOTE
    Package unavailable to check Rd xrefs: ‘RODBC’
Flavor: r-release-osx-x86_64-mavericks