CRAN Package Check Results for Package monitoR

Last updated on 2017-01-17 05:48:58.

Flavor Version Tinstall Tcheck Ttotal Status Flags
r-devel-linux-x86_64-debian-clang 1.0.4 2.00 89.71 91.71 OK
r-devel-linux-x86_64-debian-gcc 1.0.4 1.85 86.41 88.26 OK
r-devel-linux-x86_64-fedora-clang 1.0.4 170.68 OK --no-stop-on-test-error
r-devel-linux-x86_64-fedora-gcc 1.0.4 167.27 OK --no-stop-on-test-error
r-devel-macos-x86_64-clang 1.0.4 124.47 OK --no-stop-on-test-error
r-devel-windows-ix86+x86_64 1.0.4 10.00 133.00 143.00 OK
r-patched-linux-x86_64 1.0.4 1.86 78.89 80.75 OK
r-patched-solaris-sparc 1.0.4 968.00 OK
r-patched-solaris-x86 1.0.4 198.70 OK
r-release-linux-x86_64 1.0.4 2.00 80.15 82.15 OK
r-release-osx-x86_64-mavericks 1.0.4 NOTE
r-release-windows-ix86+x86_64 1.0.4 9.00 159.00 168.00 OK
r-oldrel-windows-ix86+x86_64 1.0.4 7.00 175.00 182.00 OK

Check Details

Version: 1.0.4
Check: package dependencies
Result: NOTE
    Package suggested but not available for checking: ‘RODBC’
Flavor: r-release-osx-x86_64-mavericks

Version: 1.0.4
Check: Rd cross-references
Result: NOTE
    Package unavailable to check Rd xrefs: ‘RODBC’
Flavor: r-release-osx-x86_64-mavericks