CRAN Package Check Results for Package monitoR

Last updated on 2015-05-24 22:47:07.

Flavor Version Tinstall Tcheck Ttotal Status Flags
r-devel-linux-x86_64-debian-clang 1.0.3 2.00 85.78 87.78 OK
r-devel-linux-x86_64-debian-gcc 1.0.3 2.00 87.22 89.22 OK
r-devel-linux-x86_64-fedora-clang 1.0.3 172.27 OK
r-devel-linux-x86_64-fedora-gcc 1.0.3 169.00 OK
r-devel-osx-x86_64-clang 1.0.3 143.04 OK
r-devel-windows-ix86+x86_64 1.0.3 7.00 109.00 116.00 OK
r-patched-linux-x86_64 1.0.3 1.92 86.57 88.48 OK
r-patched-solaris-sparc 1.0.3 1049.60 OK
r-patched-solaris-x86 1.0.3 206.70 OK
r-release-linux-x86_64 1.0.3 1.95 84.12 86.07 OK
r-release-osx-x86_64-mavericks 1.0.3 NOTE
r-release-osx-x86_64-snowleopard 1.0.3 ERROR
r-release-windows-ix86+x86_64 1.0.3 8.00 113.00 121.00 OK
r-oldrel-windows-ix86+x86_64 1.0.3 8.00 121.00 129.00 OK

Check Details

Version: 1.0.3
Check: package dependencies
Result: NOTE
    Packages suggested but not available for checking: ‘fftw’ ‘RODBC’
Flavor: r-release-osx-x86_64-mavericks

Version: 1.0.3
Check: Rd cross-references
Result: NOTE
    Packages unavailable to check Rd xrefs: ‘seewave’, ‘RODBC’
Flavor: r-release-osx-x86_64-mavericks

Version: 1.0.3
Check: package dependencies
Result: ERROR
    Package suggested but not available for checking: ‘knitr’
    
    VignetteBuilder package required for checking but not installed: ‘knitr’
    
    Files named as vignettes but with no recognized vignette engine:
     ‘inst/doc/monitoR_QuickStart.Rnw’
    (Is a VignetteBuilder field missing?)
    
    See section ‘The DESCRIPTION file’ in the ‘Writing R Extensions’
    manual.
Flavor: r-release-osx-x86_64-snowleopard