CRAN Package Check Results for Package monitoR

Last updated on 2016-02-09 06:49:53.

Flavor Version Tinstall Tcheck Ttotal Status Flags
r-devel-linux-x86_64-debian-gcc 1.0.4 2.07 76.97 79.04 OK
r-devel-linux-x86_64-fedora-clang 1.0.4 164.52 OK
r-devel-linux-x86_64-fedora-gcc 1.0.4 165.73 OK
r-devel-osx-x86_64-clang 1.0.4 165.73 OK
r-devel-windows-ix86+x86_64 1.0.4 9.00 148.00 157.00 OK
r-patched-linux-x86_64 1.0.4 2.17 85.79 87.96 OK
r-patched-solaris-sparc 1.0.4 980.90 OK
r-patched-solaris-x86 1.0.4 198.20 OK
r-release-linux-x86_64 1.0.4 2.22 85.71 87.92 OK
r-release-osx-x86_64-mavericks 1.0.4 NOTE
r-release-windows-ix86+x86_64 1.0.4 9.00 154.00 163.00 OK
r-oldrel-windows-ix86+x86_64 1.0.4 11.00 123.00 134.00 OK

Check Details

Version: 1.0.4
Check: package dependencies
Result: NOTE
    Package suggested but not available for checking: ‘RODBC’
Flavor: r-release-osx-x86_64-mavericks

Version: 1.0.4
Check: Rd cross-references
Result: NOTE
    Packages unavailable to check Rd xrefs: ‘seewave’, ‘RODBC’
Flavor: r-release-osx-x86_64-mavericks