CRAN Package Check Results for Package monitoR

Last updated on 2022-05-24 03:55:15 CEST.

Flavor Version Tinstall Tcheck Ttotal Status Flags
r-devel-linux-x86_64-debian-clang 1.0.7 11.73 132.40 144.13 OK
r-devel-linux-x86_64-debian-gcc 1.0.7 9.81 99.89 109.70 OK
r-devel-linux-x86_64-fedora-clang 1.0.7 173.66 NOTE
r-devel-linux-x86_64-fedora-gcc 1.0.7 159.16 OK
r-devel-windows-x86_64 1.0.7 51.00 162.00 213.00 OK
r-patched-linux-x86_64 1.0.7 13.86 126.75 140.61 OK
r-release-linux-x86_64 1.0.7 OK
r-release-macos-arm64 1.0.7 52.00 OK
r-release-macos-x86_64 1.0.7 74.00 OK
r-release-windows-x86_64 1.0.7 48.00 174.00 222.00 OK
r-oldrel-macos-arm64 1.0.7 68.00 NOTE
r-oldrel-macos-x86_64 1.0.7 109.00 OK
r-oldrel-windows-ix86+x86_64 1.0.7 25.00 151.00 176.00 OK

Check Details

Version: 1.0.7
Check: Rd cross-references
Result: NOTE
    Undeclared package ‘seewave’ in Rd xrefs
Flavor: r-devel-linux-x86_64-fedora-clang

Version: 1.0.7
Check: package dependencies
Result: NOTE
    Package suggested but not available for checking: ‘RODBC’
Flavor: r-oldrel-macos-arm64

Version: 1.0.7
Check: Rd cross-references
Result: NOTE
    Package unavailable to check Rd xrefs: ‘RODBC’
Flavor: r-oldrel-macos-arm64