CRAN Package Check Results for Package monitoR

Last updated on 2016-05-01 05:47:35.

Flavor Version Tinstall Tcheck Ttotal Status Flags
r-devel-linux-x86_64-debian-gcc 1.0.4 1.95 81.11 83.06 OK
r-devel-linux-x86_64-fedora-clang 1.0.4 159.49 OK
r-devel-linux-x86_64-fedora-gcc 1.0.4 158.28 OK
r-devel-osx-x86_64-clang 1.0.4 160.24 OK
r-devel-windows-ix86+x86_64 1.0.4 6.00 129.00 135.00 OK
r-patched-linux-x86_64 1.0.4 1.85 80.68 82.54 OK
r-patched-solaris-sparc 1.0.4 981.20 OK
r-patched-solaris-x86 1.0.4 196.60 OK
r-release-linux-x86_64 1.0.4 2.24 86.60 88.84 OK
r-release-osx-x86_64-mavericks 1.0.4 NOTE
r-release-windows-ix86+x86_64 1.0.4 11.00 162.00 173.00 OK
r-oldrel-windows-ix86+x86_64 1.0.4 15.00 173.00 188.00 OK

Check Details

Version: 1.0.4
Check: package dependencies
Result: NOTE
    Package suggested but not available for checking: ‘RODBC’
Flavor: r-release-osx-x86_64-mavericks

Version: 1.0.4
Check: Rd cross-references
Result: NOTE
    Packages unavailable to check Rd xrefs: ‘seewave’, ‘RODBC’
Flavor: r-release-osx-x86_64-mavericks