CRAN Package Check Results for Package monitoR

Last updated on 2017-03-27 06:48:21.

Flavor Version Tinstall Tcheck Ttotal Status Flags
r-devel-linux-x86_64-debian-clang 1.0.5 1.99 89.00 90.98 OK
r-devel-linux-x86_64-debian-gcc 1.0.5 2.02 84.84 86.86 OK
r-devel-linux-x86_64-fedora-clang 1.0.5 167.45 OK --no-stop-on-test-error
r-devel-linux-x86_64-fedora-gcc 1.0.5 163.44 OK --no-stop-on-test-error
r-devel-macos-x86_64-clang 1.0.5 121.29 OK --no-stop-on-test-error
r-patched-linux-x86_64 1.0.5 1.96 84.65 86.61 OK
r-patched-solaris-sparc 1.0.5 1044.70 OK
r-patched-solaris-x86 1.0.5 209.30 OK
r-release-linux-x86_64 1.0.5 2.04 79.00 81.04 OK
r-release-osx-x86_64-mavericks 1.0.5 NOTE
r-release-windows-ix86+x86_64 1.0.5 9.00 130.00 139.00 OK
r-oldrel-windows-ix86+x86_64 1.0.5 6.00 132.00 138.00 OK

Check Details

Version: 1.0.5
Check: package dependencies
Result: NOTE
    Package suggested but not available for checking: ‘RODBC’
Flavor: r-release-osx-x86_64-mavericks

Version: 1.0.5
Check: Rd cross-references
Result: NOTE
    Package unavailable to check Rd xrefs: ‘RODBC’
Flavor: r-release-osx-x86_64-mavericks