CRAN Package Check Results for Package monitoR

Last updated on 2017-10-20 00:52:46.

Flavor Version Tinstall Tcheck Ttotal Status Flags
r-devel-linux-x86_64-debian-clang 1.0.5 1.87 86.52 88.40 OK
r-devel-linux-x86_64-debian-gcc 1.0.5 2.49 91.11 93.60 OK
r-devel-linux-x86_64-fedora-clang 1.0.5 176.66 OK
r-devel-linux-x86_64-fedora-gcc 1.0.5 175.90 OK
r-devel-windows-ix86+x86_64 1.0.5 6.00 129.00 135.00 OK
r-patched-linux-x86_64 1.0.5 1.94 82.27 84.21 OK
r-patched-solaris-x86 1.0.5 215.60 OK
r-release-linux-x86_64 1.0.5 2.11 84.40 86.51 OK
r-release-windows-ix86+x86_64 1.0.5 11.00 127.00 138.00 OK
r-release-osx-x86_64 1.0.5 WARN
r-oldrel-windows-ix86+x86_64 1.0.5 6.00 155.00 161.00 OK
r-oldrel-osx-x86_64 1.0.5 NOTE

Check Details

Version: 1.0.5
Check: package dependencies
Result: NOTE
    Packages suggested but not available for checking: ‘fftw’ ‘RODBC’
Flavor: r-release-osx-x86_64

Version: 1.0.5
Check: Rd cross-references
Result: NOTE
    Packages unavailable to check Rd xrefs: ‘seewave’, ‘RODBC’
Flavor: r-release-osx-x86_64

Version: 1.0.5
Check: re-building of vignette outputs
Result: WARN
    Error in re-building vignettes:
     ...
    Warning in test_latex_pkg("framed", system.file("misc", "framed.sty", package = "knitr")) :
     unable to find LaTeX package 'framed'; will use a copy from knitr
    
    Attaching package: 'monitoR'
    
    The following object is masked from 'package:tuneR':
    
     readMP3
    
    Error in texi2dvi(file = file, pdf = TRUE, clean = clean, quiet = quiet, :
     Running 'texi2dvi' on 'monitoR_QuickStart.tex' failed.
    LaTeX errors:
    ! LaTeX Error: File `placeins.sty' not found.
    
    Type X to quit or <RETURN> to proceed,
    or enter new name. (Default extension: sty)
    
    ! Emergency stop.
    <read *>
    
    l.55 \usepackage
     {natbib}^^M
    ! ==> Fatal error occurred, no output PDF file produced!
    Calls: buildVignettes -> texi2pdf -> texi2dvi
    Execution halted
Flavor: r-release-osx-x86_64

Version: 1.0.5
Check: package dependencies
Result: NOTE
    Package suggested but not available for checking: ‘RODBC’
Flavor: r-oldrel-osx-x86_64

Version: 1.0.5
Check: Rd cross-references
Result: NOTE
    Package unavailable to check Rd xrefs: ‘RODBC’
Flavor: r-oldrel-osx-x86_64