CRAN Package Check Results for Package monitoR

Last updated on 2017-02-25 07:49:16.

Flavor Version Tinstall Tcheck Ttotal Status Flags
r-devel-linux-x86_64-debian-clang 1.0.5 2.10 91.83 93.93 OK
r-devel-linux-x86_64-debian-gcc 1.0.5 2.10 87.13 89.23 OK
r-devel-linux-x86_64-fedora-clang 1.0.5 189.07 OK --no-stop-on-test-error
r-devel-linux-x86_64-fedora-gcc 1.0.5 162.24 OK --no-stop-on-test-error
r-devel-macos-x86_64-clang 1.0.5 123.91 OK --no-stop-on-test-error
r-devel-windows-ix86+x86_64 1.0.5 10.00 175.00 185.00 OK
r-patched-linux-x86_64 1.0.5 1.86 81.23 83.09 OK
r-patched-solaris-sparc 1.0.5 932.50 OK
r-patched-solaris-x86 1.0.5 157.40 OK
r-release-linux-x86_64 1.0.5 2.01 77.69 79.70 OK
r-release-osx-x86_64-mavericks 1.0.5 NOTE
r-release-windows-ix86+x86_64 1.0.5 8.00 159.00 167.00 OK
r-oldrel-windows-ix86+x86_64 1.0.5 15.00 223.00 238.00 OK

Check Details

Version: 1.0.5
Check: package dependencies
Result: NOTE
    Package suggested but not available for checking: ‘RODBC’
Flavor: r-release-osx-x86_64-mavericks

Version: 1.0.5
Check: Rd cross-references
Result: NOTE
    Package unavailable to check Rd xrefs: ‘RODBC’
Flavor: r-release-osx-x86_64-mavericks