CRAN Package Check Results for Package monitoR

Last updated on 2018-02-19 21:49:41 CET.

Flavor Version Tinstall Tcheck Ttotal Status Flags
r-devel-linux-x86_64-debian-clang 1.0.7 8.28 100.07 108.35 OK
r-devel-linux-x86_64-debian-gcc 1.0.7 7.34 80.22 87.56 OK
r-devel-linux-x86_64-fedora-clang 1.0.7 93.39 OK
r-devel-linux-x86_64-fedora-gcc 1.0.7 142.94 OK
r-devel-windows-ix86+x86_64 1.0.7 15.00 104.00 119.00 OK
r-patched-linux-x86_64 1.0.7 2.71 117.84 120.55 OK
r-patched-solaris-x86 1.0.7 192.90 OK
r-release-linux-x86_64 1.0.7 3.15 117.58 120.73 OK
r-release-windows-ix86+x86_64 1.0.7 7.00 114.00 121.00 OK
r-release-osx-x86_64 1.0.7 NOTE
r-oldrel-windows-ix86+x86_64 1.0.7 10.00 147.00 157.00 OK
r-oldrel-osx-x86_64 1.0.5 NOTE

Check Details

Version: 1.0.7
Check: Rd cross-references
Result: NOTE
    Package unavailable to check Rd xrefs: ‘seewave’
Flavor: r-release-osx-x86_64

Version: 1.0.5
Check: package dependencies
Result: NOTE
    Package suggested but not available for checking: ‘RODBC’
Flavor: r-oldrel-osx-x86_64

Version: 1.0.5
Check: Rd cross-references
Result: NOTE
    Package unavailable to check Rd xrefs: ‘RODBC’
Flavor: r-oldrel-osx-x86_64