CRAN Package Check Results for Package monkeylearn

Last updated on 2019-06-25 11:50:24 CEST.

Flavor Version Tinstall Tcheck Ttotal Status Flags
r-devel-linux-x86_64-debian-clang 0.2.0 2.55 23.43 25.98 OK
r-devel-linux-x86_64-debian-gcc 0.2.0 2.08 19.32 21.40 OK
r-devel-linux-x86_64-fedora-clang 0.2.0 32.92 NOTE
r-devel-linux-x86_64-fedora-gcc 0.2.0 31.40 NOTE
r-devel-windows-ix86+x86_64 0.2.0 9.00 37.00 46.00 OK
r-patched-linux-x86_64 0.2.0 2.66 24.05 26.71 OK
r-patched-solaris-x86 0.2.0 51.70 NOTE
r-release-linux-x86_64 0.2.0 2.25 23.85 26.10 OK
r-release-windows-ix86+x86_64 0.2.0 5.00 48.00 53.00 OK
r-release-osx-x86_64 0.2.0 NOTE
r-oldrel-windows-ix86+x86_64 0.2.0 3.00 32.00 35.00 OK
r-oldrel-osx-x86_64 0.2.0 NOTE

Check Details

Version: 0.2.0
Check: dependencies in R code
Result: NOTE
    Namespace in Imports field not imported from: ‘ratelimitr’
     All declared Imports should be used.
Flavors: r-devel-linux-x86_64-fedora-clang, r-devel-linux-x86_64-fedora-gcc, r-patched-solaris-x86, r-release-osx-x86_64, r-oldrel-osx-x86_64