CRAN Package Check Results for Package monkeylearn

Last updated on 2019-04-18 14:48:57 CEST.

Flavor Version Tinstall Tcheck Ttotal Status Flags
r-devel-linux-x86_64-debian-clang 0.2.0 2.37 23.05 25.42 OK
r-devel-linux-x86_64-debian-gcc 0.2.0 2.13 18.88 21.01 OK
r-devel-linux-x86_64-fedora-clang 0.2.0 32.31 NOTE
r-devel-linux-x86_64-fedora-gcc 0.2.0 30.32 NOTE
r-devel-windows-ix86+x86_64 0.2.0 9.00 51.00 60.00 OK
r-patched-linux-x86_64 0.2.0 2.61 23.16 25.77 OK
r-patched-solaris-x86 0.2.0 46.60 NOTE
r-release-linux-x86_64 0.2.0 1.39 21.63 23.02 OK
r-release-windows-ix86+x86_64 0.2.0 3.00 48.00 51.00 OK
r-release-osx-x86_64 0.2.0 NOTE
r-oldrel-windows-ix86+x86_64 0.2.0 4.00 48.00 52.00 OK
r-oldrel-osx-x86_64 0.2.0 NOTE

Check Details

Version: 0.2.0
Check: dependencies in R code
Result: NOTE
    Namespace in Imports field not imported from: ‘ratelimitr’
     All declared Imports should be used.
Flavors: r-devel-linux-x86_64-fedora-clang, r-devel-linux-x86_64-fedora-gcc, r-patched-solaris-x86, r-release-osx-x86_64, r-oldrel-osx-x86_64